--
-- Host: 164.152.61.60    Database: gestornow
-- ------------------------------------------------------


--
-- Table structure for table `acessorios`
--

CREATE TABLE `acessorios` (
  `id_acessorio` bigint(20) unsigned NOT NULL AUTO_INCREMENT,
  `id_empresa` bigint(20) unsigned DEFAULT NULL,
  `nome` varchar(255) DEFAULT NULL,
  `descricao` text DEFAULT NULL,
  `quantidade` int(11) DEFAULT NULL,
  `preco_custo` decimal(15,2) DEFAULT NULL,
  `valor` decimal(15,2) DEFAULT NULL,
  `status` varchar(255) DEFAULT NULL,
  `created_at` timestamp NULL DEFAULT NULL,
  `updated_at` timestamp NULL DEFAULT NULL,
  `deleted_at` timestamp NULL DEFAULT NULL,
  PRIMARY KEY (`id_acessorio`),
  KEY `acessorios_id_empresa_index` (`id_empresa`),
  CONSTRAINT `acessorios_id_empresa_foreign` FOREIGN KEY (`id_empresa`) REFERENCES `empresa` (`id_empresa`) ON DELETE SET NULL
) ENGINE=InnoDB DEFAULT CHARSET=utf8mb4 COLLATE=utf8mb4_unicode_ci;

--
-- Dumping data for table `acessorios`
--


--
-- Table structure for table `assinaturas_planos`
--

CREATE TABLE `assinaturas_planos` (
  `id` bigint(20) unsigned NOT NULL AUTO_INCREMENT,
  `id_empresa` bigint(20) unsigned DEFAULT NULL,
  `id_plano` bigint(20) unsigned DEFAULT NULL,
  `id_plano_contratado` bigint(20) unsigned DEFAULT NULL,
  `origem` varchar(255) DEFAULT NULL,
  `status` varchar(255) DEFAULT NULL,
  `metodo_adesao` varchar(255) DEFAULT NULL,
  `metodo_mensal` varchar(255) DEFAULT NULL,
  `asaas_customer_id` varchar(255) DEFAULT NULL,
  `asaas_subscription_id` varchar(255) DEFAULT NULL,
  `proxima_cobranca_em` date DEFAULT NULL,
  `ultimo_pagamento_em` datetime DEFAULT NULL,
  `inadimplente_desde` date DEFAULT NULL,
  `bloqueada_por_inadimplencia` tinyint(1) NOT NULL DEFAULT 0,
  `observacoes` text DEFAULT NULL,
  `cancelamento_solicitado_em` datetime DEFAULT NULL,
  `cancelamento_efetivo_em` date DEFAULT NULL,
  `motivo_cancelamento` text DEFAULT NULL,
  `created_at` timestamp NULL DEFAULT NULL,
  `updated_at` timestamp NULL DEFAULT NULL,
  PRIMARY KEY (`id`),
  KEY `assinaturas_planos_id_empresa_index` (`id_empresa`),
  KEY `assinaturas_planos_id_plano_index` (`id_plano`),
  KEY `assinaturas_planos_id_plano_contratado_index` (`id_plano_contratado`),
  KEY `assinaturas_planos_asaas_customer_id_index` (`asaas_customer_id`),
  KEY `assinaturas_planos_asaas_subscription_id_index` (`asaas_subscription_id`),
  CONSTRAINT `assinaturas_planos_id_plano_contratado_foreign` FOREIGN KEY (`id_plano_contratado`) REFERENCES `planos_contratados` (`id`) ON DELETE SET NULL,
  CONSTRAINT `assinaturas_planos_id_plano_foreign` FOREIGN KEY (`id_plano`) REFERENCES `planos` (`id_plano`) ON DELETE SET NULL
) ENGINE=InnoDB AUTO_INCREMENT=8 DEFAULT CHARSET=utf8mb4 COLLATE=utf8mb4_unicode_ci;

--
-- Dumping data for table `assinaturas_planos`
--

INSERT INTO `assinaturas_planos` VALUES
(7,4,2,NULL,'dashboard','pendente_pagamento','CREDIT_CARD','BOLETO','cus_000166512756','sub_qznyk1fzthd63bmz','2026-05-16',NULL,NULL,0,'Contratação via dashboard do cliente.',NULL,NULL,NULL,'2026-03-17 17:18:02','2026-03-17 17:18:03');

--
-- Table structure for table `assinaturas_planos_pagamentos`
--

CREATE TABLE `assinaturas_planos_pagamentos` (
  `id` bigint(20) unsigned NOT NULL AUTO_INCREMENT,
  `id_assinatura_plano` bigint(20) unsigned DEFAULT NULL,
  `id_empresa` bigint(20) unsigned DEFAULT NULL,
  `id_plano` bigint(20) unsigned DEFAULT NULL,
  `id_plano_contratado` bigint(20) unsigned DEFAULT NULL,
  `tipo_cobranca` varchar(255) DEFAULT NULL,
  `competencia` date DEFAULT NULL,
  `metodo_pagamento` varchar(255) DEFAULT NULL,
  `asaas_payment_id` varchar(255) DEFAULT NULL,
  `asaas_invoice_url` varchar(255) DEFAULT NULL,
  `asaas_bank_slip_url` varchar(255) DEFAULT NULL,
  `asaas_pix_qr_code` varchar(255) DEFAULT NULL,
  `asaas_pix_copy_paste` varchar(255) DEFAULT NULL,
  `valor` decimal(15,2) DEFAULT NULL,
  `data_vencimento` date DEFAULT NULL,
  `data_pagamento` datetime DEFAULT NULL,
  `status` varchar(255) DEFAULT NULL,
  `json_resposta` longtext CHARACTER SET utf8mb4 COLLATE utf8mb4_bin DEFAULT NULL CHECK (json_valid(`json_resposta`)),
  `json_webhook` longtext CHARACTER SET utf8mb4 COLLATE utf8mb4_bin DEFAULT NULL CHECK (json_valid(`json_webhook`)),
  `tentativas` int(11) DEFAULT NULL,
  `observacoes` text DEFAULT NULL,
  `created_at` timestamp NULL DEFAULT NULL,
  `updated_at` timestamp NULL DEFAULT NULL,
  PRIMARY KEY (`id`),
  KEY `assinaturas_planos_pagamentos_id_assinatura_plano_index` (`id_assinatura_plano`),
  KEY `assinaturas_planos_pagamentos_id_empresa_index` (`id_empresa`),
  KEY `assinaturas_planos_pagamentos_id_plano_index` (`id_plano`),
  KEY `assinaturas_planos_pagamentos_id_plano_contratado_index` (`id_plano_contratado`),
  KEY `assinaturas_planos_pagamentos_asaas_payment_id_index` (`asaas_payment_id`),
  CONSTRAINT `assinaturas_planos_pagamentos_id_assinatura_plano_foreign` FOREIGN KEY (`id_assinatura_plano`) REFERENCES `assinaturas_planos` (`id`) ON DELETE SET NULL,
  CONSTRAINT `assinaturas_planos_pagamentos_id_plano_contratado_foreign` FOREIGN KEY (`id_plano_contratado`) REFERENCES `planos_contratados` (`id`) ON DELETE SET NULL,
  CONSTRAINT `assinaturas_planos_pagamentos_id_plano_foreign` FOREIGN KEY (`id_plano`) REFERENCES `planos` (`id_plano`) ON DELETE SET NULL
) ENGINE=InnoDB AUTO_INCREMENT=12 DEFAULT CHARSET=utf8mb4 COLLATE=utf8mb4_unicode_ci;

--
-- Dumping data for table `assinaturas_planos_pagamentos`
--

INSERT INTO `assinaturas_planos_pagamentos` VALUES
(10,7,4,2,NULL,'adesao','2026-03-01','CREDIT_CARD','pay_782q91nqcxybtf69','https://www.asaas.com/i/782q91nqcxybtf69',NULL,NULL,NULL,99.90,'2026-03-17',NULL,'pendente','{\"object\":\"payment\",\"id\":\"pay_782q91nqcxybtf69\",\"dateCreated\":\"2026-03-17\",\"customer\":\"cus_000166512756\",\"checkoutSession\":null,\"paymentLink\":null,\"value\":99.9,\"netValue\":97.43,\"originalValue\":null,\"interestValue\":null,\"description\":\"Ades\\u00e3o do plano Plano Start\",\"billingType\":\"CREDIT_CARD\",\"confirmedDate\":null,\"creditCard\":null,\"pixTransaction\":null,\"status\":\"PENDING\",\"dueDate\":\"2026-03-17\",\"originalDueDate\":\"2026-03-17\",\"paymentDate\":null,\"clientPaymentDate\":null,\"installmentNumber\":null,\"invoiceUrl\":\"https:\\/\\/www.asaas.com\\/i\\/782q91nqcxybtf69\",\"invoiceNumber\":\"767540349\",\"externalReference\":\"ASSINATURA:7:ADESAO:202603\",\"deleted\":false,\"anticipated\":false,\"anticipable\":false,\"creditDate\":null,\"estimatedCreditDate\":null,\"transactionReceiptUrl\":null,\"nossoNumero\":null,\"bankSlipUrl\":null,\"lastInvoiceViewedDate\":null,\"lastBankSlipViewedDate\":null,\"discount\":{\"value\":0,\"limitDate\":null,\"dueDateLimitDays\":0,\"type\":\"FIXED\"},\"fine\":{\"value\":0,\"type\":\"FIXED\"},\"interest\":{\"value\":0,\"type\":\"PERCENTAGE\"},\"postalService\":false,\"escrow\":null,\"refunds\":null}','{\"id\":\"evt_bdaf5c611b55dc82906787d5bfe1e5e2&1260808984\",\"event\":\"PAYMENT_CHECKOUT_VIEWED\",\"dateCreated\":\"2026-03-17 17:18:20\",\"account\":{\"id\":\"bf0e448f-b995-4e06-ba92-c20cef54439d\",\"ownerId\":null},\"payment\":{\"object\":\"payment\",\"id\":\"pay_782q91nqcxybtf69\",\"dateCreated\":\"2026-03-17\",\"customer\":\"cus_000166512756\",\"checkoutSession\":null,\"paymentLink\":null,\"value\":99.9,\"netValue\":97.43,\"originalValue\":null,\"interestValue\":null,\"description\":\"Ades\\u00e3o do plano Plano Start\",\"billingType\":\"CREDIT_CARD\",\"confirmedDate\":null,\"creditCard\":{\"creditCardNumber\":null,\"creditCardBrand\":null},\"pixTransaction\":null,\"status\":\"PENDING\",\"dueDate\":\"2026-03-17\",\"originalDueDate\":\"2026-03-17\",\"paymentDate\":null,\"clientPaymentDate\":null,\"installmentNumber\":null,\"invoiceUrl\":\"https:\\/\\/www.asaas.com\\/i\\/782q91nqcxybtf69\",\"invoiceNumber\":\"767540349\",\"externalReference\":\"ASSINATURA:7:ADESAO:202603\",\"deleted\":false,\"anticipated\":false,\"anticipable\":false,\"creditDate\":null,\"estimatedCreditDate\":null,\"transactionReceiptUrl\":null,\"nossoNumero\":null,\"bankSlipUrl\":null,\"lastInvoiceViewedDate\":\"2026-03-17T20:18:19Z\",\"lastBankSlipViewedDate\":null,\"discount\":{\"value\":0,\"limitDate\":null,\"dueDateLimitDays\":0,\"type\":\"FIXED\"},\"fine\":{\"value\":0,\"type\":\"FIXED\"},\"interest\":{\"value\":0,\"type\":\"PERCENTAGE\"},\"postalService\":false,\"escrow\":null,\"refunds\":null}}',0,NULL,'2026-03-17 17:18:03','2026-03-17 17:18:21'),
(11,7,4,2,NULL,'mensalidade','2026-04-01','BOLETO','pay_cnjk9lmx4d880tur','https://www.asaas.com/i/cnjk9lmx4d880tur','https://www.asaas.com/b/pdf/cnjk9lmx4d880tur',NULL,NULL,99.90,'2026-04-16',NULL,'pendente','{\"object\":\"payment\",\"id\":\"pay_cnjk9lmx4d880tur\",\"dateCreated\":\"2026-03-17\",\"customer\":\"cus_000166512756\",\"subscription\":\"sub_qznyk1fzthd63bmz\",\"checkoutSession\":null,\"paymentLink\":null,\"value\":99.9,\"netValue\":98.91,\"originalValue\":null,\"interestValue\":null,\"description\":\"Assinatura mensal do plano Plano Start\",\"billingType\":\"BOLETO\",\"canBePaidAfterDueDate\":true,\"pixTransaction\":null,\"status\":\"PENDING\",\"dueDate\":\"2026-04-16\",\"originalDueDate\":\"2026-04-16\",\"paymentDate\":null,\"clientPaymentDate\":null,\"installmentNumber\":null,\"invoiceUrl\":\"https:\\/\\/www.asaas.com\\/i\\/cnjk9lmx4d880tur\",\"invoiceNumber\":\"767540356\",\"externalReference\":\"ASSINATURA:7:SUBSCRIPTION\",\"deleted\":false,\"anticipated\":false,\"anticipable\":false,\"creditDate\":null,\"estimatedCreditDate\":null,\"transactionReceiptUrl\":null,\"nossoNumero\":\"421844472\",\"bankSlipUrl\":\"https:\\/\\/www.asaas.com\\/b\\/pdf\\/cnjk9lmx4d880tur\",\"lastInvoiceViewedDate\":null,\"lastBankSlipViewedDate\":null,\"discount\":{\"value\":0,\"limitDate\":null,\"dueDateLimitDays\":0,\"type\":\"FIXED\"},\"fine\":{\"value\":0,\"type\":\"FIXED\"},\"interest\":{\"value\":0,\"type\":\"PERCENTAGE\"},\"postalService\":false,\"escrow\":null,\"refunds\":null}','{\"id\":\"evt_05b708f961d739ea7eba7e4db318f621&1260808772\",\"event\":\"PAYMENT_CREATED\",\"dateCreated\":\"2026-03-17 17:18:05\",\"account\":{\"id\":\"bf0e448f-b995-4e06-ba92-c20cef54439d\",\"ownerId\":null},\"payment\":{\"object\":\"payment\",\"id\":\"pay_cnjk9lmx4d880tur\",\"dateCreated\":\"2026-03-17\",\"customer\":\"cus_000166512756\",\"subscription\":\"sub_qznyk1fzthd63bmz\",\"checkoutSession\":null,\"paymentLink\":null,\"value\":99.9,\"netValue\":98.91,\"originalValue\":null,\"interestValue\":null,\"description\":\"Assinatura mensal do plano Plano Start\",\"billingType\":\"BOLETO\",\"canBePaidAfterDueDate\":true,\"pixTransaction\":null,\"status\":\"PENDING\",\"dueDate\":\"2026-04-16\",\"originalDueDate\":\"2026-04-16\",\"paymentDate\":null,\"clientPaymentDate\":null,\"installmentNumber\":null,\"invoiceUrl\":\"https:\\/\\/www.asaas.com\\/i\\/cnjk9lmx4d880tur\",\"invoiceNumber\":\"767540356\",\"externalReference\":\"ASSINATURA:7:SUBSCRIPTION\",\"deleted\":false,\"anticipated\":false,\"anticipable\":false,\"creditDate\":null,\"estimatedCreditDate\":null,\"transactionReceiptUrl\":null,\"nossoNumero\":\"421844472\",\"bankSlipUrl\":\"https:\\/\\/www.asaas.com\\/b\\/pdf\\/cnjk9lmx4d880tur\",\"lastInvoiceViewedDate\":null,\"lastBankSlipViewedDate\":null,\"discount\":{\"value\":0,\"limitDate\":null,\"dueDateLimitDays\":0,\"type\":\"FIXED\"},\"fine\":{\"value\":0,\"type\":\"FIXED\"},\"interest\":{\"value\":0,\"type\":\"PERCENTAGE\"},\"postalService\":false,\"escrow\":null,\"refunds\":null}}',0,'Mensalidade vinculada a assinatura recorrente do Asaas.','2026-03-17 17:18:03','2026-03-17 17:18:06');

--
-- Table structure for table `banco_boleto_config`
--

CREATE TABLE `banco_boleto_config` (
  `id_config` bigint(20) unsigned NOT NULL AUTO_INCREMENT,
  `id_bancos` bigint(20) unsigned DEFAULT NULL,
  `id_banco_boleto` bigint(20) unsigned DEFAULT NULL,
  `id_empresa` bigint(20) unsigned DEFAULT NULL,
  `client_id` varchar(255) DEFAULT NULL,
  `client_secret` text DEFAULT NULL,
  `api_key` varchar(255) DEFAULT NULL,
  `token` longtext DEFAULT NULL,
  `convenio` varchar(255) DEFAULT NULL,
  `carteira` varchar(255) DEFAULT NULL,
  `arquivo_certificado` varchar(255) DEFAULT NULL,
  `arquivo_chave` varchar(255) DEFAULT NULL,
  `juros_mora` decimal(15,2) DEFAULT NULL,
  `multa_atraso` decimal(15,2) DEFAULT NULL,
  `dias_protesto` int(11) DEFAULT NULL,
  `instrucao_1` varchar(255) DEFAULT NULL,
  `instrucao_2` varchar(255) DEFAULT NULL,
  `webhook_ativo` tinyint(1) NOT NULL DEFAULT 0,
  `ativo` tinyint(1) NOT NULL DEFAULT 0,
  `created_at` timestamp NULL DEFAULT NULL,
  `updated_at` timestamp NULL DEFAULT NULL,
  PRIMARY KEY (`id_config`),
  KEY `banco_boleto_config_id_bancos_index` (`id_bancos`),
  KEY `banco_boleto_config_id_banco_boleto_index` (`id_banco_boleto`),
  KEY `banco_boleto_config_id_empresa_index` (`id_empresa`),
  KEY `banco_boleto_config_client_id_index` (`client_id`),
  CONSTRAINT `banco_boleto_config_id_banco_boleto_foreign` FOREIGN KEY (`id_banco_boleto`) REFERENCES `bancos_boleto` (`id_banco_boleto`) ON DELETE SET NULL,
  CONSTRAINT `banco_boleto_config_id_bancos_foreign` FOREIGN KEY (`id_bancos`) REFERENCES `bancos` (`id_bancos`) ON DELETE SET NULL
) ENGINE=InnoDB AUTO_INCREMENT=9 DEFAULT CHARSET=utf8mb4 COLLATE=utf8mb4_unicode_ci;

--
-- Dumping data for table `banco_boleto_config`
--

INSERT INTO `banco_boleto_config` VALUES
(1,2,1,1,NULL,NULL,'$aact_prod_000MzkwODA2MWY2OGM3MWRlMDU2NWM3MzJlNzZmNGZhZGY6OmZlOTVkMTQ0LWZmNWQtNDdkYy1hZGE2LTE2MzYxZjE2ZDk0NTo6JGFhY2hfMThiYjg0NjAtMTc0OS00MmIxLTgwODEtMWIwMGQyMGQ1MmQ4',NULL,NULL,NULL,NULL,NULL,0.00,0.00,NULL,NULL,NULL,0,1,'2026-03-12 15:03:53','2026-03-12 15:03:53'),
(2,NULL,NULL,1,'app-1a14jZQxS4Y1oqSBQx3AoT','df670f26-aebd-4359-ae4b-ea6c8e7036ee',NULL,NULL,NULL,NULL,NULL,NULL,0.00,0.00,NULL,NULL,NULL,0,1,'2026-03-16 10:27:38','2026-03-16 10:27:38'),
(3,NULL,NULL,1,'app-1a14jZQxS4Y1oqSBQx3AoT','df670f26-aebd-4359-ae4b-ea6c8e7036ee',NULL,NULL,NULL,NULL,NULL,NULL,0.00,0.00,NULL,NULL,NULL,0,1,'2026-03-16 12:09:51','2026-03-16 12:09:51'),
(4,NULL,NULL,1,'app-1a14jZQxS4Y1oqSBQx3AoT','df670f26-aebd-4359-ae4b-ea6c8e7036ee',NULL,NULL,NULL,NULL,'boleto_1_5_69a9aff43e28a.crt','boleto_1_5_69a9aff44932b.key',0.00,0.00,NULL,NULL,NULL,0,1,'2026-03-16 12:41:21','2026-03-16 12:41:26'),
(5,NULL,NULL,1,'app-1a14jZQxS4Y1oqSBQx3AoT','df670f26-aebd-4359-ae4b-ea6c8e7036ee',NULL,NULL,NULL,NULL,'boleto_1_6_69a9b70b67f1b.crt','boleto_1_6_69a9b70b707df.key',0.00,0.00,NULL,NULL,NULL,0,1,'2026-03-16 13:43:21','2026-03-16 13:43:27'),
(6,NULL,NULL,1,'app-1a14jZQxS4Y1oqSBQx3AoT','df670f26-aebd-4359-ae4b-ea6c8e7036ee',NULL,NULL,NULL,NULL,NULL,NULL,0.00,0.00,NULL,NULL,NULL,0,1,'2026-03-16 14:24:52','2026-03-16 14:24:52'),
(7,8,6,1,NULL,NULL,'APP_USR-2191022570663580-031614-53232c0cba5f8c53a285a42d9e8c912f-711799906',NULL,NULL,NULL,NULL,NULL,0.00,0.00,NULL,NULL,NULL,0,1,'2026-03-16 15:23:54','2026-03-16 15:23:54'),
(8,9,7,1,NULL,NULL,'apk_49199247-ZjZisLwhtNnurGEILFfZXQQOlFJkGGNs','8F3P70RO1RJX12NHB9WHETV0E4IVRXW20BQGGFBVRCMA',NULL,NULL,NULL,NULL,0.00,0.00,NULL,NULL,NULL,0,1,'2026-03-16 19:00:56','2026-03-16 19:00:56');

--
-- Table structure for table `bancos`
--

CREATE TABLE `bancos` (
  `id_bancos` bigint(20) unsigned NOT NULL AUTO_INCREMENT,
  `id_empresa` bigint(20) unsigned DEFAULT NULL,
  `nome_banco` varchar(255) DEFAULT NULL,
  `agencia` varchar(255) DEFAULT NULL,
  `conta` varchar(255) DEFAULT NULL,
  `saldo_inicial` decimal(15,2) DEFAULT NULL,
  `observacoes` text DEFAULT NULL,
  `gera_boleto` tinyint(1) NOT NULL DEFAULT 0,
  `created_at` timestamp NULL DEFAULT NULL,
  `updated_at` timestamp NULL DEFAULT NULL,
  PRIMARY KEY (`id_bancos`),
  KEY `bancos_id_empresa_index` (`id_empresa`)
) ENGINE=InnoDB AUTO_INCREMENT=10 DEFAULT CHARSET=utf8mb4 COLLATE=utf8mb4_unicode_ci;

--
-- Dumping data for table `bancos`
--

INSERT INTO `bancos` VALUES
(1,1,'Inter',NULL,NULL,1000.00,NULL,0,'2026-03-11 22:02:21','2026-03-11 22:02:32'),
(2,1,'Asaas',NULL,NULL,0.00,NULL,1,'2026-03-12 15:03:53','2026-03-12 15:03:53'),
(8,1,'Mercado Pago',NULL,NULL,0.00,NULL,1,'2026-03-16 15:23:54','2026-03-16 15:23:54'),
(9,1,'PagHiper',NULL,NULL,0.00,NULL,1,'2026-03-16 19:00:56','2026-03-16 19:00:56');

--
-- Table structure for table `bancos_boleto`
--

CREATE TABLE `bancos_boleto` (
  `id_banco_boleto` bigint(20) unsigned NOT NULL AUTO_INCREMENT,
  `nome` varchar(255) DEFAULT NULL,
  `codigo_banco` varchar(255) DEFAULT NULL,
  `ativo` tinyint(1) NOT NULL DEFAULT 0,
  `requer_certificado` tinyint(1) NOT NULL DEFAULT 0,
  `requer_chave` tinyint(1) NOT NULL DEFAULT 0,
  `requer_client_id` tinyint(1) NOT NULL DEFAULT 0,
  `requer_client_secret` tinyint(1) NOT NULL DEFAULT 0,
  `requer_api_key` tinyint(1) NOT NULL DEFAULT 0,
  `requer_token` tinyint(1) NOT NULL DEFAULT 0,
  `requer_convenio` tinyint(1) NOT NULL DEFAULT 0,
  `requer_carteira` tinyint(1) NOT NULL DEFAULT 0,
  `instrucoes` text DEFAULT NULL,
  `created_at` timestamp NULL DEFAULT NULL,
  `updated_at` timestamp NULL DEFAULT NULL,
  PRIMARY KEY (`id_banco_boleto`)
) ENGINE=InnoDB AUTO_INCREMENT=8 DEFAULT CHARSET=utf8mb4 COLLATE=utf8mb4_unicode_ci;

--
-- Dumping data for table `bancos_boleto`
--

INSERT INTO `bancos_boleto` VALUES
(1,'Asaas','461',1,0,0,0,0,1,0,0,0,'Passo 1:\nAcesse o painel do Asaas: https://www.asaas.com\nNo menu lateral clique em: Configurações → Integrações\nVá na aba Chaves de API.\nClique em Gerar nova chave.\nCopie a chave gerada e cole abaixo.\n\nPasso 2: Essa etapa é indispensável para baixa automática da conta após pagamento do boleto\nNo menu lateral clique em: Configurações → Integrações.\nVá na aba Webhooks.\nCrie um Webhook.\nMarque o Webhook como Ativo → Nome de Sua Preferência.\nInforme a URL do webhook do sistema: https://nowgestor.gestornow.com/api/webhooks/boletos/asaas.\nInforme seu Email → Na versão da API, coloque V3 → Clique em Gerar Token → Fila de Sincronização Ativada (SIM) → Tipo de Envio (Sequencial)\nSelecione os eventos desejados: Na aba Cobranças, pode Selecionar Todos.\nAgora é só salvar e estará pronto.',NULL,'2026-03-16 12:40:14'),
(2,'Inter','077',1,1,1,1,1,0,0,0,0,'Acesse o Internet Banking do Inter em: https://inter.co/empresas/conta-digital/pessoa-juridica/\nFaça login com a conta Inter Empresas.\nNo menu clique em Integrar → Nova Integração.\nSelecione API Cobrança (Boleto + Pix).\nPreencha Client ID e Client Secret da aplicacao do Inter, abaixo.\nEnvie certificado (.crt) e chave (.key) gerados.',NULL,'2026-03-16 12:40:14'),
(6,'Mercado Pago','323',1,0,0,0,0,1,0,0,0,'Integracao Mercado Pago (Orders API): informe o Access Token no campo API Key e gere boleto via payment_method.id=boleto.','2026-03-16 15:22:40','2026-03-16 15:22:40'),
(7,'PagHiper','paghiper',1,0,0,0,0,1,1,0,0,'Integracao PagHiper: informe ApiKey e Token. Emissao via /transaction/create com valor minimo de R$ 3,00 por boleto.','2026-03-16 18:58:33','2026-03-16 18:58:33');

--
-- Table structure for table `boletos`
--

CREATE TABLE `boletos` (
  `id_boleto` bigint(20) unsigned NOT NULL AUTO_INCREMENT,
  `id_empresa` bigint(20) unsigned DEFAULT NULL,
  `id_conta_receber` bigint(20) unsigned DEFAULT NULL,
  `id_bancos` bigint(20) unsigned DEFAULT NULL,
  `id_banco_boleto` bigint(20) unsigned DEFAULT NULL,
  `codigo_solicitacao` varchar(255) DEFAULT NULL,
  `nosso_numero` varchar(255) DEFAULT NULL,
  `linha_digitavel` varchar(255) DEFAULT NULL,
  `codigo_barras` varchar(255) DEFAULT NULL,
  `valor_nominal` decimal(15,2) DEFAULT NULL,
  `valor_pago` decimal(15,2) DEFAULT NULL,
  `data_emissao` date DEFAULT NULL,
  `data_vencimento` date DEFAULT NULL,
  `data_pagamento` datetime DEFAULT NULL,
  `status` varchar(255) DEFAULT NULL,
  `situacao_banco` varchar(255) DEFAULT NULL,
  `url_pdf` varchar(255) DEFAULT NULL,
  `json_resposta` longtext CHARACTER SET utf8mb4 COLLATE utf8mb4_bin DEFAULT NULL CHECK (json_valid(`json_resposta`)),
  `json_webhook` longtext CHARACTER SET utf8mb4 COLLATE utf8mb4_bin DEFAULT NULL CHECK (json_valid(`json_webhook`)),
  `created_at` timestamp NULL DEFAULT NULL,
  `updated_at` timestamp NULL DEFAULT NULL,
  PRIMARY KEY (`id_boleto`),
  KEY `boletos_id_empresa_index` (`id_empresa`),
  KEY `boletos_id_conta_receber_index` (`id_conta_receber`),
  KEY `boletos_id_bancos_index` (`id_bancos`),
  KEY `boletos_id_banco_boleto_index` (`id_banco_boleto`),
  CONSTRAINT `boletos_id_banco_boleto_foreign` FOREIGN KEY (`id_banco_boleto`) REFERENCES `bancos_boleto` (`id_banco_boleto`) ON DELETE SET NULL,
  CONSTRAINT `boletos_id_bancos_foreign` FOREIGN KEY (`id_bancos`) REFERENCES `bancos` (`id_bancos`) ON DELETE SET NULL,
  CONSTRAINT `boletos_id_conta_receber_foreign` FOREIGN KEY (`id_conta_receber`) REFERENCES `contas_a_receber` (`id_contas`) ON DELETE SET NULL
) ENGINE=InnoDB AUTO_INCREMENT=6 DEFAULT CHARSET=utf8mb4 COLLATE=utf8mb4_unicode_ci;

--
-- Dumping data for table `boletos`
--

INSERT INTO `boletos` VALUES
(1,1,4,2,1,'pay_flkxyj1ah2hsim03','420363587','46191110000000000004220363587013113870000010000','46191138700000100001110000000000042036358701',100.00,NULL,'2026-03-12','2026-03-16',NULL,'cancelado','CANCELLED','https://www.asaas.com/b/pdf/flkxyj1ah2hsim03','{\"object\":\"payment\",\"id\":\"pay_flkxyj1ah2hsim03\",\"dateCreated\":\"2026-03-12\",\"customer\":\"cus_000165729598\",\"checkoutSession\":null,\"paymentLink\":null,\"value\":100,\"netValue\":99.01,\"originalValue\":null,\"interestValue\":null,\"description\":\"Alguel\",\"billingType\":\"BOLETO\",\"canBePaidAfterDueDate\":true,\"pixTransaction\":null,\"status\":\"PENDING\",\"dueDate\":\"2026-03-16\",\"originalDueDate\":\"2026-03-16\",\"paymentDate\":null,\"clientPaymentDate\":null,\"installmentNumber\":null,\"invoiceUrl\":\"https:\\/\\/www.asaas.com\\/i\\/flkxyj1ah2hsim03\",\"invoiceNumber\":\"764139627\",\"externalReference\":\"4\",\"deleted\":false,\"anticipated\":false,\"anticipable\":false,\"creditDate\":null,\"estimatedCreditDate\":null,\"transactionReceiptUrl\":null,\"nossoNumero\":\"420363587\",\"bankSlipUrl\":\"https:\\/\\/www.asaas.com\\/b\\/pdf\\/flkxyj1ah2hsim03\",\"lastInvoiceViewedDate\":null,\"lastBankSlipViewedDate\":null,\"discount\":{\"value\":0,\"limitDate\":null,\"dueDateLimitDays\":0,\"type\":\"FIXED\"},\"fine\":{\"value\":0,\"type\":\"FIXED\"},\"interest\":{\"value\":0,\"type\":\"PERCENTAGE\"},\"postalService\":false,\"escrow\":null,\"refunds\":null}','{\"id\":\"evt_d545b50fbb17a226c5f4f4fd193922b7&1256587493\",\"event\":\"PAYMENT_DELETED\",\"dateCreated\":\"2026-03-13 18:36:40\",\"account\":{\"id\":\"bf0e448f-b995-4e06-ba92-c20cef54439d\",\"ownerId\":null},\"payment\":{\"object\":\"payment\",\"id\":\"pay_flkxyj1ah2hsim03\",\"dateCreated\":\"2026-03-12\",\"customer\":\"cus_000165729598\",\"checkoutSession\":null,\"paymentLink\":null,\"value\":100,\"netValue\":99.01,\"originalValue\":null,\"interestValue\":null,\"description\":\"Alguel\",\"billingType\":\"BOLETO\",\"canBePaidAfterDueDate\":true,\"pixTransaction\":null,\"status\":\"PENDING\",\"dueDate\":\"2026-03-16\",\"originalDueDate\":\"2026-03-16\",\"paymentDate\":null,\"clientPaymentDate\":null,\"installmentNumber\":null,\"invoiceUrl\":\"https:\\/\\/www.asaas.com\\/i\\/flkxyj1ah2hsim03\",\"invoiceNumber\":\"764139627\",\"externalReference\":\"4\",\"deleted\":true,\"anticipated\":false,\"anticipable\":false,\"creditDate\":null,\"estimatedCreditDate\":null,\"transactionReceiptUrl\":\"https:\\/\\/www.asaas.com\\/comprovantes\\/h\\/UEFZTUVOVF9ERUxFVEVEOnBheV9mbGt4eWoxYWgyaHNpbTAz\",\"nossoNumero\":\"420363587\",\"bankSlipUrl\":\"https:\\/\\/www.asaas.com\\/b\\/pdf\\/flkxyj1ah2hsim03\",\"lastInvoiceViewedDate\":null,\"lastBankSlipViewedDate\":\"2026-03-12T18:06:03Z\",\"discount\":{\"value\":0,\"limitDate\":null,\"dueDateLimitDays\":0,\"type\":\"FIXED\"},\"fine\":{\"value\":0,\"type\":\"FIXED\"},\"interest\":{\"value\":0,\"type\":\"PERCENTAGE\"},\"postalService\":false,\"escrow\":null,\"refunds\":null}}','2026-03-12 15:05:48','2026-03-13 18:36:41'),
(2,1,4,2,1,'pay_wjz4lu72yl5r74h7','420392845','46191110000000000004220392845010413870000010000','46194138700000100001110000000000042039284501',100.00,NULL,'2026-03-12','2026-03-16',NULL,'gerado','PENDING','https://www.asaas.com/b/pdf/wjz4lu72yl5r74h7','{\"object\":\"payment\",\"id\":\"pay_wjz4lu72yl5r74h7\",\"dateCreated\":\"2026-03-12\",\"customer\":\"cus_000165729598\",\"checkoutSession\":null,\"paymentLink\":null,\"value\":100,\"netValue\":99.01,\"originalValue\":null,\"interestValue\":null,\"description\":\"Alguel\",\"billingType\":\"BOLETO\",\"canBePaidAfterDueDate\":true,\"pixTransaction\":null,\"status\":\"PENDING\",\"dueDate\":\"2026-03-16\",\"originalDueDate\":\"2026-03-16\",\"paymentDate\":null,\"clientPaymentDate\":null,\"installmentNumber\":null,\"invoiceUrl\":\"https:\\/\\/www.asaas.com\\/i\\/wjz4lu72yl5r74h7\",\"invoiceNumber\":\"764189691\",\"externalReference\":\"4\",\"deleted\":false,\"anticipated\":false,\"anticipable\":false,\"creditDate\":null,\"estimatedCreditDate\":null,\"transactionReceiptUrl\":null,\"nossoNumero\":\"420392845\",\"bankSlipUrl\":\"https:\\/\\/www.asaas.com\\/b\\/pdf\\/wjz4lu72yl5r74h7\",\"lastInvoiceViewedDate\":null,\"lastBankSlipViewedDate\":null,\"discount\":{\"value\":0,\"limitDate\":null,\"dueDateLimitDays\":0,\"type\":\"FIXED\"},\"fine\":{\"value\":0,\"type\":\"FIXED\"},\"interest\":{\"value\":0,\"type\":\"PERCENTAGE\"},\"postalService\":false,\"escrow\":null,\"refunds\":null}','{\"id\":\"evt_d545b50fbb17a226c5f4f4fd193922b7&1256587372\",\"event\":\"PAYMENT_DELETED\",\"dateCreated\":\"2026-03-13 18:36:35\",\"account\":{\"id\":\"bf0e448f-b995-4e06-ba92-c20cef54439d\",\"ownerId\":null},\"payment\":{\"object\":\"payment\",\"id\":\"pay_wjz4lu72yl5r74h7\",\"dateCreated\":\"2026-03-12\",\"customer\":\"cus_000165729598\",\"checkoutSession\":null,\"paymentLink\":null,\"value\":100,\"netValue\":99.01,\"originalValue\":null,\"interestValue\":null,\"description\":\"Alguel\",\"billingType\":\"BOLETO\",\"canBePaidAfterDueDate\":true,\"pixTransaction\":null,\"status\":\"PENDING\",\"dueDate\":\"2026-03-16\",\"originalDueDate\":\"2026-03-16\",\"paymentDate\":null,\"clientPaymentDate\":null,\"installmentNumber\":null,\"invoiceUrl\":\"https:\\/\\/www.asaas.com\\/i\\/wjz4lu72yl5r74h7\",\"invoiceNumber\":\"764189691\",\"externalReference\":\"4\",\"deleted\":true,\"anticipated\":false,\"anticipable\":false,\"creditDate\":null,\"estimatedCreditDate\":null,\"transactionReceiptUrl\":\"https:\\/\\/www.asaas.com\\/comprovantes\\/h\\/UEFZTUVOVF9ERUxFVEVEOnBheV93ano0bHU3MnlsNXI3NGg3\",\"nossoNumero\":\"420392845\",\"bankSlipUrl\":\"https:\\/\\/www.asaas.com\\/b\\/pdf\\/wjz4lu72yl5r74h7\",\"lastInvoiceViewedDate\":null,\"lastBankSlipViewedDate\":\"2026-03-12T18:59:04Z\",\"discount\":{\"value\":0,\"limitDate\":null,\"dueDateLimitDays\":0,\"type\":\"FIXED\"},\"fine\":{\"value\":0,\"type\":\"FIXED\"},\"interest\":{\"value\":0,\"type\":\"PERCENTAGE\"},\"postalService\":false,\"escrow\":null,\"refunds\":null}}','2026-03-12 15:58:50','2026-03-16 22:37:36'),
(3,1,4,8,6,'ORD01KKVY88Z90D6BP21C0591A6JQ','10558884368','37690001040010567100200113052187813880000010000','37698138800000100000001000105671000011305218',100.00,NULL,'2026-03-16','2026-03-16',NULL,'gerado','waiting_payment','https://www.mercadopago.com.br/payments/150615176998/ticket?caller_id=3271155889&payment_method_id=bolbradesco&payment_id=150615176998&payment_method_reference_id=10558884368&hash=554b405b-be28-4096-a993-05f4b9c40392','{\"id\":\"ORD01KKVY88Z90D6BP21C0591A6JQ\",\"type\":\"online\",\"processing_mode\":\"automatic\",\"external_reference\":\"4\",\"description\":\"Alguel\",\"total_amount\":\"100.00\",\"total_paid_amount\":\"100.00\",\"country_code\":\"BRA\",\"user_id\":\"711799906\",\"status\":\"action_required\",\"status_detail\":\"waiting_payment\",\"capture_mode\":\"automatic_async\",\"currency\":\"BRL\",\"created_date\":\"2026-03-16T18:24:09.716Z\",\"last_updated_date\":\"2026-03-16T18:24:14.396Z\",\"integration_data\":{\"application_id\":\"2191022570663580\"},\"transactions\":{\"payments\":[{\"id\":\"PAY01KKVY88ZMV8JAXJ7G77C0ASTG\",\"amount\":\"100.00\",\"expiration_time\":\"P1D\",\"date_of_expiration\":\"2026-03-18T02:59:59.000+00:00\",\"reference_id\":\"000a22y6fx\",\"status\":\"action_required\",\"status_detail\":\"waiting_payment\",\"payment_method\":{\"id\":\"boleto\",\"type\":\"ticket\",\"ticket_url\":\"https:\\/\\/www.mercadopago.com.br\\/payments\\/150615176998\\/ticket?caller_id=3271155889&payment_method_id=bolbradesco&payment_id=150615176998&payment_method_reference_id=10558884368&hash=554b405b-be28-4096-a993-05f4b9c40392\",\"barcode_content\":\"37698138800000100000001000105671000011305218\",\"reference\":\"10558884368\",\"verification_code\":\"00011305218\",\"digitable_line\":\"37690001040010567100200113052187813880000010000\"}}]}}',NULL,'2026-03-16 15:24:14','2026-03-16 15:24:14'),
(4,1,7,8,6,'ORD01KKVYHRQETAN4DGN7YKX1437A','10558885620','42297115040006489731709042591025213910000000500','42292139100000005007115000064897310904259102',5.00,5.00,'2026-03-16','2026-03-20','2026-03-16 18:28:59','pago','accredited','https://www.mercadopago.com.br/payments/149892642579/ticket?caller_id=3271155889&payment_method_id=bolbradesco&payment_id=149892642579&payment_method_reference_id=10558885620&hash=d5ffbe46-ad1d-4895-b2c2-1851f75e6e4f','{\"id\":\"ORD01KKVYHRQETAN4DGN7YKX1437A\",\"type\":\"online\",\"processing_mode\":\"automatic\",\"external_reference\":\"7\",\"description\":\"Teste MP\",\"total_amount\":\"5.00\",\"total_paid_amount\":\"5.00\",\"country_code\":\"BRA\",\"user_id\":\"711799906\",\"status\":\"processed\",\"status_detail\":\"accredited\",\"capture_mode\":\"automatic_async\",\"currency\":\"BRL\",\"created_date\":\"2026-03-16T18:29:20.762Z\",\"last_updated_date\":\"2026-03-16T18:52:34.457Z\",\"integration_data\":{\"application_id\":\"2191022570663580\"},\"transactions\":{\"payments\":[{\"id\":\"PAY01KKVYHRQT9FGPX5RM1ZNYSPVF\",\"amount\":\"5.00\",\"expiration_time\":\"P4D\",\"date_of_expiration\":\"2026-03-21T02:59:59.000+00:00\",\"paid_amount\":\"5.00\",\"reference_id\":\"000a233y8f\",\"status\":\"processed\",\"status_detail\":\"accredited\",\"payment_method\":{\"id\":\"bolbradesco\",\"type\":\"ticket\",\"ticket_url\":\"https:\\/\\/www.mercadopago.com.br\\/payments\\/149892642579\\/ticket?caller_id=3271155889&payment_method_id=bolbradesco&payment_id=149892642579&payment_method_reference_id=10558885620&hash=d5ffbe46-ad1d-4895-b2c2-1851f75e6e4f\",\"barcode_content\":\"42292139100000005007115000064897310904259102\",\"reference\":\"10558885620\",\"verification_code\":\"090425910\",\"digitable_line\":\"42297115040006489731709042591025213910000000500\"}}]}}','{\"action\":\"order.processed\",\"api_version\":\"v1\",\"application_id\":\"2191022570663580\",\"data\":{\"currency_id\":\"BRL\",\"external_reference\":\"7\",\"id\":\"ORD01KKVYHRQETAN4DGN7YKX1437A\",\"status\":\"processed\",\"status_detail\":\"accredited\",\"total_amount\":\"5.00\",\"total_paid_amount\":\"5.00\",\"transactions\":{\"payments\":[{\"amount\":\"5.00\",\"id\":\"PAY01KKVYHRQT9FGPX5RM1ZNYSPVF\",\"paid_amount\":\"5.00\",\"payment_method\":{\"id\":\"bolbradesco\",\"installments\":0,\"type\":\"ticket\"},\"reference\":{\"id\":\"000a233y8f\"},\"status\":\"processed\",\"status_detail\":\"accredited\"}]},\"type\":\"online\",\"version\":3},\"date_created\":\"2026-03-16T18:52:34.457258883Z\",\"live_mode\":true,\"type\":\"order\",\"user_id\":\"711799906\"}','2026-03-16 15:29:23','2026-03-16 18:28:59'),
(5,1,8,9,7,'03ZZMPC3V7TBD726','GN-8-20260316190146-TR8V4','34191.09461 35653.470241 61514.190000 1 14010000000500',NULL,5.00,5.00,'2026-03-16','2026-03-30','2026-03-16 19:05:00','pago','paid','https://www.paghiper.com/checkout/boleto/be6480beb8e77647df22c6cb9f5b60fe7dc9d1f07e0717a6a60b414e38465ea02edbab3bae3cc33773d5ac3a2cd2089d6079435d53a053e48ec68a33f8f35481/03ZZMPC3V7TBD726/20256231','{\"transaction_id\":\"03ZZMPC3V7TBD726\",\"order_id\":\"GN-8-20260316190146-TR8V4\",\"status\":\"paid\",\"notification_id\":null,\"bank_slip\":{\"url_slip\":null,\"digitable_line\":null,\"barcode_number\":null},\"value_cents\":null,\"value\":null,\"paid_value_cents\":500,\"paid_value\":null,\"paid_date\":\"2026-03-16 19:05:00\",\"due_date\":null}','{\"transaction_id\":\"03ZZMPC3V7TBD726\",\"order_id\":\"GN-8-20260316190146-TR8V4\",\"status\":\"paid\",\"paid_value_cents\":500,\"paid_date\":\"2026-03-16 19:05:00\",\"token\":\"8F3P70RO1RJX12NHB9WHETV0E4IVRXW20BQGGFBVRCMA\"}','2026-03-16 19:01:48','2026-03-16 19:13:49');

--
-- Table structure for table `boletos_historico`
--

CREATE TABLE `boletos_historico` (
  `id_historico` bigint(20) unsigned NOT NULL AUTO_INCREMENT,
  `id_boleto` bigint(20) unsigned DEFAULT NULL,
  `id_empresa` bigint(20) unsigned DEFAULT NULL,
  `tipo` varchar(255) DEFAULT NULL,
  `conteudo` text DEFAULT NULL,
  `created_at` datetime DEFAULT NULL,
  PRIMARY KEY (`id_historico`),
  KEY `boletos_historico_id_boleto_index` (`id_boleto`),
  KEY `boletos_historico_id_empresa_index` (`id_empresa`),
  CONSTRAINT `boletos_historico_id_boleto_foreign` FOREIGN KEY (`id_boleto`) REFERENCES `boletos` (`id_boleto`) ON DELETE SET NULL
) ENGINE=InnoDB AUTO_INCREMENT=53 DEFAULT CHARSET=utf8mb4 COLLATE=utf8mb4_unicode_ci;

--
-- Dumping data for table `boletos_historico`
--

INSERT INTO `boletos_historico` VALUES
(1,1,1,'geracao','{\"request\":{\"customer\":\"cus_000165729598\",\"billingType\":\"BOLETO\",\"value\":100,\"dueDate\":\"2026-03-16\",\"description\":\"Alguel\",\"externalReference\":\"4\"},\"etapa\":\"iniciando\"}','2026-03-12 15:05:48'),
(2,1,1,'geracao','{\"request\":{\"customer\":\"cus_000165729598\",\"billingType\":\"BOLETO\",\"value\":100,\"dueDate\":\"2026-03-16\",\"description\":\"Alguel\",\"externalReference\":\"4\"},\"response\":{\"object\":\"payment\",\"id\":\"pay_flkxyj1ah2hsim03\",\"dateCreated\":\"2026-03-12\",\"customer\":\"cus_000165729598\",\"checkoutSession\":null,\"paymentLink\":null,\"value\":100,\"netValue\":99.01,\"originalValue\":null,\"interestValue\":null,\"description\":\"Alguel\",\"billingType\":\"BOLETO\",\"canBePaidAfterDueDate\":true,\"pixTransaction\":null,\"status\":\"PENDING\",\"dueDate\":\"2026-03-16\",\"originalDueDate\":\"2026-03-16\",\"paymentDate\":null,\"clientPaymentDate\":null,\"installmentNumber\":null,\"invoiceUrl\":\"https:\\/\\/www.asaas.com\\/i\\/flkxyj1ah2hsim03\",\"invoiceNumber\":\"764139627\",\"externalReference\":\"4\",\"deleted\":false,\"anticipated\":false,\"anticipable\":false,\"creditDate\":null,\"estimatedCreditDate\":null,\"transactionReceiptUrl\":null,\"nossoNumero\":\"420363587\",\"bankSlipUrl\":\"https:\\/\\/www.asaas.com\\/b\\/pdf\\/flkxyj1ah2hsim03\",\"lastInvoiceViewedDate\":null,\"lastBankSlipViewedDate\":null,\"discount\":{\"value\":0,\"limitDate\":null,\"dueDateLimitDays\":0,\"type\":\"FIXED\"},\"fine\":{\"value\":0,\"type\":\"FIXED\"},\"interest\":{\"value\":0,\"type\":\"PERCENTAGE\"},\"postalService\":false,\"escrow\":null,\"refunds\":null},\"http_code\":200}','2026-03-12 15:05:48'),
(3,1,1,'webhook','{\"id\":\"evt_05b708f961d739ea7eba7e4db318f621&1254998490\",\"event\":\"PAYMENT_CREATED\",\"dateCreated\":\"2026-03-12 15:05:49\",\"account\":{\"id\":\"bf0e448f-b995-4e06-ba92-c20cef54439d\",\"ownerId\":null},\"payment\":{\"object\":\"payment\",\"id\":\"pay_flkxyj1ah2hsim03\",\"dateCreated\":\"2026-03-12\",\"customer\":\"cus_000165729598\",\"checkoutSession\":null,\"paymentLink\":null,\"value\":100,\"netValue\":99.01,\"originalValue\":null,\"interestValue\":null,\"description\":\"Alguel\",\"billingType\":\"BOLETO\",\"canBePaidAfterDueDate\":true,\"pixTransaction\":null,\"status\":\"PENDING\",\"dueDate\":\"2026-03-16\",\"originalDueDate\":\"2026-03-16\",\"paymentDate\":null,\"clientPaymentDate\":null,\"installmentNumber\":null,\"invoiceUrl\":\"https:\\/\\/www.asaas.com\\/i\\/flkxyj1ah2hsim03\",\"invoiceNumber\":\"764139627\",\"externalReference\":\"4\",\"deleted\":false,\"anticipated\":false,\"anticipable\":false,\"creditDate\":null,\"estimatedCreditDate\":null,\"transactionReceiptUrl\":null,\"nossoNumero\":\"420363587\",\"bankSlipUrl\":\"https:\\/\\/www.asaas.com\\/b\\/pdf\\/flkxyj1ah2hsim03\",\"lastInvoiceViewedDate\":null,\"lastBankSlipViewedDate\":null,\"discount\":{\"value\":0,\"limitDate\":null,\"dueDateLimitDays\":0,\"type\":\"FIXED\"},\"fine\":{\"value\":0,\"type\":\"FIXED\"},\"interest\":{\"value\":0,\"type\":\"PERCENTAGE\"},\"postalService\":false,\"escrow\":null,\"refunds\":null}}','2026-03-12 15:05:50'),
(4,1,1,'webhook','{\"id\":\"evt_454d76fe883fd17f74ebbbb453a6dd09&1254998825\",\"event\":\"PAYMENT_BANK_SLIP_VIEWED\",\"dateCreated\":\"2026-03-12 15:06:04\",\"account\":{\"id\":\"bf0e448f-b995-4e06-ba92-c20cef54439d\",\"ownerId\":null},\"payment\":{\"object\":\"payment\",\"id\":\"pay_flkxyj1ah2hsim03\",\"dateCreated\":\"2026-03-12\",\"customer\":\"cus_000165729598\",\"checkoutSession\":null,\"paymentLink\":null,\"value\":100,\"netValue\":99.01,\"originalValue\":null,\"interestValue\":null,\"description\":\"Alguel\",\"billingType\":\"BOLETO\",\"canBePaidAfterDueDate\":true,\"pixTransaction\":null,\"status\":\"PENDING\",\"dueDate\":\"2026-03-16\",\"originalDueDate\":\"2026-03-16\",\"paymentDate\":null,\"clientPaymentDate\":null,\"installmentNumber\":null,\"invoiceUrl\":\"https:\\/\\/www.asaas.com\\/i\\/flkxyj1ah2hsim03\",\"invoiceNumber\":\"764139627\",\"externalReference\":\"4\",\"deleted\":false,\"anticipated\":false,\"anticipable\":false,\"creditDate\":null,\"estimatedCreditDate\":null,\"transactionReceiptUrl\":null,\"nossoNumero\":\"420363587\",\"bankSlipUrl\":\"https:\\/\\/www.asaas.com\\/b\\/pdf\\/flkxyj1ah2hsim03\",\"lastInvoiceViewedDate\":null,\"lastBankSlipViewedDate\":\"2026-03-12T18:06:03Z\",\"discount\":{\"value\":0,\"limitDate\":null,\"dueDateLimitDays\":0,\"type\":\"FIXED\"},\"fine\":{\"value\":0,\"type\":\"FIXED\"},\"interest\":{\"value\":0,\"type\":\"PERCENTAGE\"},\"postalService\":false,\"escrow\":null,\"refunds\":null}}','2026-03-12 15:06:04'),
(5,2,1,'geracao','{\"request\":{\"customer\":\"cus_000165729598\",\"billingType\":\"BOLETO\",\"value\":100,\"dueDate\":\"2026-03-16\",\"description\":\"Alguel\",\"externalReference\":\"4\"},\"etapa\":\"iniciando\"}','2026-03-12 15:58:49'),
(6,2,1,'geracao','{\"request\":{\"customer\":\"cus_000165729598\",\"billingType\":\"BOLETO\",\"value\":100,\"dueDate\":\"2026-03-16\",\"description\":\"Alguel\",\"externalReference\":\"4\"},\"response\":{\"object\":\"payment\",\"id\":\"pay_wjz4lu72yl5r74h7\",\"dateCreated\":\"2026-03-12\",\"customer\":\"cus_000165729598\",\"checkoutSession\":null,\"paymentLink\":null,\"value\":100,\"netValue\":99.01,\"originalValue\":null,\"interestValue\":null,\"description\":\"Alguel\",\"billingType\":\"BOLETO\",\"canBePaidAfterDueDate\":true,\"pixTransaction\":null,\"status\":\"PENDING\",\"dueDate\":\"2026-03-16\",\"originalDueDate\":\"2026-03-16\",\"paymentDate\":null,\"clientPaymentDate\":null,\"installmentNumber\":null,\"invoiceUrl\":\"https:\\/\\/www.asaas.com\\/i\\/wjz4lu72yl5r74h7\",\"invoiceNumber\":\"764189691\",\"externalReference\":\"4\",\"deleted\":false,\"anticipated\":false,\"anticipable\":false,\"creditDate\":null,\"estimatedCreditDate\":null,\"transactionReceiptUrl\":null,\"nossoNumero\":\"420392845\",\"bankSlipUrl\":\"https:\\/\\/www.asaas.com\\/b\\/pdf\\/wjz4lu72yl5r74h7\",\"lastInvoiceViewedDate\":null,\"lastBankSlipViewedDate\":null,\"discount\":{\"value\":0,\"limitDate\":null,\"dueDateLimitDays\":0,\"type\":\"FIXED\"},\"fine\":{\"value\":0,\"type\":\"FIXED\"},\"interest\":{\"value\":0,\"type\":\"PERCENTAGE\"},\"postalService\":false,\"escrow\":null,\"refunds\":null},\"http_code\":200}','2026-03-12 15:58:49'),
(7,2,1,'webhook','{\"id\":\"evt_05b708f961d739ea7eba7e4db318f621&1255061103\",\"event\":\"PAYMENT_CREATED\",\"dateCreated\":\"2026-03-12 15:58:51\",\"account\":{\"id\":\"bf0e448f-b995-4e06-ba92-c20cef54439d\",\"ownerId\":null},\"payment\":{\"object\":\"payment\",\"id\":\"pay_wjz4lu72yl5r74h7\",\"dateCreated\":\"2026-03-12\",\"customer\":\"cus_000165729598\",\"checkoutSession\":null,\"paymentLink\":null,\"value\":100,\"netValue\":99.01,\"originalValue\":null,\"interestValue\":null,\"description\":\"Alguel\",\"billingType\":\"BOLETO\",\"canBePaidAfterDueDate\":true,\"pixTransaction\":null,\"status\":\"PENDING\",\"dueDate\":\"2026-03-16\",\"originalDueDate\":\"2026-03-16\",\"paymentDate\":null,\"clientPaymentDate\":null,\"installmentNumber\":null,\"invoiceUrl\":\"https:\\/\\/www.asaas.com\\/i\\/wjz4lu72yl5r74h7\",\"invoiceNumber\":\"764189691\",\"externalReference\":\"4\",\"deleted\":false,\"anticipated\":false,\"anticipable\":false,\"creditDate\":null,\"estimatedCreditDate\":null,\"transactionReceiptUrl\":null,\"nossoNumero\":\"420392845\",\"bankSlipUrl\":\"https:\\/\\/www.asaas.com\\/b\\/pdf\\/wjz4lu72yl5r74h7\",\"lastInvoiceViewedDate\":null,\"lastBankSlipViewedDate\":null,\"discount\":{\"value\":0,\"limitDate\":null,\"dueDateLimitDays\":0,\"type\":\"FIXED\"},\"fine\":{\"value\":0,\"type\":\"FIXED\"},\"interest\":{\"value\":0,\"type\":\"PERCENTAGE\"},\"postalService\":false,\"escrow\":null,\"refunds\":null}}','2026-03-12 15:58:51'),
(8,2,1,'webhook','{\"id\":\"evt_454d76fe883fd17f74ebbbb453a6dd09&1255061363\",\"event\":\"PAYMENT_BANK_SLIP_VIEWED\",\"dateCreated\":\"2026-03-12 15:59:06\",\"account\":{\"id\":\"bf0e448f-b995-4e06-ba92-c20cef54439d\",\"ownerId\":null},\"payment\":{\"object\":\"payment\",\"id\":\"pay_wjz4lu72yl5r74h7\",\"dateCreated\":\"2026-03-12\",\"customer\":\"cus_000165729598\",\"checkoutSession\":null,\"paymentLink\":null,\"value\":100,\"netValue\":99.01,\"originalValue\":null,\"interestValue\":null,\"description\":\"Alguel\",\"billingType\":\"BOLETO\",\"canBePaidAfterDueDate\":true,\"pixTransaction\":null,\"status\":\"PENDING\",\"dueDate\":\"2026-03-16\",\"originalDueDate\":\"2026-03-16\",\"paymentDate\":null,\"clientPaymentDate\":null,\"installmentNumber\":null,\"invoiceUrl\":\"https:\\/\\/www.asaas.com\\/i\\/wjz4lu72yl5r74h7\",\"invoiceNumber\":\"764189691\",\"externalReference\":\"4\",\"deleted\":false,\"anticipated\":false,\"anticipable\":false,\"creditDate\":null,\"estimatedCreditDate\":null,\"transactionReceiptUrl\":null,\"nossoNumero\":\"420392845\",\"bankSlipUrl\":\"https:\\/\\/www.asaas.com\\/b\\/pdf\\/wjz4lu72yl5r74h7\",\"lastInvoiceViewedDate\":null,\"lastBankSlipViewedDate\":\"2026-03-12T18:59:04Z\",\"discount\":{\"value\":0,\"limitDate\":null,\"dueDateLimitDays\":0,\"type\":\"FIXED\"},\"fine\":{\"value\":0,\"type\":\"FIXED\"},\"interest\":{\"value\":0,\"type\":\"PERCENTAGE\"},\"postalService\":false,\"escrow\":null,\"refunds\":null}}','2026-03-12 15:59:06'),
(9,2,1,'webhook','{\"id\":\"evt_d545b50fbb17a226c5f4f4fd193922b7&1256587372\",\"event\":\"PAYMENT_DELETED\",\"dateCreated\":\"2026-03-13 18:36:35\",\"account\":{\"id\":\"bf0e448f-b995-4e06-ba92-c20cef54439d\",\"ownerId\":null},\"payment\":{\"object\":\"payment\",\"id\":\"pay_wjz4lu72yl5r74h7\",\"dateCreated\":\"2026-03-12\",\"customer\":\"cus_000165729598\",\"checkoutSession\":null,\"paymentLink\":null,\"value\":100,\"netValue\":99.01,\"originalValue\":null,\"interestValue\":null,\"description\":\"Alguel\",\"billingType\":\"BOLETO\",\"canBePaidAfterDueDate\":true,\"pixTransaction\":null,\"status\":\"PENDING\",\"dueDate\":\"2026-03-16\",\"originalDueDate\":\"2026-03-16\",\"paymentDate\":null,\"clientPaymentDate\":null,\"installmentNumber\":null,\"invoiceUrl\":\"https:\\/\\/www.asaas.com\\/i\\/wjz4lu72yl5r74h7\",\"invoiceNumber\":\"764189691\",\"externalReference\":\"4\",\"deleted\":true,\"anticipated\":false,\"anticipable\":false,\"creditDate\":null,\"estimatedCreditDate\":null,\"transactionReceiptUrl\":\"https:\\/\\/www.asaas.com\\/comprovantes\\/h\\/UEFZTUVOVF9ERUxFVEVEOnBheV93ano0bHU3MnlsNXI3NGg3\",\"nossoNumero\":\"420392845\",\"bankSlipUrl\":\"https:\\/\\/www.asaas.com\\/b\\/pdf\\/wjz4lu72yl5r74h7\",\"lastInvoiceViewedDate\":null,\"lastBankSlipViewedDate\":\"2026-03-12T18:59:04Z\",\"discount\":{\"value\":0,\"limitDate\":null,\"dueDateLimitDays\":0,\"type\":\"FIXED\"},\"fine\":{\"value\":0,\"type\":\"FIXED\"},\"interest\":{\"value\":0,\"type\":\"PERCENTAGE\"},\"postalService\":false,\"escrow\":null,\"refunds\":null}}','2026-03-13 18:36:36'),
(10,1,1,'webhook','{\"id\":\"evt_d545b50fbb17a226c5f4f4fd193922b7&1256587493\",\"event\":\"PAYMENT_DELETED\",\"dateCreated\":\"2026-03-13 18:36:40\",\"account\":{\"id\":\"bf0e448f-b995-4e06-ba92-c20cef54439d\",\"ownerId\":null},\"payment\":{\"object\":\"payment\",\"id\":\"pay_flkxyj1ah2hsim03\",\"dateCreated\":\"2026-03-12\",\"customer\":\"cus_000165729598\",\"checkoutSession\":null,\"paymentLink\":null,\"value\":100,\"netValue\":99.01,\"originalValue\":null,\"interestValue\":null,\"description\":\"Alguel\",\"billingType\":\"BOLETO\",\"canBePaidAfterDueDate\":true,\"pixTransaction\":null,\"status\":\"PENDING\",\"dueDate\":\"2026-03-16\",\"originalDueDate\":\"2026-03-16\",\"paymentDate\":null,\"clientPaymentDate\":null,\"installmentNumber\":null,\"invoiceUrl\":\"https:\\/\\/www.asaas.com\\/i\\/flkxyj1ah2hsim03\",\"invoiceNumber\":\"764139627\",\"externalReference\":\"4\",\"deleted\":true,\"anticipated\":false,\"anticipable\":false,\"creditDate\":null,\"estimatedCreditDate\":null,\"transactionReceiptUrl\":\"https:\\/\\/www.asaas.com\\/comprovantes\\/h\\/UEFZTUVOVF9ERUxFVEVEOnBheV9mbGt4eWoxYWgyaHNpbTAz\",\"nossoNumero\":\"420363587\",\"bankSlipUrl\":\"https:\\/\\/www.asaas.com\\/b\\/pdf\\/flkxyj1ah2hsim03\",\"lastInvoiceViewedDate\":null,\"lastBankSlipViewedDate\":\"2026-03-12T18:06:03Z\",\"discount\":{\"value\":0,\"limitDate\":null,\"dueDateLimitDays\":0,\"type\":\"FIXED\"},\"fine\":{\"value\":0,\"type\":\"FIXED\"},\"interest\":{\"value\":0,\"type\":\"PERCENTAGE\"},\"postalService\":false,\"escrow\":null,\"refunds\":null}}','2026-03-13 18:36:41'),
(11,NULL,1,'geracao','{\"request\":{\"code\":\"4\",\"customer\":{\"name\":\"PRIME VIDEO LTDA\",\"document\":{\"identity\":\"68634245000104\",\"type\":\"CNPJ\"},\"email\":\"gestornow0@gmail.com\",\"address\":{\"street\":\"AVENIDA SUBURBANA\",\"number\":\"7471\",\"district\":\"ABOLICAO\",\"city\":\"S\\u00e3o Paulo\",\"state\":\"SP\",\"complement\":\"SALA 201 PARTE\",\"zip_code\":\"20751000\"}},\"services\":[{\"name\":\"Alguel\",\"description\":\"Alguel\",\"amount\":10000}],\"payment_terms\":{\"due_date\":\"2026-03-16\"},\"payment_forms\":[\"BANK_SLIP\",\"PIX\"]},\"idempotency_key\":\"eb4cef65-1b5f-e03d-2969-d49549436244\"}','2026-03-16 10:28:06'),
(12,NULL,1,'geracao','{\"request\":{\"code\":\"4\",\"customer\":{\"name\":\"PRIME VIDEO LTDA\",\"document\":{\"identity\":\"68634245000104\",\"type\":\"CNPJ\"},\"email\":\"gestornow0@gmail.com\",\"address\":{\"street\":\"AVENIDA SUBURBANA\",\"number\":\"7471\",\"district\":\"ABOLICAO\",\"city\":\"S\\u00e3o Paulo\",\"state\":\"SP\",\"complement\":\"SALA 201 PARTE\",\"zip_code\":\"20751000\"}},\"services\":[{\"name\":\"Alguel\",\"description\":\"Alguel\",\"amount\":10000}],\"payment_terms\":{\"due_date\":\"2026-03-16\"},\"payment_forms\":[\"BANK_SLIP\",\"PIX\"]},\"response\":{\"code\":\"invalid_request\",\"message\":\"Request has invalid parameters\",\"errors\":[{\"code\":\"Authorization\",\"message\":\"header is required\"}]},\"http_code\":400,\"idempotency_key\":\"eb4cef65-1b5f-e03d-2969-d49549436244\"}','2026-03-16 10:28:07'),
(13,NULL,1,'geracao','{\"request\":{\"code\":\"4\",\"customer\":{\"name\":\"PRIME VIDEO LTDA\",\"document\":{\"identity\":\"68634245000104\",\"type\":\"CNPJ\"},\"email\":\"gestornow0@gmail.com\",\"address\":{\"street\":\"AVENIDA SUBURBANA\",\"number\":\"7471\",\"district\":\"ABOLICAO\",\"city\":\"S\\u00e3o Paulo\",\"state\":\"SP\",\"complement\":\"SALA 201 PARTE\",\"zip_code\":\"20751000\"}},\"services\":[{\"name\":\"Alguel\",\"description\":\"Alguel\",\"amount\":10000}],\"payment_terms\":{\"due_date\":\"2026-03-16\"},\"payment_forms\":[\"BANK_SLIP\",\"PIX\"]},\"idempotency_key\":\"eb4cef65-1b5f-e03d-2969-d49549436244\"}','2026-03-16 10:30:14'),
(14,NULL,1,'geracao','{\"request\":{\"code\":\"4\",\"customer\":{\"name\":\"PRIME VIDEO LTDA\",\"document\":{\"identity\":\"68634245000104\",\"type\":\"CNPJ\"},\"email\":\"gestornow0@gmail.com\",\"address\":{\"street\":\"AVENIDA SUBURBANA\",\"number\":\"7471\",\"district\":\"ABOLICAO\",\"city\":\"S\\u00e3o Paulo\",\"state\":\"SP\",\"complement\":\"SALA 201 PARTE\",\"zip_code\":\"20751000\"}},\"services\":[{\"name\":\"Alguel\",\"description\":\"Alguel\",\"amount\":10000}],\"payment_terms\":{\"due_date\":\"2026-03-16\"},\"payment_forms\":[\"BANK_SLIP\",\"PIX\"]},\"response\":{\"code\":\"invalid_request\",\"message\":\"Request has invalid parameters\",\"errors\":[{\"code\":\"Authorization\",\"message\":\"header is required\"}]},\"http_code\":400,\"idempotency_key\":\"eb4cef65-1b5f-e03d-2969-d49549436244\"}','2026-03-16 10:30:15'),
(15,NULL,1,'geracao','{\"request\":{\"code\":\"4\",\"customer\":{\"name\":\"PRIME VIDEO LTDA\",\"document\":{\"identity\":\"68634245000104\",\"type\":\"CNPJ\"},\"email\":\"gestornow0@gmail.com\",\"address\":{\"street\":\"AVENIDA SUBURBANA\",\"number\":\"7471\",\"district\":\"ABOLICAO\",\"city\":\"S\\u00e3o Paulo\",\"state\":\"SP\",\"complement\":\"SALA 201 PARTE\",\"zip_code\":\"20751000\"}},\"services\":[{\"name\":\"Alguel\",\"description\":\"Alguel\",\"amount\":10000}],\"payment_terms\":{\"due_date\":\"2026-03-16\"},\"payment_forms\":[\"BANK_SLIP\",\"PIX\"]},\"idempotency_key\":\"eb4cef65-1b5f-e03d-2969-d49549436244\"}','2026-03-16 10:30:44'),
(16,NULL,1,'geracao','{\"request\":{\"code\":\"4\",\"customer\":{\"name\":\"PRIME VIDEO LTDA\",\"document\":{\"identity\":\"68634245000104\",\"type\":\"CNPJ\"},\"email\":\"gestornow0@gmail.com\",\"address\":{\"street\":\"AVENIDA SUBURBANA\",\"number\":\"7471\",\"district\":\"ABOLICAO\",\"city\":\"S\\u00e3o Paulo\",\"state\":\"SP\",\"complement\":\"SALA 201 PARTE\",\"zip_code\":\"20751000\"}},\"services\":[{\"name\":\"Alguel\",\"description\":\"Alguel\",\"amount\":10000}],\"payment_terms\":{\"due_date\":\"2026-03-16\"},\"payment_forms\":[\"BANK_SLIP\",\"PIX\"]},\"response\":{\"code\":\"invalid_request\",\"message\":\"Request has invalid parameters\",\"errors\":[{\"code\":\"Authorization\",\"message\":\"header is required\"}]},\"http_code\":400,\"idempotency_key\":\"eb4cef65-1b5f-e03d-2969-d49549436244\"}','2026-03-16 10:30:45'),
(17,NULL,1,'geracao','{\"request\":{\"code\":\"4\",\"customer\":{\"name\":\"PRIME VIDEO LTDA\",\"document\":{\"identity\":\"68634245000104\",\"type\":\"CNPJ\"},\"email\":\"gestornow0@gmail.com\",\"address\":{\"street\":\"AVENIDA SUBURBANA\",\"number\":\"7471\",\"district\":\"ABOLICAO\",\"city\":\"S\\u00e3o Paulo\",\"state\":\"SP\",\"complement\":\"SALA 201 PARTE\",\"zip_code\":\"20751000\"}},\"services\":[{\"name\":\"Alguel\",\"description\":\"Alguel\",\"amount\":10000}],\"payment_terms\":{\"due_date\":\"2026-03-16\"},\"payment_forms\":[\"BANK_SLIP\",\"PIX\"]},\"idempotency_key\":\"cef2b439-0b5e-4a43-986e-c55953594bfc\"}','2026-03-16 10:34:03'),
(18,NULL,1,'geracao','{\"request\":{\"code\":\"4\",\"customer\":{\"name\":\"PRIME VIDEO LTDA\",\"document\":{\"identity\":\"68634245000104\",\"type\":\"CNPJ\"},\"email\":\"gestornow0@gmail.com\",\"address\":{\"street\":\"AVENIDA SUBURBANA\",\"number\":\"7471\",\"district\":\"ABOLICAO\",\"city\":\"S\\u00e3o Paulo\",\"state\":\"SP\",\"complement\":\"SALA 201 PARTE\",\"zip_code\":\"20751000\"}},\"services\":[{\"name\":\"Alguel\",\"description\":\"Alguel\",\"amount\":10000}],\"payment_terms\":{\"due_date\":\"2026-03-16\"},\"payment_forms\":[\"BANK_SLIP\",\"PIX\"]},\"response\":{\"code\":\"invalid_request\",\"message\":\"Request has invalid parameters\",\"errors\":[{\"code\":\"Authorization\",\"message\":\"header is required\"}]},\"http_code\":400,\"idempotency_key\":\"cef2b439-0b5e-4a43-986e-c55953594bfc\"}','2026-03-16 10:34:04'),
(19,NULL,1,'geracao','{\"request\":{\"code\":\"4\",\"customer\":{\"name\":\"PRIME VIDEO LTDA\",\"document\":{\"identity\":\"68634245000104\",\"type\":\"CNPJ\"},\"email\":\"gestornow0@gmail.com\",\"address\":{\"street\":\"AVENIDA SUBURBANA\",\"number\":\"7471\",\"district\":\"ABOLICAO\",\"city\":\"S\\u00e3o Paulo\",\"state\":\"SP\",\"complement\":\"SALA 201 PARTE\",\"zip_code\":\"20751000\"}},\"services\":[{\"name\":\"Alguel\",\"description\":\"Alguel\",\"amount\":10000}],\"payment_terms\":{\"due_date\":\"2026-03-16\"},\"payment_forms\":[\"BANK_SLIP\",\"PIX\"]},\"idempotency_key\":\"62486898-554a-40ff-abe2-6e16fa5924ab\"}','2026-03-16 10:56:19'),
(20,NULL,1,'geracao','{\"request\":{\"code\":\"4\",\"customer\":{\"name\":\"PRIME VIDEO LTDA\",\"document\":{\"identity\":\"68634245000104\",\"type\":\"CNPJ\"},\"email\":\"gestornow0@gmail.com\",\"address\":{\"street\":\"AVENIDA SUBURBANA\",\"number\":\"7471\",\"district\":\"ABOLICAO\",\"city\":\"S\\u00e3o Paulo\",\"state\":\"SP\",\"complement\":\"SALA 201 PARTE\",\"zip_code\":\"20751000\"}},\"services\":[{\"name\":\"Alguel\",\"description\":\"Alguel\",\"amount\":10000}],\"payment_terms\":{\"due_date\":\"2026-03-16\"},\"payment_forms\":[\"BANK_SLIP\",\"PIX\"]},\"idempotency_key\":\"41949d85-a257-4532-955e-f4e85ec1c73c\"}','2026-03-16 10:59:23'),
(21,NULL,1,'geracao','{\"request\":{\"code\":\"4\",\"customer\":{\"name\":\"PRIME VIDEO LTDA\",\"document\":{\"identity\":\"68634245000104\",\"type\":\"CNPJ\"},\"email\":\"gestornow0@gmail.com\",\"address\":{\"street\":\"AVENIDA SUBURBANA\",\"number\":\"7471\",\"district\":\"ABOLICAO\",\"city\":\"S\\u00e3o Paulo\",\"state\":\"SP\",\"complement\":\"SALA 201 PARTE\",\"zip_code\":\"20751000\"}},\"services\":[{\"name\":\"Alguel\",\"description\":\"Alguel\",\"amount\":10000}],\"payment_terms\":{\"due_date\":\"2026-03-16\"},\"payment_forms\":[\"BANK_SLIP\",\"PIX\"]},\"idempotency_key\":\"b82ede25-42fb-4cd5-90a9-12eb306615be\"}','2026-03-16 12:10:11'),
(22,NULL,1,'geracao','{\"request\":{\"code\":\"4\",\"customer\":{\"name\":\"PRIME VIDEO LTDA\",\"document\":{\"identity\":\"68634245000104\",\"type\":\"CNPJ\"},\"email\":\"gestornow0@gmail.com\",\"address\":{\"street\":\"AVENIDA SUBURBANA\",\"number\":\"7471\",\"district\":\"ABOLICAO\",\"city\":\"S\\u00e3o Paulo\",\"state\":\"SP\",\"complement\":\"SALA 201 PARTE\",\"zip_code\":\"20751000\"}},\"services\":[{\"name\":\"Alguel\",\"description\":\"Alguel\",\"amount\":10000}],\"payment_terms\":{\"due_date\":\"2026-03-16\"},\"payment_forms\":[\"BANK_SLIP\",\"PIX\"]},\"idempotency_key\":\"ee4dbc2e-e8f9-4058-a591-1659abea9040\"}','2026-03-16 12:18:43'),
(23,NULL,1,'geracao','{\"request\":{\"code\":\"GN-1-4\",\"customer\":{\"name\":\"PRIME VIDEO LTDA\",\"document\":{\"identity\":\"68634245000104\",\"type\":\"CNPJ\"},\"email\":\"gestornow0@gmail.com\",\"address\":{\"street\":\"AVENIDA SUBURBANA\",\"number\":\"7471\",\"district\":\"ABOLICAO\",\"city\":\"S\\u00e3o Paulo\",\"state\":\"SP\",\"complement\":\"SALA 201 PARTE\",\"zip_code\":\"20751000\",\"country\":\"BR\"}},\"services\":[{\"name\":\"Cobranca\",\"description\":\"Alguel\",\"amount\":10000}],\"payment_terms\":{\"due_date\":\"2026-03-16\"},\"payment_forms\":[\"BANK_SLIP\",\"PIX\"]},\"etapa\":\"iniciando_emissao_cora\"}','2026-03-16 12:42:04'),
(24,NULL,1,'geracao','{\"request\":{\"code\":\"GN-1-4\",\"customer\":{\"name\":\"PRIME VIDEO LTDA\",\"document\":{\"identity\":\"68634245000104\",\"type\":\"CNPJ\"},\"email\":\"gestornow0@gmail.com\",\"address\":{\"street\":\"AVENIDA SUBURBANA\",\"number\":\"7471\",\"district\":\"ABOLICAO\",\"city\":\"S\\u00e3o Paulo\",\"state\":\"SP\",\"complement\":\"SALA 201 PARTE\",\"zip_code\":\"20751000\",\"country\":\"BR\"}},\"services\":[{\"name\":\"Cobranca\",\"description\":\"Alguel\",\"amount\":10000}],\"payment_terms\":{\"due_date\":\"2026-03-16\"},\"payment_forms\":[\"BANK_SLIP\",\"PIX\"]},\"idempotency_key\":\"8b669f3f-c6eb-40cd-b1a4-9f272b132fe8\",\"response\":{\"code\":\"invalid_request\",\"message\":\"Request has invalid parameters\",\"errors\":[{\"code\":\"Authorization\",\"message\":\"header is required\"}]},\"http_code\":400}','2026-03-16 12:42:05'),
(25,NULL,1,'geracao','{\"request\":{\"code\":\"conta_4_20260316134330\",\"customer\":{\"name\":\"PRIME VIDEO LTDA\",\"email\":\"gestornow0@gmail.com\",\"document\":{\"identity\":\"68634245000104\",\"type\":\"CNPJ\"},\"address\":{\"street\":\"AVENIDA SUBURBANA\",\"number\":\"7471\",\"district\":\"ABOLICAO\",\"city\":\"S\\u00e3o Paulo\",\"state\":\"SP\",\"complement\":\"SALA 201 PARTE\",\"zip_code\":\"20751000\"}},\"services\":[{\"name\":\"Alguel\",\"description\":\"Alguel\",\"amount\":10000}],\"payment_terms\":{\"due_date\":\"2026-03-16\"},\"payment_forms\":[\"BANK_SLIP\"]},\"integracao\":\"cora\"}','2026-03-16 13:43:30'),
(26,NULL,1,'geracao','{\"request\":{\"code\":\"conta_4_20260316134330\",\"customer\":{\"name\":\"PRIME VIDEO LTDA\",\"email\":\"gestornow0@gmail.com\",\"document\":{\"identity\":\"68634245000104\",\"type\":\"CNPJ\"},\"address\":{\"street\":\"AVENIDA SUBURBANA\",\"number\":\"7471\",\"district\":\"ABOLICAO\",\"city\":\"S\\u00e3o Paulo\",\"state\":\"SP\",\"complement\":\"SALA 201 PARTE\",\"zip_code\":\"20751000\"}},\"services\":[{\"name\":\"Alguel\",\"description\":\"Alguel\",\"amount\":10000}],\"payment_terms\":{\"due_date\":\"2026-03-16\"},\"payment_forms\":[\"BANK_SLIP\"]},\"response\":{\"code\":\"invalid_request\",\"message\":\"Request has invalid parameters\",\"errors\":[{\"code\":\"Authorization\",\"message\":\"header is required\"}]},\"http_code\":400,\"integracao\":\"cora\"}','2026-03-16 13:43:31'),
(27,NULL,1,'geracao','{\"request\":{\"code\":\"conta_4_20260316134646\",\"customer\":{\"name\":\"PRIME VIDEO LTDA\",\"email\":\"gestornow0@gmail.com\",\"document\":{\"identity\":\"68634245000104\",\"type\":\"CNPJ\"},\"address\":{\"street\":\"AVENIDA SUBURBANA\",\"number\":\"7471\",\"district\":\"ABOLICAO\",\"city\":\"S\\u00e3o Paulo\",\"state\":\"SP\",\"complement\":\"SALA 201 PARTE\",\"zip_code\":\"20751000\"}},\"services\":[{\"name\":\"Alguel\",\"description\":\"Alguel\",\"amount\":10000}],\"payment_terms\":{\"due_date\":\"2026-03-16\"},\"payment_forms\":[\"BANK_SLIP\"]},\"integracao\":\"cora\"}','2026-03-16 13:46:46'),
(28,NULL,1,'geracao','{\"request\":{\"code\":\"conta_4_20260316134646\",\"customer\":{\"name\":\"PRIME VIDEO LTDA\",\"email\":\"gestornow0@gmail.com\",\"document\":{\"identity\":\"68634245000104\",\"type\":\"CNPJ\"},\"address\":{\"street\":\"AVENIDA SUBURBANA\",\"number\":\"7471\",\"district\":\"ABOLICAO\",\"city\":\"S\\u00e3o Paulo\",\"state\":\"SP\",\"complement\":\"SALA 201 PARTE\",\"zip_code\":\"20751000\"}},\"services\":[{\"name\":\"Alguel\",\"description\":\"Alguel\",\"amount\":10000}],\"payment_terms\":{\"due_date\":\"2026-03-16\"},\"payment_forms\":[\"BANK_SLIP\"]},\"response\":{\"code\":\"invalid_request\",\"message\":\"Request has invalid parameters\",\"errors\":[{\"code\":\"Authorization\",\"message\":\"header is required\"}]},\"http_code\":400,\"integracao\":\"cora\"}','2026-03-16 13:46:47'),
(29,NULL,1,'geracao','{\"request\":{\"code\":\"conta_4_20260316135012\",\"customer\":{\"name\":\"PRIME VIDEO LTDA\",\"email\":\"gestornow0@gmail.com\",\"document\":{\"identity\":\"68634245000104\",\"type\":\"CNPJ\"},\"address\":{\"street\":\"AVENIDA SUBURBANA\",\"number\":\"7471\",\"district\":\"ABOLICAO\",\"city\":\"S\\u00e3o Paulo\",\"state\":\"SP\",\"complement\":\"SALA 201 PARTE\",\"zip_code\":\"20751000\"}},\"services\":[{\"name\":\"Alguel\",\"description\":\"Alguel\",\"amount\":10000}],\"payment_terms\":{\"due_date\":\"2026-03-16\"},\"payment_forms\":[\"BANK_SLIP\"]},\"integracao\":\"cora\"}','2026-03-16 13:50:12'),
(30,NULL,1,'geracao','{\"request\":{\"code\":\"conta_4_20260316135012\",\"customer\":{\"name\":\"PRIME VIDEO LTDA\",\"email\":\"gestornow0@gmail.com\",\"document\":{\"identity\":\"68634245000104\",\"type\":\"CNPJ\"},\"address\":{\"street\":\"AVENIDA SUBURBANA\",\"number\":\"7471\",\"district\":\"ABOLICAO\",\"city\":\"S\\u00e3o Paulo\",\"state\":\"SP\",\"complement\":\"SALA 201 PARTE\",\"zip_code\":\"20751000\"}},\"services\":[{\"name\":\"Alguel\",\"description\":\"Alguel\",\"amount\":10000}],\"payment_terms\":{\"due_date\":\"2026-03-16\"},\"payment_forms\":[\"BANK_SLIP\"]},\"response\":{\"code\":\"invalid_request\",\"message\":\"Request has invalid parameters\",\"errors\":[{\"code\":\"Authorization\",\"message\":\"header is required\"}]},\"http_code\":400,\"integracao\":\"cora\"}','2026-03-16 13:50:13'),
(31,NULL,1,'geracao','{\"request\":{\"code\":\"conta_4_20260316135105\",\"customer\":{\"name\":\"PRIME VIDEO LTDA\",\"email\":\"gestornow0@gmail.com\",\"document\":{\"identity\":\"68634245000104\",\"type\":\"CNPJ\"},\"address\":{\"street\":\"AVENIDA SUBURBANA\",\"number\":\"7471\",\"district\":\"ABOLICAO\",\"city\":\"S\\u00e3o Paulo\",\"state\":\"SP\",\"complement\":\"SALA 201 PARTE\",\"zip_code\":\"20751000\"}},\"services\":[{\"name\":\"Alguel\",\"description\":\"Alguel\",\"amount\":10000}],\"payment_terms\":{\"due_date\":\"2026-03-16\"},\"payment_forms\":[\"BANK_SLIP\"]},\"integracao\":\"cora\"}','2026-03-16 13:51:05'),
(32,NULL,1,'geracao','{\"request\":{\"code\":\"conta_4_20260316135105\",\"customer\":{\"name\":\"PRIME VIDEO LTDA\",\"email\":\"gestornow0@gmail.com\",\"document\":{\"identity\":\"68634245000104\",\"type\":\"CNPJ\"},\"address\":{\"street\":\"AVENIDA SUBURBANA\",\"number\":\"7471\",\"district\":\"ABOLICAO\",\"city\":\"S\\u00e3o Paulo\",\"state\":\"SP\",\"complement\":\"SALA 201 PARTE\",\"zip_code\":\"20751000\"}},\"services\":[{\"name\":\"Alguel\",\"description\":\"Alguel\",\"amount\":10000}],\"payment_terms\":{\"due_date\":\"2026-03-16\"},\"payment_forms\":[\"BANK_SLIP\"]},\"response\":{\"code\":\"invalid_request\",\"message\":\"Request has invalid parameters\",\"errors\":[{\"code\":\"Authorization\",\"message\":\"header is required\"}]},\"http_code\":400,\"integracao\":\"cora\"}','2026-03-16 13:51:06'),
(33,NULL,1,'geracao','{\"request\":{\"code\":\"conta_4_20260316135233\",\"customer\":{\"name\":\"PRIME VIDEO LTDA\",\"email\":\"gestornow0@gmail.com\",\"document\":{\"identity\":\"68634245000104\",\"type\":\"CNPJ\"},\"address\":{\"street\":\"AVENIDA SUBURBANA\",\"number\":\"7471\",\"district\":\"ABOLICAO\",\"city\":\"S\\u00e3o Paulo\",\"state\":\"SP\",\"complement\":\"SALA 201 PARTE\",\"zip_code\":\"20751000\"}},\"services\":[{\"name\":\"Alguel\",\"description\":\"Alguel\",\"amount\":10000}],\"payment_terms\":{\"due_date\":\"2026-03-16\"},\"payment_forms\":[\"BANK_SLIP\"]},\"integracao\":\"cora\"}','2026-03-16 13:52:33'),
(34,NULL,1,'geracao','{\"request\":{\"code\":\"conta_4_20260316135233\",\"customer\":{\"name\":\"PRIME VIDEO LTDA\",\"email\":\"gestornow0@gmail.com\",\"document\":{\"identity\":\"68634245000104\",\"type\":\"CNPJ\"},\"address\":{\"street\":\"AVENIDA SUBURBANA\",\"number\":\"7471\",\"district\":\"ABOLICAO\",\"city\":\"S\\u00e3o Paulo\",\"state\":\"SP\",\"complement\":\"SALA 201 PARTE\",\"zip_code\":\"20751000\"}},\"services\":[{\"name\":\"Alguel\",\"description\":\"Alguel\",\"amount\":10000}],\"payment_terms\":{\"due_date\":\"2026-03-16\"},\"payment_forms\":[\"BANK_SLIP\"]},\"response\":{\"code\":\"invalid_request\",\"message\":\"Request has invalid parameters\",\"errors\":[{\"code\":\"Authorization\",\"message\":\"header is required\"}]},\"http_code\":400,\"integracao\":\"cora\"}','2026-03-16 13:52:34'),
(35,3,1,'geracao','{\"request\":{\"type\":\"online\",\"external_reference\":\"4\",\"processing_mode\":\"automatic\",\"total_amount\":\"100.00\",\"description\":\"Alguel\",\"payer\":{\"email\":\"gestornow0@gmail.com\",\"first_name\":\"PRIME\",\"last_name\":\"VIDEO LTDA\",\"identification\":{\"type\":\"CNPJ\",\"number\":\"68634245000104\"},\"address\":{\"street_name\":\"AVENIDA SUBURBANA\",\"street_number\":\"7471\",\"zip_code\":\"20751000\",\"neighborhood\":\"ABOLICAO\",\"state\":\"SP\",\"city\":\"S\\u00e3o Paulo\"}},\"transactions\":{\"payments\":[{\"amount\":\"100.00\",\"payment_method\":{\"id\":\"boleto\",\"type\":\"ticket\"},\"expiration_time\":\"P1D\"}]}},\"etapa\":\"iniciando_mercado_pago_order\"}','2026-03-16 15:24:09'),
(36,3,1,'geracao','{\"request\":{\"type\":\"online\",\"external_reference\":\"4\",\"processing_mode\":\"automatic\",\"total_amount\":\"100.00\",\"description\":\"Alguel\",\"payer\":{\"email\":\"gestornow0@gmail.com\",\"first_name\":\"PRIME\",\"last_name\":\"VIDEO LTDA\",\"identification\":{\"type\":\"CNPJ\",\"number\":\"68634245000104\"},\"address\":{\"street_name\":\"AVENIDA SUBURBANA\",\"street_number\":\"7471\",\"zip_code\":\"20751000\",\"neighborhood\":\"ABOLICAO\",\"state\":\"SP\",\"city\":\"S\\u00e3o Paulo\"}},\"transactions\":{\"payments\":[{\"amount\":\"100.00\",\"payment_method\":{\"id\":\"boleto\",\"type\":\"ticket\"},\"expiration_time\":\"P1D\"}]}},\"response\":{\"id\":\"ORD01KKVY88Z90D6BP21C0591A6JQ\",\"type\":\"online\",\"processing_mode\":\"automatic\",\"external_reference\":\"4\",\"description\":\"Alguel\",\"total_amount\":\"100.00\",\"total_paid_amount\":\"100.00\",\"country_code\":\"BRA\",\"user_id\":\"711799906\",\"status\":\"action_required\",\"status_detail\":\"waiting_payment\",\"capture_mode\":\"automatic_async\",\"currency\":\"BRL\",\"created_date\":\"2026-03-16T18:24:09.716Z\",\"last_updated_date\":\"2026-03-16T18:24:14.396Z\",\"integration_data\":{\"application_id\":\"2191022570663580\"},\"transactions\":{\"payments\":[{\"id\":\"PAY01KKVY88ZMV8JAXJ7G77C0ASTG\",\"amount\":\"100.00\",\"expiration_time\":\"P1D\",\"date_of_expiration\":\"2026-03-18T02:59:59.000+00:00\",\"reference_id\":\"000a22y6fx\",\"status\":\"action_required\",\"status_detail\":\"waiting_payment\",\"payment_method\":{\"id\":\"boleto\",\"type\":\"ticket\",\"ticket_url\":\"https:\\/\\/www.mercadopago.com.br\\/payments\\/150615176998\\/ticket?caller_id=3271155889&payment_method_id=bolbradesco&payment_id=150615176998&payment_method_reference_id=10558884368&hash=554b405b-be28-4096-a993-05f4b9c40392\",\"barcode_content\":\"37698138800000100000001000105671000011305218\",\"reference\":\"10558884368\",\"verification_code\":\"00011305218\",\"digitable_line\":\"37690001040010567100200113052187813880000010000\"}}]}},\"http_code\":201,\"idempotency_key\":\"1bb2c027-c76e-454b-9179-1483040c79e6\"}','2026-03-16 15:24:14'),
(37,NULL,1,'geracao','{\"request\":{\"type\":\"online\",\"external_reference\":\"7\",\"processing_mode\":\"automatic\",\"total_amount\":\"2.50\",\"description\":\"Teste MP\",\"payer\":{\"email\":\"gestornow0@gmail.com\",\"first_name\":\"PRIME\",\"last_name\":\"VIDEO LTDA\",\"identification\":{\"type\":\"CNPJ\",\"number\":\"68634245000104\"},\"address\":{\"street_name\":\"AVENIDA SUBURBANA\",\"street_number\":\"7471\",\"zip_code\":\"20751000\",\"neighborhood\":\"ABOLICAO\",\"state\":\"SP\",\"city\":\"S\\u00e3o Paulo\"}},\"transactions\":{\"payments\":[{\"amount\":\"2.50\",\"payment_method\":{\"id\":\"boleto\",\"type\":\"ticket\"},\"expiration_time\":\"P4D\"}]}},\"etapa\":\"iniciando_mercado_pago_order\"}','2026-03-16 15:28:59'),
(38,NULL,1,'geracao','{\"request\":{\"type\":\"online\",\"external_reference\":\"7\",\"processing_mode\":\"automatic\",\"total_amount\":\"2.50\",\"description\":\"Teste MP\",\"payer\":{\"email\":\"gestornow0@gmail.com\",\"first_name\":\"PRIME\",\"last_name\":\"VIDEO LTDA\",\"identification\":{\"type\":\"CNPJ\",\"number\":\"68634245000104\"},\"address\":{\"street_name\":\"AVENIDA SUBURBANA\",\"street_number\":\"7471\",\"zip_code\":\"20751000\",\"neighborhood\":\"ABOLICAO\",\"state\":\"SP\",\"city\":\"S\\u00e3o Paulo\"}},\"transactions\":{\"payments\":[{\"amount\":\"2.50\",\"payment_method\":{\"id\":\"boleto\",\"type\":\"ticket\"},\"expiration_time\":\"P4D\"}]}},\"response\":{\"errors\":[{\"code\":\"unprocessable_content\",\"message\":\"Unprocessable Entity\"}]},\"http_code\":422,\"idempotency_key\":\"1e504170-d268-4bc8-b5a6-1574badc8d85\"}','2026-03-16 15:29:00'),
(39,4,1,'geracao','{\"request\":{\"type\":\"online\",\"external_reference\":\"7\",\"processing_mode\":\"automatic\",\"total_amount\":\"5.00\",\"description\":\"Teste MP\",\"payer\":{\"email\":\"gestornow0@gmail.com\",\"first_name\":\"PRIME\",\"last_name\":\"VIDEO LTDA\",\"identification\":{\"type\":\"CNPJ\",\"number\":\"68634245000104\"},\"address\":{\"street_name\":\"AVENIDA SUBURBANA\",\"street_number\":\"7471\",\"zip_code\":\"20751000\",\"neighborhood\":\"ABOLICAO\",\"state\":\"SP\",\"city\":\"S\\u00e3o Paulo\"}},\"transactions\":{\"payments\":[{\"amount\":\"5.00\",\"payment_method\":{\"id\":\"boleto\",\"type\":\"ticket\"},\"expiration_time\":\"P4D\"}]}},\"etapa\":\"iniciando_mercado_pago_order\"}','2026-03-16 15:29:20'),
(40,4,1,'geracao','{\"request\":{\"type\":\"online\",\"external_reference\":\"7\",\"processing_mode\":\"automatic\",\"total_amount\":\"5.00\",\"description\":\"Teste MP\",\"payer\":{\"email\":\"gestornow0@gmail.com\",\"first_name\":\"PRIME\",\"last_name\":\"VIDEO LTDA\",\"identification\":{\"type\":\"CNPJ\",\"number\":\"68634245000104\"},\"address\":{\"street_name\":\"AVENIDA SUBURBANA\",\"street_number\":\"7471\",\"zip_code\":\"20751000\",\"neighborhood\":\"ABOLICAO\",\"state\":\"SP\",\"city\":\"S\\u00e3o Paulo\"}},\"transactions\":{\"payments\":[{\"amount\":\"5.00\",\"payment_method\":{\"id\":\"boleto\",\"type\":\"ticket\"},\"expiration_time\":\"P4D\"}]}},\"response\":{\"id\":\"ORD01KKVYHRQETAN4DGN7YKX1437A\",\"type\":\"online\",\"processing_mode\":\"automatic\",\"external_reference\":\"7\",\"description\":\"Teste MP\",\"total_amount\":\"5.00\",\"total_paid_amount\":\"5.00\",\"country_code\":\"BRA\",\"user_id\":\"711799906\",\"status\":\"action_required\",\"status_detail\":\"waiting_payment\",\"capture_mode\":\"automatic_async\",\"currency\":\"BRL\",\"created_date\":\"2026-03-16T18:29:20.762Z\",\"last_updated_date\":\"2026-03-16T18:29:22.887Z\",\"integration_data\":{\"application_id\":\"2191022570663580\"},\"transactions\":{\"payments\":[{\"id\":\"PAY01KKVYHRQT9FGPX5RM1ZNYSPVF\",\"amount\":\"5.00\",\"expiration_time\":\"P4D\",\"date_of_expiration\":\"2026-03-21T02:59:59.000+00:00\",\"reference_id\":\"000a233y8f\",\"status\":\"action_required\",\"status_detail\":\"waiting_payment\",\"payment_method\":{\"id\":\"boleto\",\"type\":\"ticket\",\"ticket_url\":\"https:\\/\\/www.mercadopago.com.br\\/payments\\/149892642579\\/ticket?caller_id=3271155889&payment_method_id=bolbradesco&payment_id=149892642579&payment_method_reference_id=10558885620&hash=d5ffbe46-ad1d-4895-b2c2-1851f75e6e4f\",\"barcode_content\":\"42292139100000005007115000064897310904259102\",\"reference\":\"10558885620\",\"verification_code\":\"090425910\",\"digitable_line\":\"42297115040006489731709042591025213910000000500\"}}]}},\"http_code\":201,\"idempotency_key\":\"40fadc85-d055-4327-9a1b-b231ca933985\"}','2026-03-16 15:29:23'),
(41,4,1,'webhook','{\"action\":\"order.action_required\",\"api_version\":\"v1\",\"application_id\":\"2191022570663580\",\"data\":{\"currency_id\":\"BRL\",\"external_reference\":\"7\",\"id\":\"ORD01KKVYHRQETAN4DGN7YKX1437A\",\"status\":\"action_required\",\"status_detail\":\"waiting_payment\",\"total_amount\":\"5.00\",\"total_paid_amount\":\"5.00\",\"transactions\":{\"payments\":[{\"amount\":\"5.00\",\"id\":\"PAY01KKVYHRQT9FGPX5RM1ZNYSPVF\",\"payment_method\":{\"id\":\"boleto\",\"installments\":0,\"type\":\"ticket\"},\"reference\":{\"id\":\"000a233y8f\"},\"status\":\"action_required\",\"status_detail\":\"waiting_payment\"}]},\"type\":\"online\",\"version\":1},\"date_created\":\"2026-03-16T18:29:22.887287102Z\",\"live_mode\":true,\"type\":\"order\",\"user_id\":\"711799906\"}','2026-03-16 15:29:24'),
(42,4,1,'webhook','{\"action\":\"order.action_required\",\"api_version\":\"v1\",\"application_id\":\"2191022570663580\",\"data\":{\"currency_id\":\"BRL\",\"external_reference\":\"7\",\"id\":\"ORD01KKVYHRQETAN4DGN7YKX1437A\",\"status\":\"action_required\",\"status_detail\":\"waiting_payment\",\"total_amount\":\"5.00\",\"total_paid_amount\":\"5.00\",\"transactions\":{\"payments\":[{\"amount\":\"5.00\",\"id\":\"PAY01KKVYHRQT9FGPX5RM1ZNYSPVF\",\"payment_method\":{\"id\":\"bolbradesco\",\"installments\":0,\"type\":\"ticket\"},\"reference\":{\"id\":\"000a233y8f\"},\"status\":\"action_required\",\"status_detail\":\"waiting_payment\"}]},\"type\":\"online\",\"version\":2},\"date_created\":\"2026-03-16T18:29:23.223437952Z\",\"live_mode\":true,\"type\":\"order\",\"user_id\":\"711799906\"}','2026-03-16 15:29:59'),
(43,4,1,'webhook','{\"action\":\"payment.updated\",\"api_version\":\"v1\",\"data\":{\"id\":\"ORD01KKVYHRQETAN4DGN7YKX1437A\"},\"date_created\":\"2026-03-16T15:00:00Z\",\"id\":\"evt_test_mercadopago_001\",\"live_mode\":false,\"type\":\"payment\",\"user_id\":711799906}','2026-03-16 15:35:18'),
(44,4,1,'webhook','{\"status_detail\":\"accredited\",\"action\":\"payment.updated\",\"data\":{\"id\":\"ORD01KKVYHRQETAN4DGN7YKX1437A\"},\"id\":\"evt_test_paid_001\",\"type\":\"payment\",\"live_mode\":false,\"status\":\"approved\",\"date_created\":\"2026-03-16T15:36:37.1065980-03:00\",\"api_version\":\"v1\",\"user_id\":711799906}','2026-03-16 15:36:38'),
(45,4,1,'webhook','{\"action\":\"payment.updated\",\"api_version\":\"v1\",\"data\":{\"id\":\"ORD01KKVYHRQETAN4DGN7YKX1437A\"},\"date_created\":\"2026-03-16T15:00:00Z\",\"id\":\"evt_test_mercadopago_001\",\"live_mode\":false,\"type\":\"payment\",\"user_id\":711799906}','2026-03-16 15:39:04'),
(46,4,1,'webhook','{\"action\":\"order.processed\",\"api_version\":\"v1\",\"application_id\":\"2191022570663580\",\"data\":{\"currency_id\":\"BRL\",\"external_reference\":\"7\",\"id\":\"ORD01KKVYHRQETAN4DGN7YKX1437A\",\"status\":\"processed\",\"status_detail\":\"accredited\",\"total_amount\":\"5.00\",\"total_paid_amount\":\"5.00\",\"transactions\":{\"payments\":[{\"amount\":\"5.00\",\"id\":\"PAY01KKVYHRQT9FGPX5RM1ZNYSPVF\",\"paid_amount\":\"5.00\",\"payment_method\":{\"id\":\"bolbradesco\",\"installments\":0,\"type\":\"ticket\"},\"reference\":{\"id\":\"000a233y8f\"},\"status\":\"processed\",\"status_detail\":\"accredited\"}]},\"type\":\"online\",\"version\":3},\"date_created\":\"2026-03-16T18:52:34.457258883Z\",\"live_mode\":true,\"type\":\"order\",\"user_id\":\"711799906\"}','2026-03-16 15:52:35'),
(47,4,1,'webhook','{\"action\":\"order.processed\",\"api_version\":\"v1\",\"application_id\":\"2191022570663580\",\"data\":{\"currency_id\":\"BRL\",\"external_reference\":\"7\",\"id\":\"ORD01KKVYHRQETAN4DGN7YKX1437A\",\"status\":\"processed\",\"status_detail\":\"accredited\",\"total_amount\":\"5.00\",\"total_paid_amount\":\"5.00\",\"transactions\":{\"payments\":[{\"amount\":\"5.00\",\"id\":\"PAY01KKVYHRQT9FGPX5RM1ZNYSPVF\",\"paid_amount\":\"5.00\",\"payment_method\":{\"id\":\"bolbradesco\",\"installments\":0,\"type\":\"ticket\"},\"reference\":{\"id\":\"000a233y8f\"},\"status\":\"processed\",\"status_detail\":\"accredited\"}]},\"type\":\"online\",\"version\":3},\"date_created\":\"2026-03-16T18:52:34.457258883Z\",\"live_mode\":true,\"type\":\"order\",\"user_id\":\"711799906\"}','2026-03-16 18:26:21'),
(48,4,1,'webhook','{\"action\":\"order.processed\",\"api_version\":\"v1\",\"application_id\":\"2191022570663580\",\"data\":{\"currency_id\":\"BRL\",\"external_reference\":\"7\",\"id\":\"ORD01KKVYHRQETAN4DGN7YKX1437A\",\"status\":\"processed\",\"status_detail\":\"accredited\",\"total_amount\":\"5.00\",\"total_paid_amount\":\"5.00\",\"transactions\":{\"payments\":[{\"amount\":\"5.00\",\"id\":\"PAY01KKVYHRQT9FGPX5RM1ZNYSPVF\",\"paid_amount\":\"5.00\",\"payment_method\":{\"id\":\"bolbradesco\",\"installments\":0,\"type\":\"ticket\"},\"reference\":{\"id\":\"000a233y8f\"},\"status\":\"processed\",\"status_detail\":\"accredited\"}]},\"type\":\"online\",\"version\":3},\"date_created\":\"2026-03-16T18:52:34.457258883Z\",\"live_mode\":true,\"type\":\"order\",\"user_id\":\"711799906\"}','2026-03-16 18:28:59'),
(49,5,1,'geracao','{\"request\":{\"apiKey\":\"apk_49199247-ZjZisLwhtNnurGEILFfZXQQOlFJkGGNs\",\"token\":\"8F3P70RO1RJX12NHB9WHETV0E4IVRXW20BQGGFBVRCMA\",\"order_id\":\"GN-8-20260316190146-TR8V4\",\"payer_email\":\"gestornow0@gmail.com\",\"payer_name\":\"PRIME VIDEO LTDA\",\"payer_cpf_cnpj\":\"68634245000104\",\"days_due_date\":14,\"type_bank_slip\":\"boletoA4\",\"items\":[{\"description\":\"Teste PH\",\"quantity\":\"1\",\"item_id\":\"8\",\"price_cents\":\"500\"}],\"per_day_interest\":false,\"notification_url\":\"https:\\/\\/nowgestor.gestornow.com\\/api\\/webhooks\\/boletos\\/paghiper\",\"payer_phone\":\"19986116778\",\"payer_street\":\"AVENIDA SUBURBANA\",\"payer_number\":\"7471\",\"payer_complement\":\"SALA 201 PARTE\",\"payer_district\":\"ABOLICAO\",\"payer_city\":\"S\\u00e3o Paulo\",\"payer_state\":\"SP\",\"payer_zip_code\":\"20751000\"},\"etapa\":\"iniciando_paghiper_create\"}','2026-03-16 19:01:46'),
(50,5,1,'geracao','{\"request\":{\"apiKey\":\"apk_49199247-ZjZisLwhtNnurGEILFfZXQQOlFJkGGNs\",\"token\":\"8F3P70RO1RJX12NHB9WHETV0E4IVRXW20BQGGFBVRCMA\",\"order_id\":\"GN-8-20260316190146-TR8V4\",\"payer_email\":\"gestornow0@gmail.com\",\"payer_name\":\"PRIME VIDEO LTDA\",\"payer_cpf_cnpj\":\"68634245000104\",\"days_due_date\":14,\"type_bank_slip\":\"boletoA4\",\"items\":[{\"description\":\"Teste PH\",\"quantity\":\"1\",\"item_id\":\"8\",\"price_cents\":\"500\"}],\"per_day_interest\":false,\"notification_url\":\"https:\\/\\/nowgestor.gestornow.com\\/api\\/webhooks\\/boletos\\/paghiper\",\"payer_phone\":\"19986116778\",\"payer_street\":\"AVENIDA SUBURBANA\",\"payer_number\":\"7471\",\"payer_complement\":\"SALA 201 PARTE\",\"payer_district\":\"ABOLICAO\",\"payer_city\":\"S\\u00e3o Paulo\",\"payer_state\":\"SP\",\"payer_zip_code\":\"20751000\"},\"response\":{\"create_request\":{\"result\":\"success\",\"response_message\":\"transacao criada\",\"transaction_id\":\"03ZZMPC3V7TBD726\",\"created_date\":\"2026-03-16 19:01:47\",\"value_cents\":\"500\",\"status\":\"pending\",\"order_id\":\"GN-8-20260316190146-TR8V4\",\"due_date\":\"2026-03-30\",\"bank_slip\":{\"digitable_line\":\"34191.09461 35653.470241 61514.190000 1 14010000000500\",\"url_slip\":\"https:\\/\\/www.paghiper.com\\/checkout\\/boleto\\/be6480beb8e77647df22c6cb9f5b60fe7dc9d1f07e0717a6a60b414e38465ea02edbab3bae3cc33773d5ac3a2cd2089d6079435d53a053e48ec68a33f8f35481\\/03ZZMPC3V7TBD726\\/20256231\",\"url_slip_pdf\":\"https:\\/\\/www.paghiper.com\\/checkout\\/boleto\\/be6480beb8e77647df22c6cb9f5b60fe7dc9d1f07e0717a6a60b414e38465ea02edbab3bae3cc33773d5ac3a2cd2089d6079435d53a053e48ec68a33f8f35481\\/03ZZMPC3V7TBD726\\/20256231\\/pdf\",\"bar_code_number_to_image\":\"34191140100000005001094635653470246151419000\"},\"http_code\":201,\"http_cod\":201}},\"http_code\":201}','2026-03-16 19:01:48'),
(51,5,1,'webhook','{\"transaction_id\":\"03ZZMPC3V7TBD726\",\"order_id\":\"GN-8-20260316190146-TR8V4\",\"status\":\"paid\",\"paid_value_cents\":500,\"paid_date\":\"2026-03-16 19:05:00\",\"token\":\"8F3P70RO1RJX12NHB9WHETV0E4IVRXW20BQGGFBVRCMA\"}','2026-03-16 19:13:49'),
(52,2,1,'consulta','{\"response\":{\"object\":\"payment\",\"id\":\"pay_wjz4lu72yl5r74h7\",\"dateCreated\":\"2026-03-12\",\"customer\":\"cus_000165729598\",\"checkoutSession\":null,\"paymentLink\":null,\"value\":100,\"netValue\":99.01,\"originalValue\":null,\"interestValue\":null,\"description\":\"Alguel\",\"billingType\":\"BOLETO\",\"canBePaidAfterDueDate\":true,\"pixTransaction\":null,\"status\":\"PENDING\",\"dueDate\":\"2026-03-16\",\"originalDueDate\":\"2026-03-16\",\"paymentDate\":null,\"clientPaymentDate\":null,\"installmentNumber\":null,\"invoiceUrl\":\"https:\\/\\/www.asaas.com\\/i\\/wjz4lu72yl5r74h7\",\"invoiceNumber\":\"764189691\",\"externalReference\":\"4\",\"deleted\":true,\"anticipated\":false,\"anticipable\":false,\"creditDate\":null,\"estimatedCreditDate\":null,\"transactionReceiptUrl\":\"https:\\/\\/www.asaas.com\\/comprovantes\\/h\\/UEFZTUVOVF9ERUxFVEVEOnBheV93ano0bHU3MnlsNXI3NGg3\",\"nossoNumero\":\"420392845\",\"bankSlipUrl\":\"https:\\/\\/www.asaas.com\\/b\\/pdf\\/wjz4lu72yl5r74h7\",\"lastInvoiceViewedDate\":null,\"lastBankSlipViewedDate\":\"2026-03-12T18:59:04Z\",\"discount\":{\"value\":0,\"limitDate\":null,\"dueDateLimitDays\":0,\"type\":\"FIXED\"},\"fine\":{\"value\":0,\"type\":\"FIXED\"},\"interest\":{\"value\":0,\"type\":\"PERCENTAGE\"},\"postalService\":false,\"escrow\":null,\"refunds\":null},\"http_code\":200}','2026-03-16 22:37:36');

--
-- Table structure for table `categoria_contas`
--

CREATE TABLE `categoria_contas` (
  `id_categoria_contas` bigint(20) unsigned NOT NULL AUTO_INCREMENT,
  `id_empresa` bigint(20) unsigned DEFAULT NULL,
  `nome` varchar(255) DEFAULT NULL,
  `tipo` varchar(255) DEFAULT NULL,
  `descricao` text DEFAULT NULL,
  `created_at` timestamp NULL DEFAULT NULL,
  `updated_at` timestamp NULL DEFAULT NULL,
  PRIMARY KEY (`id_categoria_contas`),
  KEY `categoria_contas_id_empresa_index` (`id_empresa`)
) ENGINE=InnoDB AUTO_INCREMENT=2 DEFAULT CHARSET=utf8mb4 COLLATE=utf8mb4_unicode_ci;

--
-- Dumping data for table `categoria_contas`
--

INSERT INTO `categoria_contas` VALUES
(1,1,'Locação','receita',NULL,'2026-03-11 22:03:15','2026-03-11 22:03:15');

--
-- Table structure for table `categorias_menu`
--

CREATE TABLE `categorias_menu` (
  `id_categoria` bigint(20) unsigned NOT NULL AUTO_INCREMENT,
  `nome` varchar(255) DEFAULT NULL,
  `cor` varchar(255) DEFAULT NULL,
  `icone` varchar(255) DEFAULT NULL,
  `ordem` int(11) DEFAULT NULL,
  `ativo` tinyint(1) NOT NULL DEFAULT 0,
  `created_at` timestamp NULL DEFAULT NULL,
  `updated_at` timestamp NULL DEFAULT NULL,
  PRIMARY KEY (`id_categoria`)
) ENGINE=InnoDB AUTO_INCREMENT=7 DEFAULT CHARSET=utf8mb4 COLLATE=utf8mb4_unicode_ci;

--
-- Dumping data for table `categorias_menu`
--

INSERT INTO `categorias_menu` VALUES
(1,'Dashboard',NULL,NULL,0,1,'2026-03-11 11:00:35','2026-03-11 11:00:35'),
(2,'Cadastros',NULL,NULL,1,1,'2026-03-11 11:00:41','2026-03-11 11:00:41'),
(3,'Locações',NULL,NULL,2,1,'2026-03-11 11:00:47','2026-03-11 11:00:47'),
(4,'Vendas',NULL,NULL,3,1,'2026-03-11 11:01:00','2026-03-11 11:01:00'),
(5,'Financeiro',NULL,NULL,4,1,'2026-03-11 11:01:06','2026-03-11 11:01:06'),
(6,'Admin',NULL,NULL,5,1,'2026-03-11 11:01:12','2026-03-11 11:01:12');

--
-- Table structure for table `client_contracts`
--

CREATE TABLE `client_contracts` (
  `id` bigint(20) unsigned NOT NULL AUTO_INCREMENT,
  `id_empresa` bigint(20) unsigned DEFAULT NULL,
  `id_plano` bigint(20) unsigned DEFAULT NULL,
  `id_plano_contratado` bigint(20) unsigned DEFAULT NULL,
  `cliente_razao_social` varchar(255) DEFAULT NULL,
  `cliente_cnpj_cpf` varchar(255) DEFAULT NULL,
  `cliente_email` varchar(255) DEFAULT NULL,
  `cliente_endereco` varchar(255) DEFAULT NULL,
  `valor_adesao` decimal(15,2) DEFAULT NULL,
  `valor_mensalidade` decimal(15,2) DEFAULT NULL,
  `limites_contratados` longtext CHARACTER SET utf8mb4 COLLATE utf8mb4_bin DEFAULT NULL CHECK (json_valid(`limites_contratados`)),
  `versao_contrato` varchar(255) DEFAULT NULL,
  `titulo_contrato` varchar(255) DEFAULT NULL,
  `corpo_contrato` longtext DEFAULT NULL,
  `hash_documento` varchar(255) DEFAULT NULL,
  `assinatura_base64` longtext DEFAULT NULL,
  `assinado_por_nome` varchar(255) DEFAULT NULL,
  `assinado_por_documento` varchar(255) DEFAULT NULL,
  `assinado_por_email` varchar(255) DEFAULT NULL,
  `ip_aceite` varchar(255) DEFAULT NULL,
  `user_agent` varchar(255) DEFAULT NULL,
  `aceito_em` datetime DEFAULT NULL,
  `recibo_gerado` tinyint(1) NOT NULL DEFAULT 0,
  `recibo_path` varchar(255) DEFAULT NULL,
  `recibo_gerado_em` datetime DEFAULT NULL,
  `status` varchar(255) DEFAULT NULL,
  `motivo_revogacao` text DEFAULT NULL,
  `revogado_em` datetime DEFAULT NULL,
  `created_at` timestamp NULL DEFAULT NULL,
  `updated_at` timestamp NULL DEFAULT NULL,
  PRIMARY KEY (`id`),
  KEY `client_contracts_id_empresa_index` (`id_empresa`),
  KEY `client_contracts_id_plano_index` (`id_plano`),
  KEY `client_contracts_id_plano_contratado_index` (`id_plano_contratado`),
  CONSTRAINT `client_contracts_id_plano_contratado_foreign` FOREIGN KEY (`id_plano_contratado`) REFERENCES `planos_contratados` (`id`) ON DELETE SET NULL,
  CONSTRAINT `client_contracts_id_plano_foreign` FOREIGN KEY (`id_plano`) REFERENCES `planos` (`id_plano`) ON DELETE SET NULL
) ENGINE=InnoDB AUTO_INCREMENT=4 DEFAULT CHARSET=utf8mb4 COLLATE=utf8mb4_unicode_ci;

--
-- Dumping data for table `client_contracts`
--

INSERT INTO `client_contracts` VALUES
(1,1,1,3,'GestorNow Tecnologia Inova Simples (I.S)','64904128000162','gestornow0@gmail.com','RUA OUVIDOR PELEJA, N 611, VILA MARIANA, São Paulo, SP, CEP: 04128001',5.00,199.90,'{\"admin\":0,\"usu_rios\":0,\"logs\":0,\"clientes\":0,\"cadastrar_cliente\":0,\"listar_clientes\":0,\"dashboard\":0,\"financeiro\":0,\"contas_a_pagar\":0,\"contas_a_receber\":0,\"fluxo_de_caixa\":0,\"categorias\":0,\"bancos\":0,\"boletos\":0,\"loca_es\":0,\"nova_loca_o\":0,\"lista_de_loca_es\":0,\"novo_or_amento\":0,\"lista_de_or_amentos\":0,\"contrato_de_medi_o\":0,\"pdv\":0,\"nova_venda\":0,\"lista_de_vendas\":0,\"lista_de_produtos\":0,\"relat_rio_de_vendas\":0,\"formas_de_pagamento\":0,\"expedi_o\":0,\"log_stica\":0,\"pedidos_do_dia\":0,\"troca_de_produto\":0,\"faturas\":true,\"faturamento\":0,\"faturas_emitidas\":0,\"permiss_es\":0,\"criar_permiss_o\":0,\"listar_permiss_es\":0,\"produtos\":0,\"cadastrar_produto\":0,\"listar_produtos\":0,\"configura_es\":0,\"empresa\":0,\"modelos_de_contratos\":0,\"relatorios\":true,\"bancos_boleto\":true,\"assinatura_digital\":true,\"modelos_contrato\":\"Ilimitado\",\"usuarios\":1,\"locacoes\":\"completo\"}','1.0','Termos de Uso e Licenciamento de Software - Gestor Now','TERMOS DE USO E LICENCIAMENTO DE SOFTWARE - GESTOR NOW\nPelo presente instrumento, a empresa CONTRATANTE adere ao plano de licenciamento de uso do software Gestor Now, declarando ciencia e concordancia integral com as clausulas abaixo:\n\nCLAUSULA PRIMEIRA - DO OBJETO E LIMITES\nA CONTRATADA (Gestor Now) outorga a CONTRATANTE uma licenca de uso, em carater nao exclusivo e intransferivel, do sistema de gestao, restrito aos limites de cadastros (clientes, produtos, locacoes e usuarios) estipulados no plano contratado no momento deste aceite.\n\nCLAUSULA SEGUNDA - DOS VALORES E REAJUSTE\nA CONTRATANTE declara ciencia de que a taxa de adesao (setup) e devida no ato da contratacao, e as mensalidades possuem vencimento recorrente.\nParagrafo Unico: O valor da mensalidade sera reajustado a cada 12 (doze) meses, contados da data de aceite deste termo, com base no indice de inflacao acumulado do periodo (IGP-M/FGTS ou IPCA/IBGE). Em caso de deflacao (indice negativo), as partes concordam em manter o valor vigente, nao aplicando reducao a mensalidade.\n\nCLAUSULA TERCEIRA - DA INADIMPLENCIA E SUSPENSAO\nEm caso de atraso no pagamento da mensalidade superior a 5 (cinco) dias, o acesso ao sistema sera suspenso automaticamente.\nParagrafo Unico: Apos a suspensao, a liberacao do acesso ocorrera exclusivamente apos a compensacao e baixa automatica do pagamento pelos provedores financeiros (gateways) integrados a Gestor Now. Nao serao aceitos comprovantes de agendamento para liberacao manual.\n\nCLAUSULA QUARTA - DA MIGRACAO DE DADOS\nA eventual migracao de dados (importacao de planilhas e cadastros) de sistemas anteriores da CONTRATANTE para a Gestor Now sera realizada no prazo de ate 10 (dez) dias uteis apos o envio das informacoes formatadas.\nParagrafo Unico: O prazo de migracao nao impede o faturamento e a utilizacao imediata do sistema pela CONTRATANTE para novas operacoes.\n\nCLAUSULA QUINTA - DE DESENVOLVIMENTOS CUSTOMIZADOS\nO licenciamento nao inclui o desenvolvimento de funcoes exclusivas. A execucao de qualquer nova funcionalidade solicitada pela CONTRATANTE sera analisada pela equipe tecnica da Gestor Now e, se viavel, sera objeto de orcamento e cobranca adicional, mediante aprovacao previa.\n\nCLAUSULA SEXTA - DA PROTECAO DE DADOS (LGPD)\nEm estrito cumprimento a Lei Geral de Protecao de Dados Pessoais (Lei n 13.853/2019), a Gestor Now compromete-se a manter em sigilo absoluto e hospedar com seguranca todos os dados da CONTRATANTE e de seus respectivos clientes. A Gestor Now atua apenas como processadora dos dados, sendo a CONTRATANTE a unica responsavel legal pela coleta e autorizacao dos dados de seus clientes finais inseridos na plataforma.\n\nCLAUSULA SETIMA - DO CANCELAMENTO\nO presente contrato nao possui fidelidade (salvo negociacao especifica). A CONTRATANTE podera solicitar o cancelamento a qualquer momento, mediante aviso previo de 30 (trinta) dias.\nParagrafo Unico: O cancelamento nao isenta a CONTRATANTE de faturas ja emitidas ou do ciclo vigente de 30 dias, nao havendo estorno ou devolucao de valores proporcionais.\n\nA assinatura digital registrada neste aceite, atrelada ao IP e dados de conexao, possui validade juridica, representando concordancia integral com os termos deste contrato.\n\nDADOS DO CLIENTE\nNome/Razao Social: GestorNow Tecnologia Inova Simples (I.S)\nCNPJ/CPF: 64904128000162\nE-mail: gestornow0@gmail.com\nEndereco: RUA OUVIDOR PELEJA, N 611, VILA MARIANA, São Paulo, SP, CEP: 04128001\n\nDADOS DA GESTOR NOW\nNome/Razao Social: GestorNow Tecnologia Inova Simples (I.S)\nCNPJ/CPF: 64904128000162\nE-mail: gestornow0@gmail.com\nEndereco: RUA OUVIDOR PELEJA, N 611, VILA MARIANA, São Paulo, SP, CEP: 04128001\n\nDADOS DO PLANO CONTRATADO\nNome do Plano: Plano Gestor\nValor Adesao: R$ 5,00\nValor Mensalidade: R$ 199,90\nLimites: Admin: Ilimitado | Usu rios: Ilimitado | Logs: Ilimitado | Limite de Clientes: Ilimitado | Cadastrar cliente: Ilimitado | Listar clientes: Ilimitado | Dashboard: Ilimitado | Modulo Financeiro: Ilimitado | Contas a pagar: Ilimitado | Contas a receber: Ilimitado | Fluxo de caixa: Ilimitado | Categorias: Ilimitado | Bancos: Ilimitado | Boletos: Ilimitado | Loca es: Ilimitado | Nova loca o: Ilimitado | Lista de loca es: Ilimitado | Novo or amento: Ilimitado | Lista de or amentos: Ilimitado | Contrato de medi o: Ilimitado | Pdv: Ilimitado | Nova venda: Ilimitado | Lista de vendas: Ilimitado | Lista de produtos: Ilimitado | Relat rio de vendas: Ilimitado | Formas de pagamento: Ilimitado | Expedi o: Ilimitado | Log stica: Ilimitado | Pedidos do dia: Ilimitado | Troca de produto: Ilimitado | Faturas: Disponivel | Faturamento: Ilimitado | Faturas emitidas: Ilimitado | Permiss es: Ilimitado | Criar permiss o: Ilimitado | Listar permiss es: Ilimitado | Limite de Produtos: Ilimitado | Cadastrar produto: Ilimitado | Listar produtos: Ilimitado | Configura es: Ilimitado | Empresa: Ilimitado | Modelos de contratos: Ilimitado | Relatorios: Disponivel | Bancos para Boleto: Disponivel | Assinatura Digital: Disponivel | Modelos de Contrato: Ilimitado | Limite de Usuarios: 1 | Modulo de Locacoes: Completo\n\nData e Hora do Aceite: 11/03/2026 14:38:14\nIP e Dispositivo: 2804:868:d054:7615:e873:744b:2056:7cc7 - Mozilla/5.0 (Windows NT 10.0; Win64; x64) AppleWebKit/537.36 (KHTML, like Gecko) Chrome/145.0.0.0 Safari/537.36','fdf2e0bdf24f40969b59070c578906aeb85053a5929abfe15ad0fe34817f8537','data:image/png;base64,[encoded data, 14480 characters]','GestorNow','64904128000162','gestornow0@gmail.com','2804:868:d054:7615:e873:744b:2056:7cc7','Mozilla/5.0 (Windows NT 10.0; Win64; x64) AppleWebKit/537.36 (KHTML, like Gecko) Chrome/145.0.0.0 Safari/537.36','2026-03-11 14:38:14',1,'recibos/adesao/recibo-64904128000162-20260311-1.pdf','2026-03-13 18:14:04','ativo',NULL,NULL,'2026-03-11 14:38:14','2026-03-13 18:14:04');

--
-- Table structure for table `clientes`
--

CREATE TABLE `clientes` (
  `id_clientes` bigint(20) unsigned NOT NULL AUTO_INCREMENT,
  `id_empresa` bigint(20) unsigned DEFAULT NULL,
  `id_filial` bigint(20) unsigned DEFAULT NULL,
  `nome` varchar(255) DEFAULT NULL,
  `cep` varchar(255) DEFAULT NULL,
  `endereco` varchar(255) DEFAULT NULL,
  `numero` varchar(255) DEFAULT NULL,
  `complemento` varchar(255) DEFAULT NULL,
  `rg_ie` varchar(255) DEFAULT NULL,
  `cpf_cnpj` varchar(255) DEFAULT NULL,
  `razao_social` varchar(255) DEFAULT NULL,
  `bairro` varchar(255) DEFAULT NULL,
  `email` varchar(255) DEFAULT NULL,
  `endereco_entrega` varchar(255) DEFAULT NULL,
  `numero_entrega` varchar(255) DEFAULT NULL,
  `complemento_entrega` varchar(255) DEFAULT NULL,
  `cep_entrega` varchar(255) DEFAULT NULL,
  `telefone` varchar(255) DEFAULT NULL,
  `data_nascimento` date DEFAULT NULL,
  `status` varchar(255) DEFAULT NULL,
  `id_tipo_pessoa` bigint(20) unsigned DEFAULT NULL,
  `foto` varchar(255) DEFAULT NULL,
  `nomeImagemCliente` varchar(255) DEFAULT NULL,
  `created_at` timestamp NULL DEFAULT NULL,
  `updated_at` timestamp NULL DEFAULT NULL,
  `deleted_at` timestamp NULL DEFAULT NULL,
  PRIMARY KEY (`id_clientes`),
  KEY `clientes_id_empresa_index` (`id_empresa`),
  KEY `clientes_id_filial_index` (`id_filial`),
  KEY `clientes_id_tipo_pessoa_index` (`id_tipo_pessoa`),
  CONSTRAINT `clientes_id_empresa_foreign` FOREIGN KEY (`id_empresa`) REFERENCES `empresa` (`id_empresa`) ON DELETE SET NULL,
  CONSTRAINT `clientes_id_filial_foreign` FOREIGN KEY (`id_filial`) REFERENCES `empresa` (`id_empresa`) ON DELETE SET NULL
) ENGINE=InnoDB AUTO_INCREMENT=4 DEFAULT CHARSET=utf8mb4 COLLATE=utf8mb4_unicode_ci;

--
-- Dumping data for table `clientes`
--

INSERT INTO `clientes` VALUES
(1,1,NULL,'PRIME VIDEO LTDA','20751000','AVENIDA SUBURBANA','7471','SALA 201 PARTE',NULL,'68634245000104',NULL,'ABOLICAO','gestornow0@gmail.com',NULL,NULL,NULL,NULL,NULL,NULL,'ativo',2,NULL,NULL,'2026-03-11 15:31:28','2026-03-12 19:47:49',NULL),
(2,1,NULL,'Renato teste',NULL,NULL,NULL,NULL,NULL,'126.969.840-00','Renato teste',NULL,NULL,NULL,NULL,NULL,NULL,NULL,NULL,'ativo',1,NULL,NULL,'2026-03-11 19:45:05','2026-03-11 19:45:05',NULL);

--
-- Table structure for table `contas_a_pagar`
--

CREATE TABLE `contas_a_pagar` (
  `id_contas` bigint(20) unsigned NOT NULL AUTO_INCREMENT,
  `id_empresa` bigint(20) unsigned DEFAULT NULL,
  `id_clientes` bigint(20) unsigned DEFAULT NULL,
  `id_fornecedores` bigint(20) unsigned DEFAULT NULL,
  `id_venda` bigint(20) unsigned DEFAULT NULL,
  `id_locacao` bigint(20) unsigned DEFAULT NULL,
  `id_origem` bigint(20) unsigned DEFAULT NULL,
  `id_bancos` bigint(20) unsigned DEFAULT NULL,
  `id_categoria_contas` bigint(20) unsigned DEFAULT NULL,
  `id_usuario` bigint(20) unsigned DEFAULT NULL,
  `descricao` text DEFAULT NULL,
  `documento` varchar(255) DEFAULT NULL,
  `boleto` varchar(255) DEFAULT NULL,
  `valor_total` decimal(15,2) DEFAULT NULL,
  `valor_pago` decimal(15,2) DEFAULT NULL,
  `juros` decimal(15,2) DEFAULT NULL,
  `multa` decimal(15,2) DEFAULT NULL,
  `desconto` decimal(15,2) DEFAULT NULL,
  `data_emissao` date DEFAULT NULL,
  `data_vencimento` date DEFAULT NULL,
  `data_pagamento` date DEFAULT NULL,
  `status` varchar(255) DEFAULT NULL,
  `origem` varchar(255) DEFAULT NULL,
  `id_forma_pagamento` bigint(20) unsigned DEFAULT NULL,
  `observacoes` text DEFAULT NULL,
  `numero_parcela` varchar(255) DEFAULT NULL,
  `total_parcelas` varchar(255) DEFAULT NULL,
  `id_parcelamento` varchar(36) DEFAULT NULL,
  `tipo_recorrencia` varchar(255) DEFAULT NULL,
  `quantidade_recorrencias` varchar(255) DEFAULT NULL,
  `id_recorrencia` varchar(36) DEFAULT NULL,
  `is_recorrente` varchar(255) DEFAULT NULL,
  `created_at` timestamp NULL DEFAULT NULL,
  `updated_at` timestamp NULL DEFAULT NULL,
  `deleted_at` timestamp NULL DEFAULT NULL,
  PRIMARY KEY (`id_contas`),
  KEY `contas_a_pagar_id_empresa_index` (`id_empresa`),
  KEY `contas_a_pagar_id_clientes_index` (`id_clientes`),
  KEY `contas_a_pagar_id_fornecedores_index` (`id_fornecedores`),
  KEY `contas_a_pagar_id_venda_index` (`id_venda`),
  KEY `contas_a_pagar_id_locacao_index` (`id_locacao`),
  KEY `contas_a_pagar_id_origem_index` (`id_origem`),
  KEY `contas_a_pagar_id_bancos_index` (`id_bancos`),
  KEY `contas_a_pagar_id_categoria_contas_index` (`id_categoria_contas`),
  KEY `contas_a_pagar_id_usuario_index` (`id_usuario`),
  KEY `contas_a_pagar_id_forma_pagamento_index` (`id_forma_pagamento`),
  KEY `contas_a_pagar_id_parcelamento_index` (`id_parcelamento`) USING BTREE,
  KEY `contas_a_pagar_id_recorrencia_index` (`id_recorrencia`) USING BTREE,
  CONSTRAINT `contas_a_pagar_id_bancos_foreign` FOREIGN KEY (`id_bancos`) REFERENCES `bancos` (`id_bancos`) ON DELETE SET NULL,
  CONSTRAINT `contas_a_pagar_id_categoria_contas_foreign` FOREIGN KEY (`id_categoria_contas`) REFERENCES `categoria_contas` (`id_categoria_contas`) ON DELETE SET NULL,
  CONSTRAINT `contas_a_pagar_id_clientes_foreign` FOREIGN KEY (`id_clientes`) REFERENCES `clientes` (`id_clientes`) ON DELETE SET NULL,
  CONSTRAINT `contas_a_pagar_id_forma_pagamento_foreign` FOREIGN KEY (`id_forma_pagamento`) REFERENCES `forma_pagamento` (`id_forma_pagamento`) ON DELETE SET NULL,
  CONSTRAINT `contas_a_pagar_id_fornecedores_foreign` FOREIGN KEY (`id_fornecedores`) REFERENCES `fornecedores` (`id_fornecedores`) ON DELETE SET NULL,
  CONSTRAINT `contas_a_pagar_id_usuario_foreign` FOREIGN KEY (`id_usuario`) REFERENCES `usuarios` (`id_usuario`) ON DELETE SET NULL
) ENGINE=InnoDB AUTO_INCREMENT=26 DEFAULT CHARSET=utf8mb4 COLLATE=utf8mb4_unicode_ci;

--
-- Dumping data for table `contas_a_pagar`
--

INSERT INTO `contas_a_pagar` VALUES
(1,1,NULL,NULL,NULL,2,2,NULL,NULL,NULL,'Locação #O001 - Combustivel para entraga',NULL,NULL,90.00,NULL,NULL,NULL,NULL,'2026-03-11','2026-03-12',NULL,'pendente','compra',NULL,'Gerado automaticamente para despesa da locação','1','1',NULL,NULL,NULL,NULL,NULL,'2026-03-11 21:01:45','2026-03-11 21:01:45',NULL),
(2,1,NULL,NULL,NULL,3,3,NULL,NULL,NULL,'Locação #O002 - Combustivel para entraga',NULL,NULL,80.00,NULL,NULL,NULL,NULL,'2026-03-11','2026-03-12',NULL,'pendente','compra',NULL,'Gerado automaticamente para despesa da locação','1','1',NULL,NULL,NULL,NULL,NULL,'2026-03-11 21:12:30','2026-03-11 21:12:30',NULL),
(3,1,NULL,NULL,NULL,4,4,NULL,NULL,NULL,'Locação #O002 - Combustivel',NULL,NULL,60.00,0.00,NULL,NULL,NULL,'2026-03-11','2026-03-12',NULL,'pendente','compra',NULL,'Gerado automaticamente para despesa da locação','1','1',NULL,NULL,NULL,NULL,NULL,'2026-03-11 21:26:26','2026-03-11 22:14:03',NULL),
(4,1,NULL,NULL,NULL,NULL,NULL,2,NULL,NULL,'teste',NULL,NULL,100.00,0.00,0.00,0.00,0.00,NULL,'2026-03-12',NULL,'pendente',NULL,NULL,NULL,NULL,'2',NULL,'mensal','12',NULL,NULL,'2026-03-12 19:03:05','2026-03-12 19:03:18','2026-03-12 19:03:18'),
(5,1,NULL,NULL,NULL,NULL,NULL,NULL,NULL,NULL,'tste (Parcela 1/2)',NULL,NULL,50.00,50.00,0.00,0.00,0.00,NULL,'2026-03-12','2026-03-12','pago',NULL,NULL,NULL,'1','2','cb1ae312-92ab-4f58-9df2-39c3f06dc32e','mensal','12',NULL,NULL,'2026-03-12 19:25:43','2026-03-12 19:26:04','2026-03-12 19:26:04'),
(6,1,NULL,NULL,NULL,NULL,NULL,NULL,NULL,NULL,'tste (Parcela 2/2)',NULL,NULL,50.00,0.00,0.00,0.00,0.00,NULL,'2026-04-11',NULL,'pendente',NULL,NULL,NULL,'2','2','cb1ae312-92ab-4f58-9df2-39c3f06dc32e','mensal','12',NULL,NULL,'2026-03-12 19:25:43','2026-03-12 19:25:43',NULL),
(7,1,NULL,NULL,NULL,NULL,NULL,2,NULL,NULL,'teste (Parcela 1/2)',NULL,NULL,50.00,0.00,0.00,0.00,0.00,NULL,'2026-03-12',NULL,'pendente',NULL,NULL,NULL,'1','2','96ee820e-3fa8-4cc9-83ce-00c50d5651fe','mensal','12',NULL,NULL,'2026-03-12 19:26:37','2026-03-12 19:27:00','2026-03-12 19:27:00'),
(8,1,NULL,NULL,NULL,NULL,NULL,2,NULL,NULL,'teste (Parcela 2/2)',NULL,NULL,50.00,0.00,0.00,0.00,0.00,NULL,'2026-04-11',NULL,'pendente',NULL,NULL,NULL,'2','2','96ee820e-3fa8-4cc9-83ce-00c50d5651fe','mensal','12',NULL,NULL,'2026-03-12 19:26:37','2026-03-12 19:26:37',NULL),
(9,1,NULL,NULL,NULL,NULL,NULL,NULL,NULL,NULL,'teste (Parcela 1/2)',NULL,NULL,50.00,0.00,0.00,0.00,0.00,NULL,'2026-03-12',NULL,'pendente',NULL,NULL,NULL,'1','2','22070ceb-cfcf-420b-980b-5e74d8caf49c','mensal','12',NULL,NULL,'2026-03-12 19:27:24','2026-03-12 19:27:37','2026-03-12 19:27:37'),
(10,1,NULL,NULL,NULL,NULL,NULL,NULL,NULL,NULL,'teste (Parcela 2/2)',NULL,NULL,50.00,0.00,0.00,0.00,0.00,NULL,'2026-04-11',NULL,'pendente',NULL,NULL,NULL,'2','2','22070ceb-cfcf-420b-980b-5e74d8caf49c','mensal','12',NULL,NULL,'2026-03-12 19:27:24','2026-03-12 19:27:24',NULL),
(11,1,NULL,NULL,NULL,NULL,NULL,NULL,NULL,NULL,'teste (Parcela 1/2)',NULL,NULL,50.00,0.00,0.00,0.00,0.00,NULL,'2026-03-12',NULL,'pendente',NULL,NULL,NULL,'1','2','9cbcf709-df4a-4bb2-8b1f-959ff3036276','mensal','12',NULL,NULL,'2026-03-12 19:28:10','2026-03-12 19:35:04','2026-03-12 19:35:04'),
(12,1,NULL,NULL,NULL,NULL,NULL,NULL,NULL,NULL,'teste (Parcela 2/2)',NULL,NULL,50.00,0.00,0.00,0.00,0.00,NULL,'2026-04-11',NULL,'pendente',NULL,NULL,NULL,'2','2','9cbcf709-df4a-4bb2-8b1f-959ff3036276','mensal','12',NULL,NULL,'2026-03-12 19:28:10','2026-03-12 19:28:10',NULL),
(13,1,NULL,NULL,NULL,NULL,NULL,NULL,NULL,NULL,'teste (Parcela 1/2)',NULL,NULL,50.00,50.00,0.00,0.00,0.00,NULL,'2026-03-12','2026-03-12','pago',NULL,NULL,NULL,'1','2','1634674e-d2e5-49e0-8314-d4ad96d8b526','mensal','12',NULL,NULL,'2026-03-12 19:56:40','2026-03-12 20:04:29','2026-03-12 20:04:29'),
(14,1,NULL,NULL,NULL,NULL,NULL,NULL,NULL,NULL,'teste (Parcela 2/2)',NULL,NULL,50.00,0.00,0.00,0.00,0.00,NULL,'2026-04-11',NULL,'pendente',NULL,NULL,NULL,'2','2','1634674e-d2e5-49e0-8314-d4ad96d8b526','mensal','12',NULL,NULL,'2026-03-12 19:56:40','2026-03-12 19:56:40',NULL),
(15,1,NULL,NULL,NULL,NULL,NULL,NULL,NULL,NULL,'teste (Parcela 1/2)',NULL,NULL,50.00,50.00,0.00,0.00,0.00,NULL,'2026-03-12','2026-03-12','pago',NULL,NULL,NULL,'1','2','e2c7b7a5-6956-4ac0-993e-f47a07e0fc78','mensal','12',NULL,NULL,'2026-03-12 20:04:49','2026-03-12 20:07:29','2026-03-12 20:07:29'),
(16,1,NULL,NULL,NULL,NULL,NULL,NULL,NULL,NULL,'teste (Parcela 2/2)',NULL,NULL,50.00,0.00,0.00,0.00,0.00,NULL,'2026-04-11',NULL,'pendente',NULL,NULL,NULL,'2','2','e2c7b7a5-6956-4ac0-993e-f47a07e0fc78','mensal','12',NULL,NULL,'2026-03-12 20:04:49','2026-03-12 20:04:49',NULL),
(17,1,NULL,NULL,NULL,NULL,NULL,NULL,NULL,NULL,'tstes (Parcela 1/2)',NULL,NULL,50.00,0.00,0.00,0.00,0.00,NULL,'2026-03-12',NULL,'pendente',NULL,NULL,NULL,'1','2','a76fd787-634d-49b3-b590-fb8bf2a64256','mensal','12',NULL,NULL,'2026-03-12 20:15:12','2026-03-12 21:59:03',NULL),
(18,1,NULL,NULL,NULL,NULL,NULL,NULL,NULL,NULL,'tstes (Parcela 2/2)',NULL,NULL,50.00,50.00,0.00,0.00,0.00,NULL,'2026-04-11','2026-03-13','pago',NULL,NULL,NULL,'2','2','a76fd787-634d-49b3-b590-fb8bf2a64256','mensal','12',NULL,NULL,'2026-03-12 20:15:12','2026-03-12 21:58:27',NULL),
(19,1,NULL,NULL,NULL,8,8,NULL,NULL,NULL,'Locação #006 - Combustivel',NULL,NULL,50.00,NULL,NULL,NULL,NULL,'2026-03-13','2026-03-13',NULL,'pendente','compra',NULL,'Gerado automaticamente para despesa da locação','1','1',NULL,NULL,NULL,NULL,NULL,'2026-03-13 18:36:08','2026-03-13 18:36:08',NULL),
(20,1,NULL,NULL,NULL,NULL,NULL,NULL,NULL,NULL,'TSTE',NULL,NULL,100.00,0.00,0.00,0.00,0.00,NULL,'2026-03-13',NULL,'pendente',NULL,NULL,NULL,NULL,'2',NULL,'mensal','12',NULL,NULL,'2026-03-13 18:38:15','2026-03-13 18:38:24','2026-03-13 18:38:24'),
(21,1,NULL,NULL,NULL,NULL,NULL,2,NULL,NULL,'ENERGIA',NULL,NULL,100.00,0.00,0.00,0.00,0.00,NULL,'2026-03-24',NULL,'pendente',NULL,NULL,NULL,NULL,'2',NULL,'mensal','12',NULL,NULL,'2026-03-13 18:41:36','2026-03-13 18:42:32',NULL),
(22,1,NULL,NULL,NULL,9,9,NULL,NULL,NULL,'Locação #007 - Combustivel',NULL,NULL,50.00,NULL,NULL,NULL,NULL,'2026-03-13','2026-03-13',NULL,'pendente','compra',NULL,'Gerado automaticamente para despesa da locação','1','1',NULL,NULL,NULL,NULL,NULL,'2026-03-13 19:04:37','2026-03-13 19:04:37',NULL),
(23,1,NULL,NULL,NULL,10,NULL,NULL,NULL,NULL,'Locação #O002 - Martelete 10KG (Parcela 1/2)',NULL,NULL,25.00,NULL,NULL,NULL,NULL,'2026-03-16','2026-03-25',NULL,'pendente','locacao_terceiro',NULL,'Gerado automaticamente para produto de terceiro na locação','1','2','c4ab66b2-ed74-42b5-8303-e1c344e05b4e',NULL,NULL,NULL,NULL,'2026-03-16 18:35:41','2026-03-17 17:07:47','2026-03-17 17:07:47'),
(24,1,NULL,NULL,NULL,10,NULL,NULL,NULL,NULL,'Locação #O002 - Martelete 10KG (Parcela 2/2)',NULL,NULL,25.00,NULL,NULL,NULL,NULL,'2026-03-16','2026-04-25',NULL,'pendente','locacao_terceiro',NULL,'Gerado automaticamente para produto de terceiro na locação','2','2','c4ab66b2-ed74-42b5-8303-e1c344e05b4e',NULL,NULL,NULL,NULL,'2026-03-16 18:35:41','2026-03-17 17:07:47','2026-03-17 17:07:47'),
(25,1,NULL,NULL,NULL,11,NULL,NULL,NULL,NULL,'Locação #008 - Martelete 10KG',NULL,NULL,189.90,NULL,NULL,NULL,NULL,'2026-03-17','2026-03-30',NULL,'pendente','locacao_terceiro',NULL,'Gerado automaticamente para produto de terceiro na locação','1','1',NULL,NULL,NULL,NULL,NULL,'2026-03-17 17:07:15','2026-03-17 17:07:15',NULL);

--
-- Table structure for table `contas_a_receber`
--

CREATE TABLE `contas_a_receber` (
  `id_contas` bigint(20) unsigned NOT NULL AUTO_INCREMENT,
  `id_empresa` bigint(20) unsigned DEFAULT NULL,
  `id_clientes` bigint(20) unsigned DEFAULT NULL,
  `id_fornecedores` bigint(20) unsigned DEFAULT NULL,
  `id_venda` bigint(20) unsigned DEFAULT NULL,
  `id_locacao` bigint(20) unsigned DEFAULT NULL,
  `id_bancos` bigint(20) unsigned DEFAULT NULL,
  `id_categoria_contas` bigint(20) unsigned DEFAULT NULL,
  `id_usuario` bigint(20) unsigned DEFAULT NULL,
  `descricao` text DEFAULT NULL,
  `documento` varchar(255) DEFAULT NULL,
  `valor_total` decimal(15,2) DEFAULT NULL,
  `valor_pago` decimal(15,2) DEFAULT NULL,
  `juros` decimal(15,2) DEFAULT NULL,
  `multa` decimal(15,2) DEFAULT NULL,
  `desconto` decimal(15,2) DEFAULT NULL,
  `data_emissao` date DEFAULT NULL,
  `data_vencimento` date DEFAULT NULL,
  `data_pagamento` date DEFAULT NULL,
  `status` varchar(255) DEFAULT NULL,
  `id_forma_pagamento` bigint(20) unsigned DEFAULT NULL,
  `observacoes` text DEFAULT NULL,
  `numero_parcela` varchar(255) DEFAULT NULL,
  `total_parcelas` varchar(255) DEFAULT NULL,
  `id_parcelamento` bigint(20) unsigned DEFAULT NULL,
  `tipo_recorrencia` varchar(255) DEFAULT NULL,
  `quantidade_recorrencias` varchar(255) DEFAULT NULL,
  `id_recorrencia` bigint(20) unsigned DEFAULT NULL,
  `is_recorrente` varchar(255) DEFAULT NULL,
  `created_at` timestamp NULL DEFAULT NULL,
  `updated_at` timestamp NULL DEFAULT NULL,
  `deleted_at` timestamp NULL DEFAULT NULL,
  PRIMARY KEY (`id_contas`),
  KEY `contas_a_receber_id_empresa_index` (`id_empresa`),
  KEY `contas_a_receber_id_clientes_index` (`id_clientes`),
  KEY `contas_a_receber_id_fornecedores_index` (`id_fornecedores`),
  KEY `contas_a_receber_id_venda_index` (`id_venda`),
  KEY `contas_a_receber_id_locacao_index` (`id_locacao`),
  KEY `contas_a_receber_id_bancos_index` (`id_bancos`),
  KEY `contas_a_receber_id_categoria_contas_index` (`id_categoria_contas`),
  KEY `contas_a_receber_id_usuario_index` (`id_usuario`),
  KEY `contas_a_receber_id_forma_pagamento_index` (`id_forma_pagamento`),
  KEY `contas_a_receber_id_parcelamento_index` (`id_parcelamento`),
  KEY `contas_a_receber_id_recorrencia_index` (`id_recorrencia`),
  CONSTRAINT `contas_a_receber_id_bancos_foreign` FOREIGN KEY (`id_bancos`) REFERENCES `bancos` (`id_bancos`) ON DELETE SET NULL,
  CONSTRAINT `contas_a_receber_id_categoria_contas_foreign` FOREIGN KEY (`id_categoria_contas`) REFERENCES `categoria_contas` (`id_categoria_contas`) ON DELETE SET NULL,
  CONSTRAINT `contas_a_receber_id_clientes_foreign` FOREIGN KEY (`id_clientes`) REFERENCES `clientes` (`id_clientes`) ON DELETE SET NULL,
  CONSTRAINT `contas_a_receber_id_forma_pagamento_foreign` FOREIGN KEY (`id_forma_pagamento`) REFERENCES `forma_pagamento` (`id_forma_pagamento`) ON DELETE SET NULL,
  CONSTRAINT `contas_a_receber_id_fornecedores_foreign` FOREIGN KEY (`id_fornecedores`) REFERENCES `fornecedores` (`id_fornecedores`) ON DELETE SET NULL,
  CONSTRAINT `contas_a_receber_id_usuario_foreign` FOREIGN KEY (`id_usuario`) REFERENCES `usuarios` (`id_usuario`) ON DELETE SET NULL
) ENGINE=InnoDB AUTO_INCREMENT=9 DEFAULT CHARSET=utf8mb4 COLLATE=utf8mb4_unicode_ci;

--
-- Dumping data for table `contas_a_receber`
--

INSERT INTO `contas_a_receber` VALUES
(1,1,1,NULL,NULL,4,NULL,NULL,NULL,'Faturamento Locação #003','003',610.00,610.00,NULL,NULL,NULL,'2026-03-11','2026-04-12','2026-03-12','pago',NULL,NULL,NULL,NULL,NULL,NULL,NULL,NULL,NULL,'2026-03-11 21:40:37','2026-03-11 22:05:44',NULL),
(2,1,1,NULL,NULL,3,NULL,NULL,NULL,'Faturamento Locação #002','002',230.00,230.00,NULL,NULL,NULL,'2026-03-11','2026-03-12','2026-03-11','pago',NULL,NULL,NULL,NULL,NULL,NULL,NULL,NULL,NULL,'2026-03-11 21:50:15','2026-03-11 21:52:06',NULL),
(3,1,1,NULL,NULL,1,NULL,NULL,NULL,'Faturamento Locação #001','001',599.00,599.00,NULL,NULL,NULL,'2026-03-11','2026-03-11','2026-03-12','pago',NULL,NULL,NULL,NULL,NULL,NULL,NULL,NULL,NULL,'2026-03-11 22:47:06','2026-03-11 22:49:08',NULL),
(4,1,1,NULL,NULL,NULL,NULL,NULL,NULL,'Alguel',NULL,100.00,0.00,0.00,0.00,0.00,NULL,'2026-03-16',NULL,'pendente',NULL,NULL,NULL,'2',NULL,'mensal','12',NULL,NULL,'2026-03-12 15:05:25','2026-03-12 15:05:40',NULL),
(5,1,1,NULL,NULL,NULL,NULL,NULL,NULL,'PRODUTO 113 - BETONEIRA VENDA',NULL,100.00,0.00,0.00,0.00,0.00,NULL,'2026-03-13',NULL,'pendente',NULL,NULL,NULL,'2',NULL,'mensal','12',NULL,NULL,'2026-03-13 18:33:45','2026-03-13 18:33:45',NULL),
(6,1,2,NULL,NULL,9,NULL,NULL,NULL,'Faturamento Locação #007','007',850.00,850.00,NULL,NULL,NULL,'2026-03-13','2026-03-16','2026-03-16','pago',NULL,NULL,NULL,NULL,NULL,NULL,NULL,NULL,NULL,'2026-03-13 19:10:02','2026-03-13 19:15:03',NULL),
(7,1,1,NULL,NULL,NULL,NULL,NULL,NULL,'Teste MP',NULL,5.00,5.00,0.00,0.00,0.00,NULL,'2026-03-20','2026-03-16','pago',NULL,NULL,NULL,'2',NULL,'mensal','12',NULL,NULL,'2026-03-16 15:28:50','2026-03-16 18:28:59',NULL),
(8,1,1,NULL,NULL,NULL,NULL,NULL,NULL,'Teste PH',NULL,5.00,5.00,0.00,0.00,0.00,NULL,'2026-03-30','2026-03-16','pago',NULL,NULL,NULL,'2',NULL,'mensal','12',NULL,NULL,'2026-03-16 19:01:32','2026-03-16 19:13:49',NULL);

--
-- Table structure for table `empresa`
--

CREATE TABLE `empresa` (
  `id_empresa` bigint(20) unsigned NOT NULL AUTO_INCREMENT,
  `razao_social` varchar(255) DEFAULT NULL,
  `cnpj` varchar(255) DEFAULT NULL,
  `cpf` varchar(255) DEFAULT NULL,
  `id_tipo_pessoa` bigint(20) unsigned DEFAULT NULL,
  `nome_empresa` varchar(255) DEFAULT NULL,
  `endereco` varchar(255) DEFAULT NULL,
  `numero` varchar(255) DEFAULT NULL,
  `bairro` varchar(255) DEFAULT NULL,
  `cidade` varchar(255) DEFAULT NULL,
  `complemento` varchar(255) DEFAULT NULL,
  `uf` varchar(255) DEFAULT NULL,
  `cep` varchar(255) DEFAULT NULL,
  `ie` varchar(255) DEFAULT NULL,
  `im` varchar(255) DEFAULT NULL,
  `email` varchar(255) DEFAULT NULL,
  `id_plano` bigint(20) unsigned DEFAULT NULL,
  `status` varchar(255) DEFAULT NULL,
  `data_bloqueio` datetime DEFAULT NULL,
  `data_cancelamento` datetime DEFAULT NULL,
  `data_fim_teste` datetime DEFAULT NULL,
  `id_plano_teste` bigint(20) unsigned DEFAULT NULL,
  `telefone` varchar(255) DEFAULT NULL,
  `cnae` varchar(255) DEFAULT NULL,
  `id_regime_tributario` bigint(20) unsigned DEFAULT NULL,
  `configuracoes` longtext CHARACTER SET utf8mb4 COLLATE utf8mb4_bin DEFAULT NULL CHECK (json_valid(`configuracoes`)),
  `dados_cadastrais` varchar(255) DEFAULT NULL,
  `codigo` varchar(255) DEFAULT NULL,
  `filial` varchar(255) DEFAULT NULL,
  `c_produtos` varchar(255) DEFAULT NULL,
  `c_clientes` varchar(255) DEFAULT NULL,
  `c_fornecedores` varchar(255) DEFAULT NULL,
  `id_empresa_matriz` bigint(20) unsigned DEFAULT NULL,
  `orcamentos_contratos` int(11) DEFAULT NULL,
  `locacao_numero_manual` int(11) DEFAULT NULL,
  `created_at` timestamp NULL DEFAULT NULL,
  `updated_at` timestamp NULL DEFAULT NULL,
  `deleted_at` timestamp NULL DEFAULT NULL,
  PRIMARY KEY (`id_empresa`),
  KEY `empresa_id_tipo_pessoa_index` (`id_tipo_pessoa`),
  KEY `empresa_id_plano_index` (`id_plano`),
  KEY `empresa_id_plano_teste_index` (`id_plano_teste`),
  KEY `empresa_id_regime_tributario_index` (`id_regime_tributario`),
  KEY `empresa_id_empresa_matriz_index` (`id_empresa_matriz`),
  CONSTRAINT `empresa_id_empresa_matriz_foreign` FOREIGN KEY (`id_empresa_matriz`) REFERENCES `empresa` (`id_empresa`) ON DELETE SET NULL
) ENGINE=InnoDB AUTO_INCREMENT=7 DEFAULT CHARSET=utf8mb4 COLLATE=utf8mb4_unicode_ci;

--
-- Dumping data for table `empresa`
--

INSERT INTO `empresa` VALUES
(1,'GestorNow Tecnologia Inova Simples (I.S)','64904128000162','47559087019',NULL,'GestorNow Tecnologia Inova Simples (I.S)','RUA OUVIDOR PELEJA','611','VILA MARIANA','São Paulo',NULL,'SP','04128001',NULL,NULL,'gestornow0@gmail.com',NULL,'ativo',NULL,NULL,NULL,2,'19986116778',NULL,NULL,'{\"logo_url\":\"https:\\/\\/nowgestor.gestornow.com\\/assets\\/logos-empresa\\/logo_empresa_1_1773250786.jpeg\",\"logo_updated_at\":\"2026-03-11 14:39:46\"}','completo','1','Unica','S','S','S',NULL,0,0,'2026-03-11 10:53:12','2026-03-11 14:39:46',NULL),
(4,'BNS ENGENHARIA E CONSTRUÇÕES LTDA','30456657000129',NULL,NULL,'BNS ENGENHARIA E CONSTRUÇÕES LTDA',NULL,NULL,NULL,NULL,NULL,NULL,NULL,NULL,NULL,'loc@bnsengenharia.com',NULL,'teste',NULL,NULL,'2026-03-18 19:51:34',2,NULL,NULL,NULL,NULL,'completo','2','Unica','S','S','S',NULL,NULL,NULL,'2026-03-13 19:37:14','2026-03-13 19:51:34',NULL),
(5,'AMC LOCACOES DE MAQUINAS LTDA','30.315.999/0001-29',NULL,NULL,'AMC LOCACOES DE MAQUINAS','AVENIDA ULYSSES GUIMARAES','2531','SUSSUARANA','SALVADOR',NULL,'BA','41213000',NULL,NULL,'contato@amclocacao.com.br',NULL,'teste',NULL,NULL,'2026-03-21 23:59:00',2,'7193722299',NULL,NULL,NULL,'completo','3','Unica','S','S','S',NULL,NULL,NULL,'2026-03-17 12:42:00',NULL,NULL);

--
-- Table structure for table `empresa_contratos_software`
--

CREATE TABLE `empresa_contratos_software` (
  `id` bigint(20) unsigned NOT NULL AUTO_INCREMENT,
  `id_empresa` bigint(20) unsigned DEFAULT NULL,
  `versao_contrato` varchar(255) DEFAULT NULL,
  `titulo_contrato` varchar(255) DEFAULT NULL,
  `corpo_contrato` longtext DEFAULT NULL,
  `hash_documento` varchar(255) DEFAULT NULL,
  `assinatura_base64` longtext DEFAULT NULL,
  `assinado_por_nome` varchar(255) DEFAULT NULL,
  `assinado_por_documento` varchar(255) DEFAULT NULL,
  `assinatura_ip` varchar(255) DEFAULT NULL,
  `assinado_em` datetime DEFAULT NULL,
  `status` varchar(255) DEFAULT NULL,
  `created_at` timestamp NULL DEFAULT NULL,
  `updated_at` timestamp NULL DEFAULT NULL,
  PRIMARY KEY (`id`),
  KEY `empresa_contratos_software_id_empresa_index` (`id_empresa`)
) ENGINE=InnoDB DEFAULT CHARSET=utf8mb4 COLLATE=utf8mb4_unicode_ci;

--
-- Dumping data for table `empresa_contratos_software`
--


--
-- Table structure for table `failed_jobs`
--

CREATE TABLE `failed_jobs` (
  `id` bigint(20) unsigned NOT NULL AUTO_INCREMENT,
  `uuid` varchar(255) NOT NULL,
  `connection` text NOT NULL,
  `queue` text NOT NULL,
  `payload` longtext NOT NULL,
  `exception` longtext NOT NULL,
  `failed_at` timestamp NOT NULL DEFAULT current_timestamp(),
  PRIMARY KEY (`id`),
  UNIQUE KEY `failed_jobs_uuid_unique` (`uuid`)
) ENGINE=InnoDB DEFAULT CHARSET=utf8mb4 COLLATE=utf8mb4_unicode_ci;

--
-- Dumping data for table `failed_jobs`
--


--
-- Table structure for table `faturamento_locacoes`
--

CREATE TABLE `faturamento_locacoes` (
  `id_faturamento_locacao` bigint(20) unsigned NOT NULL AUTO_INCREMENT,
  `id_empresa` bigint(20) unsigned DEFAULT NULL,
  `id_locacao` bigint(20) unsigned DEFAULT NULL,
  `id_usuario` bigint(20) unsigned DEFAULT NULL,
  `numero_fatura` varchar(255) DEFAULT NULL,
  `id_cliente` bigint(20) unsigned DEFAULT NULL,
  `id_conta_receber` bigint(20) unsigned DEFAULT NULL,
  `id_grupo_faturamento` bigint(20) unsigned DEFAULT NULL,
  `descricao` text DEFAULT NULL,
  `valor_total` decimal(15,2) DEFAULT NULL,
  `data_faturamento` date DEFAULT NULL,
  `data_vencimento` date DEFAULT NULL,
  `status` varchar(255) DEFAULT NULL,
  `origem` varchar(255) DEFAULT NULL,
  `observacoes` text DEFAULT NULL,
  `created_at` timestamp NULL DEFAULT NULL,
  `updated_at` timestamp NULL DEFAULT NULL,
  `deleted_at` timestamp NULL DEFAULT NULL,
  PRIMARY KEY (`id_faturamento_locacao`),
  KEY `faturamento_locacoes_id_empresa_index` (`id_empresa`),
  KEY `faturamento_locacoes_id_locacao_index` (`id_locacao`),
  KEY `faturamento_locacoes_id_usuario_index` (`id_usuario`),
  KEY `faturamento_locacoes_id_cliente_index` (`id_cliente`),
  KEY `faturamento_locacoes_id_conta_receber_index` (`id_conta_receber`),
  KEY `faturamento_locacoes_id_grupo_faturamento_index` (`id_grupo_faturamento`),
  CONSTRAINT `faturamento_locacoes_id_cliente_foreign` FOREIGN KEY (`id_cliente`) REFERENCES `clientes` (`id_clientes`) ON DELETE SET NULL,
  CONSTRAINT `faturamento_locacoes_id_conta_receber_foreign` FOREIGN KEY (`id_conta_receber`) REFERENCES `contas_a_receber` (`id_contas`) ON DELETE SET NULL,
  CONSTRAINT `faturamento_locacoes_id_usuario_foreign` FOREIGN KEY (`id_usuario`) REFERENCES `usuarios` (`id_usuario`) ON DELETE SET NULL
) ENGINE=InnoDB AUTO_INCREMENT=6 DEFAULT CHARSET=utf8mb4 COLLATE=utf8mb4_unicode_ci;

--
-- Dumping data for table `faturamento_locacoes`
--

INSERT INTO `faturamento_locacoes` VALUES
(1,1,4,5,'1',1,1,NULL,'Faturamento Locação #003',610.00,'2026-03-11','2026-04-12','faturado','encerramento_locacao',NULL,'2026-03-11 21:40:37','2026-03-11 21:40:37',NULL),
(2,1,3,5,'2',1,2,NULL,'Faturamento Locação #002',230.00,'2026-03-11','2026-03-12','faturado','encerramento_locacao',NULL,'2026-03-11 21:50:15','2026-03-11 21:50:15',NULL),
(3,1,1,5,'3',1,3,NULL,'Faturamento Locação #001',599.00,'2026-03-11','2026-03-11','faturado','encerramento_locacao',NULL,'2026-03-11 22:47:06','2026-03-11 22:47:06',NULL),
(5,1,9,5,'4',2,6,NULL,'Faturamento Locação #007',850.00,'2026-03-13','2026-03-16','faturado','encerramento_locacao',NULL,'2026-03-13 19:10:02','2026-03-13 19:10:02',NULL);

--
-- Table structure for table `fluxo_caixa`
--

CREATE TABLE `fluxo_caixa` (
  `id_fluxo` bigint(20) unsigned NOT NULL AUTO_INCREMENT,
  `id_empresa` bigint(20) unsigned DEFAULT NULL,
  `tipo` varchar(255) DEFAULT NULL,
  `descricao` text DEFAULT NULL,
  `valor` decimal(15,2) DEFAULT NULL,
  `data_movimentacao` date DEFAULT NULL,
  `id_conta_pagar` bigint(20) unsigned DEFAULT NULL,
  `id_conta_receber` bigint(20) unsigned DEFAULT NULL,
  `id_bancos` bigint(20) unsigned DEFAULT NULL,
  `id_categoria_fluxo` bigint(20) unsigned DEFAULT NULL,
  `id_forma_pagamento` bigint(20) unsigned DEFAULT NULL,
  `created_at` timestamp NULL DEFAULT NULL,
  `updated_at` timestamp NULL DEFAULT NULL,
  `referencia_tipo` varchar(50) DEFAULT NULL,
  `referencia_id` bigint(20) DEFAULT NULL,
  PRIMARY KEY (`id_fluxo`),
  KEY `fluxo_caixa_id_empresa_index` (`id_empresa`),
  KEY `fluxo_caixa_id_conta_pagar_index` (`id_conta_pagar`),
  KEY `fluxo_caixa_id_conta_receber_index` (`id_conta_receber`),
  KEY `fluxo_caixa_id_bancos_index` (`id_bancos`),
  KEY `fluxo_caixa_id_categoria_fluxo_index` (`id_categoria_fluxo`),
  KEY `fluxo_caixa_id_forma_pagamento_index` (`id_forma_pagamento`),
  CONSTRAINT `fluxo_caixa_id_bancos_foreign` FOREIGN KEY (`id_bancos`) REFERENCES `bancos` (`id_bancos`) ON DELETE SET NULL,
  CONSTRAINT `fluxo_caixa_id_categoria_fluxo_foreign` FOREIGN KEY (`id_categoria_fluxo`) REFERENCES `categoria_contas` (`id_categoria_contas`) ON DELETE SET NULL,
  CONSTRAINT `fluxo_caixa_id_conta_pagar_foreign` FOREIGN KEY (`id_conta_pagar`) REFERENCES `contas_a_pagar` (`id_contas`) ON DELETE SET NULL,
  CONSTRAINT `fluxo_caixa_id_conta_receber_foreign` FOREIGN KEY (`id_conta_receber`) REFERENCES `contas_a_receber` (`id_contas`) ON DELETE SET NULL,
  CONSTRAINT `fluxo_caixa_id_forma_pagamento_foreign` FOREIGN KEY (`id_forma_pagamento`) REFERENCES `forma_pagamento` (`id_forma_pagamento`) ON DELETE SET NULL
) ENGINE=InnoDB AUTO_INCREMENT=13 DEFAULT CHARSET=utf8mb4 COLLATE=utf8mb4_unicode_ci;

--
-- Dumping data for table `fluxo_caixa`
--

INSERT INTO `fluxo_caixa` VALUES
(1,1,'entrada','Recebimento: Faturamento Locação #002',230.00,'2026-03-11',NULL,2,NULL,NULL,NULL,'2026-03-11 21:52:06','2026-03-11 21:52:06',NULL,NULL),
(3,1,'entrada','Recebimento: Faturamento Locação #003',610.00,'2026-03-12',NULL,1,1,NULL,2,'2026-03-11 22:05:44','2026-03-11 22:05:44',NULL,NULL),
(4,1,'entrada','Recebimento: Faturamento Locação #001',599.00,'2026-03-12',NULL,3,1,NULL,2,'2026-03-11 22:49:08','2026-03-11 22:49:08',NULL,NULL),
(6,1,'saida','Pagamento: teste (Parcela 1/2)',50.00,'2026-03-12',13,NULL,NULL,NULL,NULL,'2026-03-12 19:56:47','2026-03-12 19:56:47',NULL,NULL),
(7,1,'saida','Pagamento: teste (Parcela 1/2)',50.00,'2026-03-12',15,NULL,NULL,NULL,NULL,'2026-03-12 20:04:56','2026-03-12 20:04:56',NULL,NULL),
(9,1,'saida','Pagamento: tstes (Parcela 2/2)',50.00,'2026-03-13',18,NULL,NULL,NULL,NULL,'2026-03-12 21:58:27','2026-03-12 21:58:27',NULL,NULL),
(11,1,'entrada','Recebimento: Faturamento Locação #007',850.00,'2026-03-16',NULL,6,1,NULL,2,'2026-03-13 19:15:02','2026-03-13 19:15:02',NULL,NULL),
(12,1,'entrada','Venda PDV #1 - Debito',47.50,'2026-03-13',NULL,NULL,NULL,NULL,2,'2026-03-13 19:23:25','2026-03-13 19:23:25','venda',1);

--
-- Table structure for table `forma_pagamento`
--

CREATE TABLE `forma_pagamento` (
  `id_forma_pagamento` bigint(20) unsigned NOT NULL AUTO_INCREMENT,
  `id_empresa` bigint(20) unsigned DEFAULT NULL,
  `nome` varchar(255) DEFAULT NULL,
  `descricao` text DEFAULT NULL,
  `created_at` timestamp NULL DEFAULT NULL,
  `updated_at` timestamp NULL DEFAULT NULL,
  `deleted_at` timestamp NULL DEFAULT NULL,
  PRIMARY KEY (`id_forma_pagamento`),
  KEY `forma_pagamento_id_empresa_index` (`id_empresa`)
) ENGINE=InnoDB AUTO_INCREMENT=4 DEFAULT CHARSET=utf8mb4 COLLATE=utf8mb4_unicode_ci;

--
-- Dumping data for table `forma_pagamento`
--

INSERT INTO `forma_pagamento` VALUES
(1,1,'Dinheiro',NULL,'2026-03-11 22:04:46','2026-03-11 22:04:46',NULL),
(2,1,'Debito',NULL,'2026-03-11 22:04:58','2026-03-11 22:04:58',NULL),
(3,1,'Pix',NULL,'2026-03-11 22:05:05','2026-03-11 22:05:05',NULL);

--
-- Table structure for table `fornecedores`
--

CREATE TABLE `fornecedores` (
  `id_fornecedores` bigint(20) unsigned NOT NULL AUTO_INCREMENT,
  `id_empresa` bigint(20) unsigned DEFAULT NULL,
  `nome` varchar(255) DEFAULT NULL,
  `cep` varchar(255) DEFAULT NULL,
  `endereco` varchar(255) DEFAULT NULL,
  `numero` varchar(255) DEFAULT NULL,
  `complemento` varchar(255) DEFAULT NULL,
  `rg_ie` varchar(255) DEFAULT NULL,
  `cpf_cnpj` varchar(255) DEFAULT NULL,
  `razao_social` varchar(255) DEFAULT NULL,
  `nome_empresa` varchar(255) DEFAULT NULL,
  `data_abertura` date DEFAULT NULL,
  `bairro` varchar(255) DEFAULT NULL,
  `uf` varchar(255) DEFAULT NULL,
  `data_nascimento` date DEFAULT NULL,
  `contato_nome` varchar(255) DEFAULT NULL,
  `contato_cargo` varchar(255) DEFAULT NULL,
  `telefone` varchar(255) DEFAULT NULL,
  `email` varchar(255) DEFAULT NULL,
  `prazo_medio_entrega_dias` varchar(255) DEFAULT NULL,
  `id_categoria_fornecedor` bigint(20) unsigned DEFAULT NULL,
  `banco_agencia` varchar(255) DEFAULT NULL,
  `banco_conta` varchar(255) DEFAULT NULL,
  `observacoes` text DEFAULT NULL,
  `id_tipo_pessoa` bigint(20) unsigned DEFAULT NULL,
  `status` varchar(255) DEFAULT NULL,
  `created_at` timestamp NULL DEFAULT NULL,
  `updated_at` timestamp NULL DEFAULT NULL,
  `deleted_at` timestamp NULL DEFAULT NULL,
  PRIMARY KEY (`id_fornecedores`),
  KEY `fornecedores_id_empresa_index` (`id_empresa`),
  KEY `fornecedores_id_categoria_fornecedor_index` (`id_categoria_fornecedor`),
  KEY `fornecedores_id_tipo_pessoa_index` (`id_tipo_pessoa`)
) ENGINE=InnoDB DEFAULT CHARSET=utf8mb4 COLLATE=utf8mb4_unicode_ci;

--
-- Dumping data for table `fornecedores`
--


--
-- Table structure for table `grupos_permissoes`
--

CREATE TABLE `grupos_permissoes` (
  `id_grupo` bigint(20) unsigned NOT NULL AUTO_INCREMENT,
  `id_empresa` bigint(20) unsigned NOT NULL,
  `nome` varchar(100) NOT NULL,
  `descricao` varchar(255) DEFAULT NULL,
  `created_at` timestamp NULL DEFAULT NULL,
  `updated_at` timestamp NULL DEFAULT NULL,
  PRIMARY KEY (`id_grupo`),
  UNIQUE KEY `grupos_permissoes_id_empresa_nome_unique` (`id_empresa`,`nome`),
  KEY `grupos_permissoes_id_empresa_index` (`id_empresa`)
) ENGINE=InnoDB AUTO_INCREMENT=3 DEFAULT CHARSET=utf8mb4 COLLATE=utf8mb4_unicode_ci;

--
-- Dumping data for table `grupos_permissoes`
--

INSERT INTO `grupos_permissoes` VALUES
(1,1,'Permissões teste','teste','2026-03-16 21:41:11','2026-03-16 23:46:53'),
(2,5,'Admin',NULL,'2026-03-17 12:43:49','2026-03-17 12:43:49');

--
-- Table structure for table `grupos_permissoes_itens`
--

CREATE TABLE `grupos_permissoes_itens` (
  `id` bigint(20) unsigned NOT NULL AUTO_INCREMENT,
  `id_grupo` bigint(20) unsigned NOT NULL,
  `chave` varchar(100) NOT NULL,
  PRIMARY KEY (`id`),
  UNIQUE KEY `grupos_permissoes_itens_id_grupo_chave_unique` (`id_grupo`,`chave`),
  KEY `grupos_permissoes_itens_id_grupo_index` (`id_grupo`)
) ENGINE=InnoDB AUTO_INCREMENT=134 DEFAULT CHARSET=utf8mb4 COLLATE=utf8mb4_unicode_ci;

--
-- Dumping data for table `grupos_permissoes_itens`
--

INSERT INTO `grupos_permissoes_itens` VALUES
(63,1,'clientes.criar'),
(64,1,'clientes.visualizar'),
(66,1,'financeiro.bancos'),
(67,1,'financeiro.boletos'),
(68,1,'financeiro.categorias'),
(65,1,'financeiro.contas-pagar.baixa'),
(69,1,'financeiro.contas-pagar.visualizar'),
(70,1,'financeiro.contas-receber.visualizar'),
(71,1,'financeiro.visualizar'),
(72,1,'locacoes.criar'),
(73,1,'locacoes.visualizar'),
(74,1,'produtos.criar'),
(75,1,'produtos.editar'),
(76,1,'produtos.manutencao'),
(77,1,'produtos.tabela-precos'),
(78,1,'produtos.visualizar'),
(79,2,'clientes.criar'),
(80,2,'clientes.editar'),
(81,2,'clientes.excluir'),
(82,2,'clientes.visualizar'),
(85,2,'financeiro.bancos'),
(86,2,'financeiro.boletos'),
(87,2,'financeiro.categorias'),
(83,2,'financeiro.contas-pagar.baixa'),
(88,2,'financeiro.contas-pagar.criar'),
(90,2,'financeiro.contas-pagar.editar'),
(92,2,'financeiro.contas-pagar.excluir'),
(98,2,'financeiro.contas-pagar.visualizar'),
(84,2,'financeiro.contas-receber.baixa'),
(89,2,'financeiro.contas-receber.criar'),
(91,2,'financeiro.contas-receber.editar'),
(93,2,'financeiro.contas-receber.excluir'),
(99,2,'financeiro.contas-receber.visualizar'),
(94,2,'financeiro.faturamento'),
(95,2,'financeiro.fluxo-caixa'),
(96,2,'financeiro.formas-pagamento'),
(97,2,'financeiro.relatorios'),
(100,2,'financeiro.visualizar'),
(101,2,'locacoes.alterar-status'),
(102,2,'locacoes.assinatura-digital'),
(107,2,'locacoes.contrato-pdf'),
(103,2,'locacoes.criar'),
(104,2,'locacoes.editar'),
(105,2,'locacoes.excluir'),
(106,2,'locacoes.expedicao'),
(108,2,'locacoes.medicao'),
(110,2,'locacoes.renovar'),
(109,2,'locacoes.retornar'),
(111,2,'locacoes.trocar-produto'),
(112,2,'locacoes.visualizar'),
(113,2,'pdv.acessar'),
(114,2,'pdv.cancelar-venda'),
(116,2,'pdv.relatorio'),
(115,2,'produtos-venda.gerenciar'),
(117,2,'produtos.acessorios'),
(118,2,'produtos.criar'),
(119,2,'produtos.editar'),
(120,2,'produtos.excluir'),
(121,2,'produtos.manutencao'),
(122,2,'produtos.movimentacao'),
(123,2,'produtos.patrimonio'),
(124,2,'produtos.tabela-precos'),
(125,2,'produtos.visualizar'),
(126,2,'relatorios.clientes'),
(129,2,'relatorios.financeiro'),
(127,2,'relatorios.locacoes'),
(128,2,'relatorios.produtos'),
(130,2,'usuarios.criar'),
(131,2,'usuarios.editar'),
(132,2,'usuarios.excluir'),
(133,2,'usuarios.visualizar');

--
-- Table structure for table `locacao`
--

CREATE TABLE `locacao` (
  `id_locacao` bigint(20) unsigned NOT NULL AUTO_INCREMENT,
  `id_empresa` bigint(20) unsigned DEFAULT NULL,
  `id_cliente` bigint(20) unsigned DEFAULT NULL,
  `id_usuario` bigint(20) unsigned DEFAULT NULL,
  `numero_contrato` varchar(255) DEFAULT NULL,
  `data_inicio` date DEFAULT NULL,
  `hora_inicio` varchar(255) DEFAULT NULL,
  `data_fim` date DEFAULT NULL,
  `hora_fim` varchar(255) DEFAULT NULL,
  `locacao_por_hora` tinyint(1) NOT NULL DEFAULT 0,
  `quantidade_dias` int(11) DEFAULT NULL,
  `data_transporte_ida` datetime DEFAULT NULL,
  `hora_transporte_ida` varchar(255) DEFAULT NULL,
  `data_transporte_volta` datetime DEFAULT NULL,
  `hora_transporte_volta` varchar(255) DEFAULT NULL,
  `local_entrega` varchar(255) DEFAULT NULL,
  `local_retirada` varchar(255) DEFAULT NULL,
  `contato_responsavel` varchar(255) DEFAULT NULL,
  `telefone_responsavel` varchar(255) DEFAULT NULL,
  `nome_obra` varchar(255) DEFAULT NULL,
  `contato_local` varchar(255) DEFAULT NULL,
  `telefone_contato` varchar(255) DEFAULT NULL,
  `local_evento` varchar(255) DEFAULT NULL,
  `endereco_entrega` varchar(255) DEFAULT NULL,
  `cidade` varchar(255) DEFAULT NULL,
  `estado` varchar(255) DEFAULT NULL,
  `cep` varchar(255) DEFAULT NULL,
  `numero_nf` varchar(255) DEFAULT NULL,
  `serie_nf` varchar(255) DEFAULT NULL,
  `vencimento` date DEFAULT NULL,
  `valor_total` decimal(15,2) DEFAULT NULL,
  `valor_frete` decimal(15,2) DEFAULT NULL,
  `valor_despesas_extras` decimal(15,2) DEFAULT NULL,
  `valor_desconto` decimal(15,2) DEFAULT NULL,
  `valor_acrescimo` decimal(15,2) DEFAULT NULL,
  `valor_imposto` decimal(15,2) DEFAULT NULL,
  `valor_final` decimal(15,2) DEFAULT NULL,
  `valor_limite_medicao` decimal(15,2) DEFAULT NULL,
  `forma_pagamento` varchar(255) DEFAULT NULL,
  `condicao_pagamento` varchar(255) DEFAULT NULL,
  `status` varchar(255) DEFAULT NULL,
  `status_logistica` varchar(255) DEFAULT NULL,
  `responsavel` varchar(255) DEFAULT NULL,
  `observacoes` text DEFAULT NULL,
  `observacoes_recibo` text DEFAULT NULL,
  `observacoes_entrega` text DEFAULT NULL,
  `observacoes_checklist` text DEFAULT NULL,
  `aditivo` int(11) DEFAULT NULL,
  `renovacao_automatica` tinyint(1) NOT NULL DEFAULT 0,
  `id_locacao_origem` bigint(20) unsigned DEFAULT NULL,
  `id_locacao_anterior` bigint(20) unsigned DEFAULT NULL,
  `numero_orcamento` int(11) DEFAULT NULL,
  `numero_orcamento_origem` int(11) DEFAULT NULL,
  `created_at` timestamp NULL DEFAULT NULL,
  `updated_at` timestamp NULL DEFAULT NULL,
  `deleted_at` timestamp NULL DEFAULT NULL,
  `valor_frete_entrega` decimal(15,2) NOT NULL DEFAULT 0.00,
  `valor_frete_retirada` decimal(15,2) NOT NULL DEFAULT 0.00,
  `observacoes_orcamento` text DEFAULT NULL,
  PRIMARY KEY (`id_locacao`),
  KEY `locacao_id_empresa_index` (`id_empresa`),
  KEY `locacao_id_cliente_index` (`id_cliente`),
  KEY `locacao_id_usuario_index` (`id_usuario`),
  KEY `locacao_id_locacao_origem_index` (`id_locacao_origem`),
  KEY `locacao_id_locacao_anterior_index` (`id_locacao_anterior`),
  CONSTRAINT `locacao_id_cliente_foreign` FOREIGN KEY (`id_cliente`) REFERENCES `clientes` (`id_clientes`) ON DELETE SET NULL,
  CONSTRAINT `locacao_id_empresa_foreign` FOREIGN KEY (`id_empresa`) REFERENCES `empresa` (`id_empresa`) ON DELETE SET NULL,
  CONSTRAINT `locacao_id_locacao_anterior_foreign` FOREIGN KEY (`id_locacao_anterior`) REFERENCES `locacao` (`id_locacao`) ON DELETE SET NULL,
  CONSTRAINT `locacao_id_locacao_origem_foreign` FOREIGN KEY (`id_locacao_origem`) REFERENCES `locacao` (`id_locacao`) ON DELETE SET NULL
) ENGINE=InnoDB AUTO_INCREMENT=12 DEFAULT CHARSET=utf8mb4 COLLATE=utf8mb4_unicode_ci;

--
-- Dumping data for table `locacao`
--

INSERT INTO `locacao` VALUES
(1,1,1,4,'001','2026-03-11','08:00','2026-03-15','18:00',0,5,NULL,NULL,NULL,NULL,'AVENIDA SUBURBANA, 7471, SALA 201 PARTE, ABOLICAO, CEP 20751000',NULL,NULL,NULL,NULL,NULL,NULL,NULL,NULL,NULL,NULL,NULL,NULL,NULL,NULL,599.00,0.00,0.00,0.00,0.00,0.00,599.00,0.00,NULL,NULL,'aprovado',NULL,NULL,NULL,NULL,NULL,NULL,NULL,0,NULL,NULL,1,1,'2026-03-11 15:32:39','2026-03-11 15:32:39',NULL,0.00,0.00,NULL),
(2,1,1,5,'O001','2026-03-11','08:00','2026-03-12','18:00',0,2,NULL,NULL,NULL,NULL,'AVENIDA SUBURBANA, 7471, SALA 201 PARTE, ABOLICAO, CEP 20751000',NULL,NULL,NULL,NULL,NULL,NULL,NULL,NULL,NULL,NULL,NULL,NULL,NULL,NULL,100.00,0.00,0.00,30.00,80.00,0.00,150.00,0.00,NULL,NULL,'orcamento',NULL,NULL,NULL,NULL,NULL,NULL,NULL,0,NULL,NULL,1,1,'2026-03-11 21:01:45','2026-03-11 21:01:45',NULL,0.00,0.00,NULL),
(3,1,1,5,'002','2026-03-11','08:00','2026-03-12','18:00',0,2,NULL,NULL,NULL,NULL,'AVENIDA SUBURBANA, 7471, SALA 201 PARTE, ABOLICAO, CEP 20751000',NULL,NULL,NULL,NULL,NULL,NULL,NULL,NULL,NULL,NULL,NULL,NULL,NULL,NULL,200.00,0.00,0.00,20.00,50.00,0.00,230.00,0.00,NULL,NULL,'aprovado',NULL,NULL,NULL,NULL,NULL,NULL,NULL,0,NULL,NULL,2,2,'2026-03-11 21:12:30','2026-03-11 21:13:10',NULL,0.00,0.00,NULL),
(4,1,1,5,'003','2026-03-11','08:00','2026-03-13','18:00',0,3,NULL,NULL,NULL,NULL,'AVENIDA SUBURBANA, 7471, SALA 201 PARTE, ABOLICAO, CEP 20751000',NULL,NULL,NULL,NULL,NULL,NULL,NULL,NULL,NULL,NULL,NULL,NULL,NULL,NULL,600.00,0.00,0.00,10.00,20.00,0.00,610.00,0.00,NULL,NULL,'aprovado',NULL,NULL,NULL,NULL,NULL,NULL,NULL,0,NULL,NULL,2,2,'2026-03-11 21:26:26','2026-03-11 21:27:03',NULL,0.00,0.00,NULL),
(6,1,1,1,'004','2026-03-12','08:00','2026-03-15','18:00',0,4,NULL,NULL,NULL,NULL,'AVENIDA SUBURBANA, 7471, SALA 201 PARTE, ABOLICAO, CEP 20751000',NULL,NULL,NULL,NULL,NULL,NULL,NULL,NULL,NULL,NULL,NULL,NULL,NULL,NULL,400.00,0.00,0.00,0.00,0.00,0.00,400.00,0.00,NULL,NULL,'aprovado','para_separar',NULL,NULL,NULL,NULL,NULL,NULL,0,NULL,NULL,2,2,'2026-03-12 15:28:57','2026-03-12 15:44:13',NULL,0.00,0.00,NULL),
(7,1,1,1,'005','2026-03-12','08:00','2026-03-12','08:00',0,1,NULL,NULL,NULL,NULL,'AVENIDA SUBURBANA, 7471, SALA 201 PARTE, ABOLICAO, CEP 20751000',NULL,NULL,NULL,NULL,NULL,NULL,NULL,NULL,NULL,NULL,NULL,NULL,NULL,NULL,0.00,0.00,0.00,0.00,0.00,0.00,0.00,0.00,NULL,NULL,'medicao','para_separar',NULL,NULL,NULL,NULL,NULL,NULL,0,NULL,NULL,2,2,'2026-03-12 16:06:04','2026-03-16 18:34:19',NULL,0.00,0.00,NULL),
(8,1,2,5,'006','2026-03-13','08:00','2026-03-16','18:00',0,4,NULL,NULL,NULL,NULL,NULL,NULL,NULL,NULL,NULL,NULL,NULL,NULL,NULL,NULL,NULL,NULL,NULL,NULL,NULL,950.00,0.00,0.00,0.00,100.00,0.00,1050.00,0.00,NULL,NULL,'aprovado','pronto_patio',NULL,NULL,NULL,NULL,NULL,NULL,0,NULL,NULL,2,2,'2026-03-13 18:36:08','2026-03-17 16:08:54',NULL,0.00,0.00,NULL),
(9,1,2,5,'007','2026-03-13','08:00','2026-03-16','18:00',0,4,NULL,NULL,NULL,NULL,NULL,NULL,NULL,NULL,NULL,NULL,NULL,NULL,NULL,NULL,NULL,NULL,NULL,NULL,NULL,750.00,0.00,0.00,0.00,100.00,0.00,850.00,0.00,NULL,NULL,'aprovado','para_separar',NULL,NULL,NULL,NULL,NULL,NULL,0,NULL,NULL,2,2,'2026-03-13 19:04:37','2026-03-16 18:34:17',NULL,0.00,0.00,NULL),
(10,1,1,1,'O002','2026-03-16','08:00','2026-03-20','18:00',0,5,NULL,NULL,NULL,NULL,'AVENIDA SUBURBANA, 7471, SALA 201 PARTE, ABOLICAO, CEP 20751000',NULL,NULL,NULL,NULL,NULL,NULL,NULL,NULL,NULL,NULL,NULL,NULL,NULL,NULL,100.00,0.00,0.00,15.00,135.00,0.00,220.00,0.00,NULL,NULL,'orcamento',NULL,NULL,NULL,NULL,NULL,NULL,NULL,0,NULL,NULL,2,2,'2026-03-16 18:35:41','2026-03-17 17:08:32',NULL,50.00,85.00,'Teste do orçamento'),
(11,1,1,1,'008','2026-03-17','08:00','2026-03-20','18:00',0,4,NULL,NULL,NULL,NULL,'AVENIDA SUBURBANA, 7471, SALA 201 PARTE, ABOLICAO, CEP 20751000',NULL,NULL,NULL,NULL,NULL,NULL,NULL,NULL,NULL,NULL,NULL,NULL,NULL,NULL,359.90,0.00,0.00,0.00,0.00,0.00,359.90,0.00,NULL,NULL,'aprovado',NULL,NULL,NULL,NULL,NULL,NULL,NULL,0,NULL,NULL,3,3,'2026-03-17 17:02:42','2026-03-17 17:07:15',NULL,0.00,0.00,NULL);

--
-- Table structure for table `locacao_assinaturas_digitais`
--

CREATE TABLE `locacao_assinaturas_digitais` (
  `id_assinatura` bigint(20) unsigned NOT NULL AUTO_INCREMENT,
  `id_empresa` bigint(20) unsigned DEFAULT NULL,
  `id_locacao` bigint(20) unsigned DEFAULT NULL,
  `id_cliente` bigint(20) unsigned DEFAULT NULL,
  `id_modelo` bigint(20) unsigned DEFAULT NULL,
  `email_destinatario` varchar(255) DEFAULT NULL,
  `token` varchar(255) DEFAULT NULL,
  `status` varchar(255) DEFAULT NULL,
  `assinatura_tipo` varchar(255) DEFAULT NULL,
  `assinatura_cliente_url` varchar(255) DEFAULT NULL,
  `assinado_em` datetime DEFAULT NULL,
  `solicitado_em` datetime DEFAULT NULL,
  `ip_assinatura` varchar(255) DEFAULT NULL,
  `user_agent` varchar(255) DEFAULT NULL,
  `hash_documento` varchar(255) DEFAULT NULL,
  `corpo_contrato_assinado` longtext DEFAULT NULL,
  `assinado_por_nome` varchar(255) DEFAULT NULL,
  `assinado_por_documento` varchar(255) DEFAULT NULL,
  `created_at` timestamp NULL DEFAULT NULL,
  `updated_at` timestamp NULL DEFAULT NULL,
  PRIMARY KEY (`id_assinatura`),
  KEY `locacao_assinaturas_digitais_id_empresa_index` (`id_empresa`),
  KEY `locacao_assinaturas_digitais_id_locacao_index` (`id_locacao`),
  KEY `locacao_assinaturas_digitais_id_cliente_index` (`id_cliente`),
  KEY `locacao_assinaturas_digitais_id_modelo_index` (`id_modelo`),
  CONSTRAINT `locacao_assinaturas_digitais_id_cliente_foreign` FOREIGN KEY (`id_cliente`) REFERENCES `clientes` (`id_clientes`) ON DELETE SET NULL,
  CONSTRAINT `locacao_assinaturas_digitais_id_empresa_foreign` FOREIGN KEY (`id_empresa`) REFERENCES `empresa` (`id_empresa`) ON DELETE SET NULL,
  CONSTRAINT `locacao_assinaturas_digitais_id_locacao_foreign` FOREIGN KEY (`id_locacao`) REFERENCES `locacao` (`id_locacao`) ON DELETE SET NULL,
  CONSTRAINT `locacao_assinaturas_digitais_id_modelo_foreign` FOREIGN KEY (`id_modelo`) REFERENCES `locacao_modelos_contrato` (`id_modelo`) ON DELETE SET NULL
) ENGINE=InnoDB AUTO_INCREMENT=4 DEFAULT CHARSET=utf8mb4 COLLATE=utf8mb4_unicode_ci;

--
-- Dumping data for table `locacao_assinaturas_digitais`
--

INSERT INTO `locacao_assinaturas_digitais` VALUES
(1,1,6,1,NULL,'contato@amclocacao.com.br','cevnjbhgaagl8daunqxnrhbczdxcru5cowg5vou9i20veuu89d1k86y6tyblbhsbnyhuhqke','assinado','digitada','https://nowgestor.gestornow.com/uploads/assinaturas/1/assinatura-cliente-locacao-6-20260312153955.png','2026-03-12 15:39:56','2026-03-12 15:36:39','2804:1b3:6243:c6eb:602f:f611:35fc:be89','Mozilla/5.0 (Windows NT 10.0; Win64; x64) AppleWebKit/537.36 (KHTML, like Gecko) Chrome/145.0.0.0 Safari/537.36',NULL,NULL,NULL,NULL,'2026-03-12 15:36:39','2026-03-12 15:39:56'),
(2,1,4,1,NULL,'gestornow0@gmail.com','90u3jfcfamos28dqkv5k298rfm2hssr2dhsdafmx4hgwszmvynfmph0dxikton8suyiwisek','pendente',NULL,NULL,NULL,'2026-03-12 19:47:59',NULL,NULL,NULL,NULL,NULL,NULL,'2026-03-12 19:47:32','2026-03-12 19:47:59'),
(3,1,1,1,1,'gestornow0@gmail.com','wj3nuod8onln8odu5und8p21gjcy7if2zvw8sljpjvmmukbcypyze7dedzexppnzjyzohagj','assinado','desenho','https://nowgestor.gestornow.com/uploads/assinaturas/1/assinatura-cliente-locacao-1-20260313153635.png','2026-03-13 15:36:35','2026-03-13 15:35:53','2804:868:d054:7615:ad0b:104d:ca5e:4f27','Mozilla/5.0 (Windows NT 10.0; Win64; x64) AppleWebKit/537.36 (KHTML, like Gecko) Chrome/146.0.0.0 Safari/537.36','8b99357d0ffaaa3d2902baa708eb564f2089791474afd66fd8931fc819810de9','<!DOCTYPE html>\n<html lang=\"pt-BR\">\n<head>\n    <meta charset=\"UTF-8\">\n    <meta name=\"viewport\" content=\"width=device-width, initial-scale=1.0\">\n    <title>Contrato de Loca&ccedil;&atilde;o #001</title>\n    <style>\n        * {\n            margin: 0;\n            padding: 0;\n            box-sizing: border-box;\n        }\n        body {\n            font-family: \'DejaVu Sans\', Arial, sans-serif;\n            font-size: 12px;\n            line-height: 1.5;\n            color: #333;\n            padding: 20px;\n        }\n        .page {\n            max-width: 800px;\n            margin: 0 auto;\n        }\n        h1 { font-size: 18px; margin-bottom: 10px; }\n        h2 { font-size: 16px; margin-bottom: 8px; }\n        h3 { font-size: 14px; margin-bottom: 6px; margin-top: 15px; }\n        table {\n            width: 100%;\n            border-collapse: collapse;\n            margin: 10px 0;\n        }\n        th, td {\n            border: 1px solid #ddd;\n            padding: 8px;\n            text-align: left;\n        }\n        th {\n            background-color: #f5f5f5;\n        }\n        .text-right { text-align: right; }\n        .text-center { text-align: center; }\n        .mt-20 { margin-top: 20px; }\n        .mb-20 { margin-bottom: 20px; }\n        .assinaturas {\n            display: flex;\n            justify-content: space-between;\n            margin-top: 50px;\n        }\n        .assinatura {\n            width: 45%;\n            text-align: center;\n        }\n        .assinatura-linha {\n            border-top: 1px solid #000;\n            padding-top: 5px;\n            margin-top: 40px;\n        }\n        @media print {\n            body { padding: 0; }\n            .no-print { display: none; }\n        }\n        \n            body { font-family: DejaVu Sans, Arial, sans-serif; color: #1f2937; font-size: 10px; background: #ffffff; margin: 0; }\n            .contrato-wrapper { overflow: hidden; margin: -20px -20px 0 -20px; }\n            .faixa-topo { background: #008ee6; height: 20px; }\n            .cabecalho-principal { padding: 10px 24px 2px 24px; }\n            .cabecalho-table { width: 100%; border-collapse: collapse; }\n            .cabecalho-table td { vertical-align: middle; }\n            .documento-titulo { font-size: 20px; letter-spacing: .4px; color: #2f4858; font-weight: 700; text-transform: uppercase; line-height: 1; }\n            .titulo-dots { font-size: 9px; color: #6b7280; margin-left: 7px; vertical-align: middle; }\n            .documento-subtitulo { font-size: 11px; color: #2f4858; margin-top: 3px; }\n            .numero-area { text-align: center; vertical-align: middle; white-space: nowrap; }\n            .numero-contrato { display: inline-block; font-size: 12px; color: #2f4858; font-weight: 700; }\n            .logo-area { text-align: right; font-size: 16px; color: #2f4858; text-transform: uppercase; vertical-align: middle; }\n            .logo-img { display: inline-block; max-height: 52px; max-width: 130px; width: auto; height: auto; }\n            .partes-table { width: 100%; border-collapse: separate; border-spacing: 8px 0; margin-top: 10px; }\n            .bloco-parte { border: 1px solid #008ee6; border-radius: 3px; padding: 6px; min-height: 82px; background: #fff; }\n            .bloco { border: 1px solid #008ee6; border-radius: 3px; padding: 7px; margin-top: 10px; background: #fff; }\n            .bloco-produtos { border: 1px solid #cbd5e1; border-radius: 3px; padding: 7px; background: #fff; }\n            .bloco-titulo { font-size: 11px; font-weight: 700; color: #2f4858; margin-bottom: 5px; }\n            .item-linha { line-height: 1.25; margin-bottom: 1px; font-size: 9px; }\n            .largura-partes { width: 96%; margin-left: auto; margin-right: auto; box-sizing: border-box; }\n            .largura-partes.bloco { margin-top: 10px; }\n            .clausulas-wrap { margin-top: 10px; }\n            .bloco-clausulas { border: 1px solid #cbd5e1; border-radius: 3px; padding: 7px; background: #fff; overflow: hidden; }\n            .tabela-produtos-wrap { border: none; padding: 0; margin-top: 0; }\n            .tabela-produtos { width: 100%; border-collapse: collapse; margin-top: 4px; table-layout: fixed; }\n            .tabela-produtos th, .tabela-produtos td { border: 1px solid #008ee6; padding: 4px; font-size: 9px; }\n            .tabela-produtos th { background: #f1f5f9; color: #2f4858; font-weight: 700; }\n            .tabela-produtos .linha-zebra { background: #f8fafc; }\n            .tabela-produtos td { word-wrap: break-word; overflow-wrap: anywhere; }\n            .total-produtos { margin-top: 6px; font-size: 9px; color: #334155; text-align: right; }\n            .resumo-financeiro { margin-top: 8px; border: 1px solid #cbd5e1; border-radius: 3px; overflow: hidden; }\n            .resumo-financeiro .linha-resumo { display: table; width: 100%; border-bottom: 1px solid #e2e8f0; font-size: 9px; }\n            .resumo-financeiro .linha-resumo:last-child { border-bottom: none; }\n            .resumo-financeiro .linha-resumo span { display: table-cell; padding: 5px 6px; }\n            .resumo-financeiro .linha-resumo span:last-child { text-align: right; font-weight: 600; }\n            .resumo-financeiro .linha-resumo.total { background: #eff6ff; color: #2f4858; font-weight: 700; }\n            .clausulas-texto { margin-top: 4px; font-size: 9px; line-height: 1.4; text-align: justify; word-break: break-word; overflow-wrap: anywhere; max-width: 100%; }\n            .clausulas-texto * { word-break: break-word; overflow-wrap: anywhere; max-width: 100%; }\n            .clausulas-texto ul, .clausulas-texto ol { padding-left: 0; margin-left: 0; list-style-position: inside; }\n            .clausulas-texto img { max-width: 100%; height: auto; }\n            .clausulas-texto table { width: 100%; table-layout: fixed; }\n            .data-local { margin-top: 16px; font-size: 9px; color: #334155; text-align: right; }\n            .assinaturas { margin-top: 20px; }\n            .assinaturas-table { width: 100%; border-collapse: collapse; }\n            .assinatura-cell { width: 50%; text-align: center; padding-top: 26px; vertical-align: bottom; }\n            .assinatura-imagem { margin-bottom: 6px; }\n            .assinatura-img { max-height: 70px; max-width: 220px; }\n            .assinatura-placeholder { height: 70px; }\n            .assinatura-linha { border-top: 1px solid #111; padding-top: 4px; font-size: 9px; color: #334155; margin: 0 16px; }\n            .clausula-box { margin-top: 8px; border: 1px solid #bfd3f2; border-radius: 4px; overflow: hidden; }\n            .clausula-head { background: #eaf1fb; color: #0f3f7d; font-size: 9.5px; font-weight: 700; padding: 6px 8px; text-transform: uppercase; }\n            .clausula-body { background: #fff; padding: 8px; font-size: 9px; line-height: 1.4; color: #1f2937; }\n        \n    </style>\n</head>\n<body>\n    <div class=\"page\">\n        <div class=\"cabecalho\">\n            \n        </div>\n        \n        <div class=\"conteudo\">\n            \n            \n            <div class=\"contrato-wrapper\">\n                <div class=\"faixa-topo\"></div>\n                <div class=\"cabecalho-principal\">\n                    <table class=\"cabecalho-table\">\n                        <tr>\n                            <td style=\"width:68%;\">\n                                <div class=\"documento-titulo\">Contrato <span class=\"titulo-dots\">&#9679; &#9679; &#9679;</span></div>\n                                <div class=\"documento-subtitulo\">Loca&ccedil;&atilde;o de Bens M&oacute;veis</div>\n                            </td>\n                            <td style=\"width:14%;\" class=\"numero-area\">\n                                <span class=\"numero-contrato\">N&ordm; 001</span>\n                            </td>\n                            <td style=\"width:18%;\" class=\"logo-area\">\n                                <img src=\"/var/www/html/public/assets/logos-empresa/logo_empresa_1_1773250786.jpeg\" alt=\"Logo\" class=\"logo-img\">\n                            </td>\n                        </tr>\n                    </table>\n                </div>\n            </div>\n        \n\n            \n                <table class=\"partes-table\">\n                    <tr>\n                        <td style=\"width:50%;\">\n                            <div class=\"bloco-parte\">\n                                <div class=\"bloco-titulo\">Contratante</div>\n                                <div class=\"item-linha\">Nome: PRIME VIDEO LTDA</div>\n                                <div class=\"item-linha\">CPF/CNPJ: 68634245000104</div>\n                                <div class=\"item-linha\">Endere&ccedil;o: AVENIDA SUBURBANA, 7471, ABOLICAO, 20751000</div>\n                                <div class=\"item-linha\">E mail: gestornow0@gmail.com</div>\n                            </div>\n                        </td>\n                        <td style=\"width:50%;\">\n                            <div class=\"bloco-parte\">\n                                <div class=\"bloco-titulo\">Contratado</div>\n                                <div class=\"item-linha\">Nome: GestorNow Tecnologia Inova Simples (I.S)</div>\n                                <div class=\"item-linha\">CPF/CNPJ: 64904128000162</div>\n                                <div class=\"item-linha\">Endere&ccedil;o: RUA OUVIDOR PELEJA, 611, VILA MARIANA, S&atilde;o Paulo, SP, 04128001</div>\n                                <div class=\"item-linha\">E mail: gestornow0@gmail.com</div>\n                            </div>\n                        </td>\n                    </tr>\n                </table>\n            \n\n            <div class=\"bloco largura-partes bloco-produtos\">\n                <div class=\"bloco-titulo\">Tabela de Itens (Produtos e Servi&ccedil;os)</div>\n                <div class=\"tabela-produtos-wrap\"><table class=\"tabela-produtos\"><thead><tr><th>Produto</th><th>Qtd</th><th>Dias</th><th>Valor Unit.</th><th>Subtotal</th></tr></thead><tbody><tr><td>Betoneira 500L</td><td>1</td><td>5</td><td>R$ 59,90</td><td>R$ 299,50</td></tr><tr class=\"linha-zebra\"><td>Betoneira 500L</td><td>1</td><td>5</td><td>R$ 59,90</td><td>R$ 299,50</td></tr></tbody></table></div><div class=\"total-produtos\">Total de itens: 2</div>\n\n                <div class=\"resumo-financeiro\">\n                    <div class=\"linha-resumo\"><span>Subtotal Produtos</span><span>R$ 599,00</span></div>\n                    <div class=\"linha-resumo\"><span>Subtotal Servi&ccedil;os</span><span>R$ 0,00</span></div>\n                    <div class=\"linha-resumo\"><span>Frete</span><span>R$ 0,00</span></div>\n                    <div class=\"linha-resumo\"><span>Desconto</span><span>R$ 0,00</span></div>\n                    <div class=\"linha-resumo total\"><span>Valor Total do Contrato</span><span>R$ 599,00</span></div>\n                </div>\n            </div>\n\n            <div class=\"largura-partes clausulas-wrap bloco-clausulas\">\n                <div class=\"clausulas-texto\"><div class=\"clausula-box\"><div class=\"clausula-head\">PER&Iacute;ODO</div><div class=\"clausula-body\">11/03/2026 &agrave;s 08:00 horas at&eacute; 15/03/2026 &agrave;s 18:00 horas totalizando 5 dia(s), totalizando R$599,00, quinhentos e noventa e nove reais.</div></div><div class=\"clausula-box\"><div class=\"clausula-head\">FORMA E PRAZO DE PAGAMENTO</div><div class=\"clausula-body\">Forma de Pagamento: A combinar / Prazo de Pagamento: A definir</div></div><div class=\"clausula-box\"><div class=\"clausula-head\">CL&Aacute;USULA I - \"DO PRAZO CONTRATUAL\"</div><div class=\"clausula-body\">O prazo de vig&ecirc;ncia do presente contrato ser&aacute; de 5 dia(s) contando a partir da data de recebimento do equipamento, podendo as partes, entretanto rescindi-lo ou prorrog&aacute;-lo conforme sua necessidade.</div></div><div class=\"clausula-box\"><div class=\"clausula-head\">CL&Aacute;USULA II - \"DO PRAZO DE PAGAMENTO\"</div><div class=\"clausula-body\">a) O LOCAT&Aacute;RIO ter&aacute; o prazo de (A DEFINIR) dias para efetuar o pagamento da loca&ccedil;&atilde;o conforme acordado na data de entrega do equipamento efetuado pelo LOCADOR.<br>b) Caso n&atilde;o seja efetuado o pagamento em atraso at&eacute; 10 dias ap&oacute;s o vencimento, o LOCADOR poder&aacute; retirar o(s) equipamento(s) locado(s) sem aviso pr&eacute;vio.</div></div><div class=\"clausula-box\"><div class=\"clausula-head\">CL&Aacute;USULA III - \"DA RESPONSABILIDADE DO LOCAT&Aacute;RIO\"</div><div class=\"clausula-body\">a) O LOCAT&Aacute;RIO compromete-se a fazer o bom uso do(s) equipamento(s) locado(s) conforme especifica&ccedil;&otilde;es do fabricante e orienta&ccedil;&otilde;es fornecidas pelo LOCADOR, respondendo pelo uso e indevido ou impr&oacute;prio do mesmo, e se responsabilizar por eventuais custos, indeniza&ccedil;&otilde;es ou despesas decorrentes pelos danos causados pelo mal uso e acidentes causados a terceiros.<br>b) O LOCAT&Aacute;RIO compromete-se a indenizar o LOCADOR, o valor total do equipamento locado em caso de inc&ecirc;ndio, roubo, furto, acidentes com avarias, em caso de fortuito ou for&ccedil;a maior.<br>c) O LOCAT&Aacute;RIO responder&aacute; pelo crime de apropria&ccedil;&atilde;o ind&eacute;bita no caso de reten&ccedil;&atilde;o indevida do equipamento locado.<br>d) O LOCAT&Aacute;RIO &eacute; o respons&aacute;vel pelo abastecimento de combust&iacute;vel, reposi&ccedil;&atilde;o de acess&oacute;rios, convers&atilde;o de acess&oacute;rios, convers&atilde;o e lubrifica&ccedil;&atilde;o do equipamento, cuidados necess&aacute;rios para o bom desempenho do servi&ccedil;o.<br>e) Em caso de acidente com o equipamento, o presente contrato continuar&aacute; em vigor at&eacute; a devolu&ccedil;&atilde;o ou entrega do bem avariado em perfeitas condi&ccedil;&otilde;es de uso.<br>f) O LOCAT&Aacute;RIO dever&aacute; entrar em contato com o LOCADOR caso o equipamento apresente algum problema, quebra, entre outros defeitos, solicitando a troca imediata do mesmo.</div></div><div class=\"clausula-box\"><div class=\"clausula-head\">CL&Aacute;USULA IV - \"DA RESPONSABILIDADE DO LOCADOR\"</div><div class=\"clausula-body\">a) O LOCADOR compromete-se a entregar o equipamento em perfeitas condi&ccedil;&otilde;es de uso, bem como, fornecer todas as orienta&ccedil;&otilde;es necess&aacute;rias ao bom uso do equipamento locado.<br>b) &Eacute; responsabilidade do LOCADOR o transporte do equipamento at&eacute; o LOCAT&Aacute;RIO e a retirada do mesmo sem cobran&ccedil;a de frete adicional.<br>c) O LOCADOR compromete-se efetuar troca imediata do equipamento quando o mesmo, apresente algum problema, quebra, entre outros defeitos.<br>CL&Aacute;USULA V - \"DAS DISPOSI&Ccedil;&Otilde;ES GERAIS\"<br>O LOCAT&Aacute;RIO n&atilde;o poder&aacute; transferir este contrato, sublocar ou emprestar o equipamento.</div></div><p><br></p></div>\n            </div>\n\n            <div class=\"data-local largura-partes\">S&atilde;o Paulo, 13 de mar&ccedil;o de 2026</div><div class=\"assinaturas largura-partes\"><table class=\"assinaturas-table\"><tr><td class=\"assinatura-cell\"><div class=\"assinatura-imagem\"><img src=\"/var/www/html/public/uploads/assinaturas/1/assinatura_locadora_1_cJTDFehr.png\" alt=\"Assinatura Locadora\" class=\"assinatura-img\"></div><div class=\"assinatura-linha\">GestorNow Tecnologia Inova Simples (I.S)<br><small>CNPJ: 64904128000162</small></div></td><td class=\"assinatura-cell\"><div class=\"assinatura-imagem\"><img src=\"/var/www/html/public/uploads/assinaturas/1/assinatura-cliente-locacao-1-20260313153635.png\" alt=\"Assinatura Cliente\" class=\"assinatura-img\"></div><div class=\"assinatura-linha\">PRIME VIDEO LTDA<br><small>CNPJ: 68634245000104</small></div></td></tr></table></div>\n        \n        </div>\n        \n        <div class=\"rodape\">\n            \n        </div>\n    </div>\n</body>\n</html>\n','PRIME VIDEO LTDA','68634245000104','2026-03-13 15:35:53','2026-03-13 16:50:42');

--
-- Table structure for table `locacao_checklist`
--

CREATE TABLE `locacao_checklist` (
  `id_locacao_checklist` bigint(20) unsigned NOT NULL AUTO_INCREMENT,
  `id_empresa` bigint(20) unsigned DEFAULT NULL,
  `id_locacao` bigint(20) unsigned DEFAULT NULL,
  `tipo` varchar(255) DEFAULT NULL,
  `status` varchar(255) DEFAULT NULL,
  `assinatura_base64` longtext DEFAULT NULL,
  `assinado_por` varchar(255) DEFAULT NULL,
  `assinado_em` datetime DEFAULT NULL,
  `possui_avaria` tinyint(1) NOT NULL DEFAULT 0,
  `observacoes_gerais` text DEFAULT NULL,
  `created_at` timestamp NULL DEFAULT NULL,
  `updated_at` timestamp NULL DEFAULT NULL,
  PRIMARY KEY (`id_locacao_checklist`),
  KEY `locacao_checklist_id_empresa_index` (`id_empresa`),
  KEY `locacao_checklist_id_locacao_index` (`id_locacao`),
  CONSTRAINT `locacao_checklist_id_empresa_foreign` FOREIGN KEY (`id_empresa`) REFERENCES `empresa` (`id_empresa`) ON DELETE SET NULL,
  CONSTRAINT `locacao_checklist_id_locacao_foreign` FOREIGN KEY (`id_locacao`) REFERENCES `locacao` (`id_locacao`) ON DELETE SET NULL
) ENGINE=InnoDB AUTO_INCREMENT=3 DEFAULT CHARSET=utf8mb4 COLLATE=utf8mb4_unicode_ci;

--
-- Dumping data for table `locacao_checklist`
--

INSERT INTO `locacao_checklist` VALUES
(1,1,6,'saida','concluido','https://api.gestornow.com/uploads/checklist/imagens/assinatura/1/checklist_assinatura_checklist_checklist-assinatura-6-saida-20260312154521_6_1_d7b85a0b.png','4','2026-03-12 15:45:21',0,'Produto em Conformidade','2026-03-12 15:44:55','2026-03-12 15:45:21'),
(2,1,6,'entrada','concluido','https://api.gestornow.com/uploads/checklist/imagens/assinatura/1/checklist_assinatura_checklist_checklist-assinatura-6-entrada-20260312154721_6_1_c3b8bfa0.png','4','2026-03-12 15:47:21',0,NULL,'2026-03-12 15:46:55','2026-03-12 15:47:21');

--
-- Table structure for table `locacao_checklist_foto`
--

CREATE TABLE `locacao_checklist_foto` (
  `id_locacao_checklist_foto` bigint(20) unsigned NOT NULL AUTO_INCREMENT,
  `id_locacao_checklist` bigint(20) unsigned DEFAULT NULL,
  `id_empresa` bigint(20) unsigned DEFAULT NULL,
  `id_locacao` bigint(20) unsigned DEFAULT NULL,
  `id_produto_locacao` bigint(20) unsigned DEFAULT NULL,
  `tipo` varchar(255) DEFAULT NULL,
  `url_foto` varchar(255) DEFAULT NULL,
  `texto_watermark` varchar(255) DEFAULT NULL,
  `voltou_com_defeito` tinyint(1) NOT NULL DEFAULT 0,
  `alerta_avaria` tinyint(1) NOT NULL DEFAULT 0,
  `observacao` text DEFAULT NULL,
  `capturado_em` datetime DEFAULT NULL,
  `created_at` timestamp NULL DEFAULT NULL,
  `updated_at` timestamp NULL DEFAULT NULL,
  PRIMARY KEY (`id_locacao_checklist_foto`),
  KEY `locacao_checklist_foto_id_locacao_checklist_index` (`id_locacao_checklist`),
  KEY `locacao_checklist_foto_id_empresa_index` (`id_empresa`),
  KEY `locacao_checklist_foto_id_locacao_index` (`id_locacao`),
  KEY `locacao_checklist_foto_id_produto_locacao_index` (`id_produto_locacao`),
  CONSTRAINT `locacao_checklist_foto_id_empresa_foreign` FOREIGN KEY (`id_empresa`) REFERENCES `empresa` (`id_empresa`) ON DELETE SET NULL,
  CONSTRAINT `locacao_checklist_foto_id_locacao_checklist_foreign` FOREIGN KEY (`id_locacao_checklist`) REFERENCES `locacao_checklist` (`id_locacao_checklist`) ON DELETE SET NULL,
  CONSTRAINT `locacao_checklist_foto_id_locacao_foreign` FOREIGN KEY (`id_locacao`) REFERENCES `locacao` (`id_locacao`) ON DELETE SET NULL,
  CONSTRAINT `locacao_checklist_foto_id_produto_locacao_foreign` FOREIGN KEY (`id_produto_locacao`) REFERENCES `produto_locacao` (`id_produto_locacao`) ON DELETE SET NULL
) ENGINE=InnoDB AUTO_INCREMENT=9 DEFAULT CHARSET=utf8mb4 COLLATE=utf8mb4_unicode_ci;

--
-- Dumping data for table `locacao_checklist_foto`
--

INSERT INTO `locacao_checklist_foto` VALUES
(1,1,1,6,7,'saida','https://api.gestornow.com/uploads/checklist/imagens/1/checklist_checklist_saida_locacao_6_checklist-20260312154455-07s35dp8_6_1_3ee9081c.jpg','Contrato #004 | 12/03/2026 15:44 | SAIDA',0,0,NULL,'2026-03-12 15:44:55','2026-03-12 15:44:55','2026-03-12 15:44:55'),
(2,1,1,6,7,'saida','https://api.gestornow.com/uploads/checklist/imagens/1/checklist_checklist_saida_locacao_6_checklist-20260312154458-q1p83fkc_6_1_b38f79b9.jpg','Contrato #004 | 12/03/2026 15:44 | SAIDA',0,0,NULL,'2026-03-12 15:44:59','2026-03-12 15:44:59','2026-03-12 15:44:59'),
(3,1,1,6,7,'saida','https://api.gestornow.com/uploads/checklist/imagens/1/checklist_checklist_saida_locacao_6_checklist-20260312154501-ykln447v_6_1_0069547a.jpg','Contrato #004 | 12/03/2026 15:45 | SAIDA',0,0,NULL,'2026-03-12 15:45:02','2026-03-12 15:45:02','2026-03-12 15:45:02'),
(4,1,1,6,7,'saida','https://api.gestornow.com/uploads/checklist/imagens/1/checklist_checklist_saida_locacao_6_checklist-20260312154505-lqb11vsf_6_1_a2dc1d64.jpg','Contrato #004 | 12/03/2026 15:45 | SAIDA',0,0,NULL,'2026-03-12 15:45:05','2026-03-12 15:45:05','2026-03-12 15:45:05'),
(5,2,1,6,7,'entrada','https://api.gestornow.com/uploads/checklist/imagens/1/checklist_checklist_entrada_locacao_6_checklist-20260312154655-rk6vfutl_6_1_0c94da7c.jpg','Contrato #004 | 12/03/2026 15:46 | ENTRADA',0,0,NULL,'2026-03-12 15:46:55','2026-03-12 15:46:55','2026-03-12 15:46:55'),
(6,2,1,6,7,'entrada','https://api.gestornow.com/uploads/checklist/imagens/1/checklist_checklist_entrada_locacao_6_checklist-20260312154658-zk2b0ski_6_1_2bcb90ea.jpg','Contrato #004 | 12/03/2026 15:46 | ENTRADA',0,0,NULL,'2026-03-12 15:46:58','2026-03-12 15:46:58','2026-03-12 15:46:58'),
(7,2,1,6,7,'entrada','https://api.gestornow.com/uploads/checklist/imagens/1/checklist_checklist_entrada_locacao_6_checklist-20260312154700-xiijfdmw_6_1_b4b03114.jpg','Contrato #004 | 12/03/2026 15:47 | ENTRADA',0,0,NULL,'2026-03-12 15:47:01','2026-03-12 15:47:01','2026-03-12 15:47:01'),
(8,2,1,6,7,'entrada','https://api.gestornow.com/uploads/checklist/imagens/1/checklist_checklist_entrada_locacao_6_checklist-20260312154706-q2u5pcgm_6_1_fdd678b6.jpg','Contrato #004 | 12/03/2026 15:47 | ENTRADA',0,0,NULL,'2026-03-12 15:47:06','2026-03-12 15:47:06','2026-03-12 15:47:06');

--
-- Table structure for table `locacao_despesas`
--

CREATE TABLE `locacao_despesas` (
  `id_locacao_despesa` bigint(20) unsigned NOT NULL AUTO_INCREMENT,
  `id_locacao` bigint(20) unsigned DEFAULT NULL,
  `descricao` text DEFAULT NULL,
  `tipo` varchar(255) DEFAULT NULL,
  `valor` decimal(15,2) DEFAULT NULL,
  `data_despesa` datetime DEFAULT NULL,
  `status` varchar(255) DEFAULT NULL,
  `observacoes` text DEFAULT NULL,
  `created_at` timestamp NULL DEFAULT NULL,
  `updated_at` timestamp NULL DEFAULT NULL,
  `deleted_at` timestamp NULL DEFAULT NULL,
  PRIMARY KEY (`id_locacao_despesa`),
  KEY `locacao_despesas_id_locacao_index` (`id_locacao`),
  CONSTRAINT `locacao_despesas_id_locacao_foreign` FOREIGN KEY (`id_locacao`) REFERENCES `locacao` (`id_locacao`) ON DELETE SET NULL
) ENGINE=InnoDB AUTO_INCREMENT=7 DEFAULT CHARSET=utf8mb4 COLLATE=utf8mb4_unicode_ci;

--
-- Dumping data for table `locacao_despesas`
--

INSERT INTO `locacao_despesas` VALUES
(1,2,'Combustivel para entraga','outros',90.00,'2026-03-11 00:00:00','pendente','[GN_META]{\"conta_vencimento\":\"2026-03-12\",\"conta_parcelas\":1}','2026-03-11 21:01:45','2026-03-11 21:01:45',NULL),
(2,3,'Combustivel para entraga','outros',80.00,'2026-03-11 00:00:00','pendente','[GN_META]{\"conta_vencimento\":\"2026-03-12\",\"conta_parcelas\":1}','2026-03-11 21:12:30','2026-03-11 21:12:30',NULL),
(3,4,'Combustivel','outros',60.00,'2026-03-11 00:00:00','pendente','[GN_META]{\"conta_vencimento\":\"2026-03-12\",\"conta_parcelas\":1}','2026-03-11 21:26:26','2026-03-11 21:26:26',NULL),
(5,8,'Combustivel','outros',50.00,'2026-03-13 00:00:00','pendente','[GN_META]{\"conta_vencimento\":\"2026-03-13\",\"conta_parcelas\":1}','2026-03-13 18:36:08','2026-03-13 18:36:08',NULL),
(6,9,'Combustivel','outros',50.00,'2026-03-13 00:00:00','pendente','[GN_META]{\"conta_vencimento\":\"2026-03-13\",\"conta_parcelas\":1}','2026-03-13 19:04:37','2026-03-13 19:04:37',NULL);

--
-- Table structure for table `locacao_modelos_contrato`
--

CREATE TABLE `locacao_modelos_contrato` (
  `id_modelo` bigint(20) unsigned NOT NULL AUTO_INCREMENT,
  `id_empresa` bigint(20) unsigned DEFAULT NULL,
  `nome` varchar(255) DEFAULT NULL,
  `descricao` text DEFAULT NULL,
  `conteudo_html` longtext DEFAULT NULL,
  `cabecalho_html` longtext DEFAULT NULL,
  `rodape_html` longtext DEFAULT NULL,
  `css_personalizado` longtext DEFAULT NULL,
  `logo_url` varchar(255) DEFAULT NULL,
  `titulo_documento` varchar(255) DEFAULT NULL,
  `subtitulo_documento` varchar(255) DEFAULT NULL,
  `cor_primaria` varchar(255) DEFAULT NULL,
  `cor_secundaria` varchar(255) DEFAULT NULL,
  `cor_texto` varchar(255) DEFAULT NULL,
  `cor_fundo` varchar(255) DEFAULT NULL,
  `cor_borda` varchar(255) DEFAULT NULL,
  `exibir_cabecalho` tinyint(1) NOT NULL DEFAULT 1,
  `exibir_logo` tinyint(1) NOT NULL DEFAULT 1,
  `exibir_assinatura_locadora` tinyint(1) NOT NULL DEFAULT 1,
  `exibir_assinatura_cliente` tinyint(1) NOT NULL DEFAULT 1,
  `assinatura_locadora_url` varchar(255) DEFAULT NULL,
  `colunas_tabela_produtos` longtext CHARACTER SET utf8mb4 COLLATE utf8mb4_bin DEFAULT NULL CHECK (json_valid(`colunas_tabela_produtos`)),
  `ativo` tinyint(1) NOT NULL DEFAULT 1,
  `padrao` tinyint(1) NOT NULL DEFAULT 0,
  `usa_medicao` tinyint(1) NOT NULL DEFAULT 0,
  `created_at` timestamp NULL DEFAULT NULL,
  `updated_at` timestamp NULL DEFAULT NULL,
  `deleted_at` timestamp NULL DEFAULT NULL,
  `tipo_modelo` varchar(20) NOT NULL DEFAULT 'contrato',
  PRIMARY KEY (`id_modelo`),
  KEY `locacao_modelos_contrato_id_empresa_index` (`id_empresa`),
  CONSTRAINT `locacao_modelos_contrato_id_empresa_foreign` FOREIGN KEY (`id_empresa`) REFERENCES `empresa` (`id_empresa`) ON DELETE SET NULL
) ENGINE=InnoDB AUTO_INCREMENT=4 DEFAULT CHARSET=utf8mb4 COLLATE=utf8mb4_unicode_ci;

--
-- Dumping data for table `locacao_modelos_contrato`
--

INSERT INTO `locacao_modelos_contrato` VALUES
(1,1,'Contrato Padrão',NULL,'<div class=\"clausula-box\"><div class=\"clausula-head\">PERÍODO</div><div class=\"clausula-body\">[DATAINICIO] às [HORAINICIO] horas até [DATAFIM] às [HORAFIM] horas totalizando [DIA] [QDEPERIODO], totalizando R$[TOTALGERAL], [TOTALEXTENSO].</div></div><div class=\"clausula-box\"><div class=\"clausula-head\">FORMA E PRAZO DE PAGAMENTO</div><div class=\"clausula-body\">Forma de Pagamento: [PAGAMENTO] / Prazo de Pagamento: [DATAPRAZOPAG]</div></div><div class=\"clausula-box\"><div class=\"clausula-head\">CLÁUSULA I - &quot;DO PRAZO CONTRATUAL&quot;</div><div class=\"clausula-body\">O prazo de vigência do presente contrato será de [DIA] [QDEPERIODO] contando a partir da data de recebimento do equipamento, podendo as partes, entretanto rescindi-lo ou prorrogá-lo conforme sua necessidade.</div></div><div class=\"clausula-box\"><div class=\"clausula-head\">CLÁUSULA II - &quot;DO PRAZO DE PAGAMENTO&quot;</div><div class=\"clausula-body\">a) O LOCATÁRIO terá o prazo de (A DEFINIR) dias para efetuar o pagamento da locação conforme acordado na data de entrega do equipamento efetuado pelo LOCADOR.<br>b) Caso não seja efetuado o pagamento em atraso até 10 dias após o vencimento, o LOCADOR poderá retirar o(s) equipamento(s) locado(s) sem aviso prévio.</div></div><div class=\"clausula-box\"><div class=\"clausula-head\">CLÁUSULA III - &quot;DA RESPONSABILIDADE DO LOCATÁRIO&quot;</div><div class=\"clausula-body\">a) O LOCATÁRIO compromete-se a fazer o bom uso do(s) equipamento(s) locado(s) conforme especificações do fabricante e orientações fornecidas pelo LOCADOR, respondendo pelo uso e indevido ou impróprio do mesmo, e se responsabilizar por eventuais custos, indenizações ou despesas decorrentes pelos danos causados pelo mal uso e acidentes causados a terceiros.<br>b) O LOCATÁRIO compromete-se a indenizar o LOCADOR, o valor total do equipamento locado em caso de incêndio, roubo, furto, acidentes com avarias, em caso de fortuito ou força maior.<br>c) O LOCATÁRIO responderá pelo crime de apropriação indébita no caso de retenção indevida do equipamento locado.<br>d) O LOCATÁRIO é o responsável pelo abastecimento de combustível, reposição de acessórios, conversão de acessórios, conversão e lubrificação do equipamento, cuidados necessários para o bom desempenho do serviço.<br>e) Em caso de acidente com o equipamento, o presente contrato continuará em vigor até a devolução ou entrega do bem avariado em perfeitas condições de uso.<br>f) O LOCATÁRIO deverá entrar em contato com o LOCADOR caso o equipamento apresente algum problema, quebra, entre outros defeitos, solicitando a troca imediata do mesmo.</div></div><div class=\"clausula-box\"><div class=\"clausula-head\">CLÁUSULA IV - &quot;DA RESPONSABILIDADE DO LOCADOR&quot;</div><div class=\"clausula-body\">a) O LOCADOR compromete-se a entregar o equipamento em perfeitas condições de uso, bem como, fornecer todas as orientações necessárias ao bom uso do equipamento locado.<br>b) É responsabilidade do LOCADOR o transporte do equipamento até o LOCATÁRIO e a retirada do mesmo sem cobrança de frete adicional.<br>c) O LOCADOR compromete-se efetuar troca imediata do equipamento quando o mesmo, apresente algum problema, quebra, entre outros defeitos.<br>CLÁUSULA V - &quot;DAS DISPOSIÇÕES GERAIS&quot;<br>O LOCATÁRIO não poderá transferir este contrato, sublocar ou emprestar o equipamento.</div></div><p><br></p>',NULL,NULL,NULL,NULL,'Contrato','Locação de Bens Móveis',NULL,NULL,NULL,NULL,'#008ee6',1,1,1,1,'https://api.gestornow.com/uploads/assinaturas/1/assinatura_locadora_1_cJTDFehr.png','[\"produto\",\"quantidade\",\"dias\",\"valor_unitario\",\"subtotal\"]',1,1,0,'2026-03-13 14:51:21','2026-03-13 18:08:55',NULL,'contrato'),
(3,1,'Orçamento',NULL,'<div class=\"clausula-box\"><div class=\"clausula-head\">1. Validade e Reserva de Estoque</div><div class=\"clausula-body\">Validade da Proposta: Este orçamento é válido por 10 dias a partir da data de emissão. A aprovação deste orçamento não garante a reserva automática dos itens. A reserva e separação dos equipamentos/bens só será confirmada mediante a assinatura do contrato de locação e/ou pagamento do sinal acordado. Sujeito à disponibilidade em estoque no momento da aprovação.</div></div><div class=\"clausula-box\"><div class=\"clausula-head\">2. Condições de Pagamento e Faturamento</div><div class=\"clausula-body\">Condições Comerciais: O pagamento deverá ser efetuado conforme as condições descritas neste documento. Em caso de locações com exigência de caução (financeira ou retenção de limite em cartão de crédito), a liberação do equipamento fica condicionada à sua efetivação. Faturamentos via boleto bancário para pessoa jurídica estão sujeitos à aprovação de crédito.</div></div><div class=\"clausula-box\"><div class=\"clausula-head\">3. Logística (Retirada, Frete e Devolução)</div><div class=\"clausula-body\">Logística e Prazos: Os valores de frete, montagem e desmontagem (quando aplicáveis e não descritos expressamente nos itens acima) são de inteira responsabilidade do locatário. A devolução dos bens locados fora da data e horário estipulados acarretará na cobrança de diárias adicionais, conforme tabela vigente.</div></div><div class=\"clausula-box\"><div class=\"clausula-head\">4. Uso, Manutenção e Avarias</div><div class=\"clausula-body\">Responsabilidade sobre o Bem: O equipamento locado deve ser utilizado exclusivamente para os fins a que se destina, operado por pessoal capacitado e mantido em perfeitas condições de uso e limpeza. Avarias, perdas, furtos, roubos ou danos causados por mau uso durante o período de locação são de inteira responsabilidade do locatário, que arcará com os custos de reparo ou reposição integral do bem.</div></div><div class=\"clausula-box\"><div class=\"clausula-head\">5. Cancelamento</div><div class=\"clausula-body\">Política de Cancelamento: Cancelamentos solicitados com menos de [Inserir Quantidade] horas de antecedência da data prevista para retirada/entrega poderão estar sujeitos à retenção de [Inserir Porcentagem]% do valor total do orçamento a título de custos operacionais e lucro cessante.</div></div><p><br></p>',NULL,NULL,NULL,NULL,'Orçamento','Orçamento de Locação',NULL,NULL,NULL,NULL,'#2f4858',1,1,1,1,'https://api.gestornow.com/uploads/assinaturas/1/assinatura_locadora_1_Z0sKO0SH.png','[\"produto\",\"quantidade\",\"dias\",\"valor_unitario\",\"subtotal\"]',1,1,0,'2026-03-17 17:30:31','2026-03-17 17:31:36',NULL,'orcamento');

--
-- Table structure for table `locacao_retorno_patrimonios`
--

CREATE TABLE `locacao_retorno_patrimonios` (
  `id_retorno` bigint(20) unsigned NOT NULL AUTO_INCREMENT,
  `id_empresa` bigint(20) unsigned DEFAULT NULL,
  `id_locacao` bigint(20) unsigned DEFAULT NULL,
  `id_produto_locacao` bigint(20) unsigned DEFAULT NULL,
  `id_patrimonio` bigint(20) unsigned DEFAULT NULL,
  `data_retorno` datetime DEFAULT NULL,
  `status_retorno` varchar(255) DEFAULT NULL,
  `observacoes_retorno` text DEFAULT NULL,
  `foto_retorno` varchar(255) DEFAULT NULL,
  `id_usuario` bigint(20) unsigned DEFAULT NULL,
  `created_at` timestamp NULL DEFAULT NULL,
  `updated_at` timestamp NULL DEFAULT NULL,
  PRIMARY KEY (`id_retorno`),
  KEY `locacao_retorno_patrimonios_id_empresa_index` (`id_empresa`),
  KEY `locacao_retorno_patrimonios_id_locacao_index` (`id_locacao`),
  KEY `locacao_retorno_patrimonios_id_produto_locacao_index` (`id_produto_locacao`),
  KEY `locacao_retorno_patrimonios_id_patrimonio_index` (`id_patrimonio`),
  KEY `locacao_retorno_patrimonios_id_usuario_index` (`id_usuario`),
  CONSTRAINT `locacao_retorno_patrimonios_id_empresa_foreign` FOREIGN KEY (`id_empresa`) REFERENCES `empresa` (`id_empresa`) ON DELETE SET NULL,
  CONSTRAINT `locacao_retorno_patrimonios_id_locacao_foreign` FOREIGN KEY (`id_locacao`) REFERENCES `locacao` (`id_locacao`) ON DELETE SET NULL,
  CONSTRAINT `locacao_retorno_patrimonios_id_patrimonio_foreign` FOREIGN KEY (`id_patrimonio`) REFERENCES `patrimonios` (`id_patrimonio`) ON DELETE SET NULL,
  CONSTRAINT `locacao_retorno_patrimonios_id_produto_locacao_foreign` FOREIGN KEY (`id_produto_locacao`) REFERENCES `produto_locacao` (`id_produto_locacao`) ON DELETE SET NULL
) ENGINE=InnoDB DEFAULT CHARSET=utf8mb4 COLLATE=utf8mb4_unicode_ci;

--
-- Dumping data for table `locacao_retorno_patrimonios`
--


--
-- Table structure for table `locacao_salas`
--

CREATE TABLE `locacao_salas` (
  `id_sala` bigint(20) unsigned NOT NULL AUTO_INCREMENT,
  `id_empresa` bigint(20) unsigned DEFAULT NULL,
  `id_locacao` bigint(20) unsigned DEFAULT NULL,
  `nome` varchar(255) DEFAULT NULL,
  `descricao` text DEFAULT NULL,
  `ordem` int(11) DEFAULT NULL,
  `created_at` timestamp NULL DEFAULT NULL,
  `updated_at` timestamp NULL DEFAULT NULL,
  `deleted_at` timestamp NULL DEFAULT NULL,
  PRIMARY KEY (`id_sala`),
  KEY `locacao_salas_id_empresa_index` (`id_empresa`),
  KEY `locacao_salas_id_locacao_index` (`id_locacao`),
  CONSTRAINT `locacao_salas_id_empresa_foreign` FOREIGN KEY (`id_empresa`) REFERENCES `empresa` (`id_empresa`) ON DELETE SET NULL,
  CONSTRAINT `locacao_salas_id_locacao_foreign` FOREIGN KEY (`id_locacao`) REFERENCES `locacao` (`id_locacao`) ON DELETE SET NULL
) ENGINE=InnoDB DEFAULT CHARSET=utf8mb4 COLLATE=utf8mb4_unicode_ci;

--
-- Dumping data for table `locacao_salas`
--


--
-- Table structure for table `locacao_servicos`
--

CREATE TABLE `locacao_servicos` (
  `id_locacao_servico` bigint(20) unsigned NOT NULL AUTO_INCREMENT,
  `id_locacao` bigint(20) unsigned DEFAULT NULL,
  `descricao` text DEFAULT NULL,
  `tipo_item` varchar(255) DEFAULT NULL,
  `quantidade` int(11) DEFAULT NULL,
  `preco_unitario` decimal(15,2) DEFAULT NULL,
  `valor_total` decimal(15,2) DEFAULT NULL,
  `id_sala` bigint(20) unsigned DEFAULT NULL,
  `id_fornecedor` bigint(20) unsigned DEFAULT NULL,
  `fornecedor_nome` varchar(255) DEFAULT NULL,
  `custo_fornecedor` decimal(15,2) DEFAULT NULL,
  `gerar_conta_pagar` tinyint(1) NOT NULL DEFAULT 0,
  `conta_vencimento` date DEFAULT NULL,
  `conta_valor` decimal(15,2) DEFAULT NULL,
  `conta_parcelas` int(11) DEFAULT NULL,
  `observacoes` text DEFAULT NULL,
  `created_at` timestamp NULL DEFAULT NULL,
  `updated_at` timestamp NULL DEFAULT NULL,
  PRIMARY KEY (`id_locacao_servico`),
  KEY `locacao_servicos_id_locacao_index` (`id_locacao`),
  KEY `locacao_servicos_id_sala_index` (`id_sala`),
  KEY `locacao_servicos_id_fornecedor_index` (`id_fornecedor`),
  CONSTRAINT `locacao_servicos_id_locacao_foreign` FOREIGN KEY (`id_locacao`) REFERENCES `locacao` (`id_locacao`) ON DELETE SET NULL,
  CONSTRAINT `locacao_servicos_id_sala_foreign` FOREIGN KEY (`id_sala`) REFERENCES `locacao_salas` (`id_sala`) ON DELETE SET NULL
) ENGINE=InnoDB AUTO_INCREMENT=5 DEFAULT CHARSET=utf8mb4 COLLATE=utf8mb4_unicode_ci;

--
-- Dumping data for table `locacao_servicos`
--

INSERT INTO `locacao_servicos` VALUES
(2,6,'Operador','proprio',1,200.00,200.00,NULL,NULL,NULL,0.00,0,NULL,0.00,1,'[GN_META]{\"tipo_item\":\"proprio\",\"custo_fornecedor\":0,\"gerar_conta_pagar\":false,\"conta_valor\":0,\"conta_parcelas\":1}','2026-03-12 15:28:57','2026-03-12 15:28:57'),
(3,8,'Mão de obra','proprio',1,150.00,150.00,NULL,NULL,NULL,0.00,0,NULL,0.00,1,'[GN_META]{\"tipo_item\":\"proprio\",\"custo_fornecedor\":0,\"gerar_conta_pagar\":false,\"conta_valor\":0,\"conta_parcelas\":1}','2026-03-13 18:36:08','2026-03-13 18:36:08'),
(4,9,'Manuseio','proprio',1,150.00,150.00,NULL,NULL,NULL,0.00,0,NULL,0.00,1,'[GN_META]{\"tipo_item\":\"proprio\",\"custo_fornecedor\":0,\"gerar_conta_pagar\":false,\"conta_valor\":0,\"conta_parcelas\":1}','2026-03-13 19:04:37','2026-03-13 19:04:37');

--
-- Table structure for table `locacao_troca_produto`
--

CREATE TABLE `locacao_troca_produto` (
  `id_locacao_troca_produto` bigint(20) unsigned NOT NULL AUTO_INCREMENT,
  `id_empresa` bigint(20) unsigned DEFAULT NULL,
  `id_locacao` bigint(20) unsigned DEFAULT NULL,
  `id_produto_locacao` bigint(20) unsigned DEFAULT NULL,
  `id_produto_anterior` bigint(20) unsigned DEFAULT NULL,
  `id_produto_novo` bigint(20) unsigned DEFAULT NULL,
  `quantidade` int(11) DEFAULT NULL,
  `motivo` varchar(255) DEFAULT NULL,
  `observacoes` text DEFAULT NULL,
  `estoque_movimentado` tinyint(1) NOT NULL DEFAULT 0,
  `id_usuario` bigint(20) unsigned DEFAULT NULL,
  `created_at` timestamp NULL DEFAULT NULL,
  `updated_at` timestamp NULL DEFAULT NULL,
  PRIMARY KEY (`id_locacao_troca_produto`),
  KEY `locacao_troca_produto_id_empresa_index` (`id_empresa`),
  KEY `locacao_troca_produto_id_locacao_index` (`id_locacao`),
  KEY `locacao_troca_produto_id_produto_locacao_index` (`id_produto_locacao`),
  KEY `locacao_troca_produto_id_produto_anterior_index` (`id_produto_anterior`),
  KEY `locacao_troca_produto_id_produto_novo_index` (`id_produto_novo`),
  KEY `locacao_troca_produto_id_usuario_index` (`id_usuario`),
  CONSTRAINT `locacao_troca_produto_id_empresa_foreign` FOREIGN KEY (`id_empresa`) REFERENCES `empresa` (`id_empresa`) ON DELETE SET NULL,
  CONSTRAINT `locacao_troca_produto_id_locacao_foreign` FOREIGN KEY (`id_locacao`) REFERENCES `locacao` (`id_locacao`) ON DELETE SET NULL,
  CONSTRAINT `locacao_troca_produto_id_produto_anterior_foreign` FOREIGN KEY (`id_produto_anterior`) REFERENCES `produtos` (`id_produto`) ON DELETE SET NULL,
  CONSTRAINT `locacao_troca_produto_id_produto_locacao_foreign` FOREIGN KEY (`id_produto_locacao`) REFERENCES `produto_locacao` (`id_produto_locacao`) ON DELETE SET NULL,
  CONSTRAINT `locacao_troca_produto_id_produto_novo_foreign` FOREIGN KEY (`id_produto_novo`) REFERENCES `produtos` (`id_produto`) ON DELETE SET NULL
) ENGINE=InnoDB DEFAULT CHARSET=utf8mb4 COLLATE=utf8mb4_unicode_ci;

--
-- Dumping data for table `locacao_troca_produto`
--


--
-- Table structure for table `manutencoes`
--

CREATE TABLE `manutencoes` (
  `id_manutencao` bigint(20) unsigned NOT NULL AUTO_INCREMENT,
  `id_empresa` bigint(20) unsigned DEFAULT NULL,
  `id_produto` bigint(20) unsigned DEFAULT NULL,
  `id_patrimonio` bigint(20) unsigned DEFAULT NULL,
  `quantidade` int(11) DEFAULT NULL,
  `data_manutencao` datetime DEFAULT NULL,
  `data_previsao` datetime DEFAULT NULL,
  `hora_manutencao` varchar(255) DEFAULT NULL,
  `hora_previsao` varchar(255) DEFAULT NULL,
  `tipo` varchar(255) DEFAULT NULL,
  `descricao` text DEFAULT NULL,
  `status` varchar(255) DEFAULT NULL,
  `estoque_status` int(11) DEFAULT NULL,
  `responsavel` varchar(255) DEFAULT NULL,
  `valor` decimal(15,2) DEFAULT NULL,
  `observacoes` text DEFAULT NULL,
  `created_at` timestamp NULL DEFAULT NULL,
  `updated_at` timestamp NULL DEFAULT NULL,
  `deleted_at` timestamp NULL DEFAULT NULL,
  PRIMARY KEY (`id_manutencao`),
  KEY `manutencoes_id_empresa_index` (`id_empresa`),
  KEY `manutencoes_id_produto_index` (`id_produto`),
  KEY `manutencoes_id_patrimonio_index` (`id_patrimonio`),
  CONSTRAINT `manutencoes_id_empresa_foreign` FOREIGN KEY (`id_empresa`) REFERENCES `empresa` (`id_empresa`) ON DELETE SET NULL,
  CONSTRAINT `manutencoes_id_patrimonio_foreign` FOREIGN KEY (`id_patrimonio`) REFERENCES `patrimonios` (`id_patrimonio`) ON DELETE SET NULL,
  CONSTRAINT `manutencoes_id_produto_foreign` FOREIGN KEY (`id_produto`) REFERENCES `produtos` (`id_produto`) ON DELETE SET NULL
) ENGINE=InnoDB DEFAULT CHARSET=utf8mb4 COLLATE=utf8mb4_unicode_ci;

--
-- Dumping data for table `manutencoes`
--


--
-- Table structure for table `migrations`
--

CREATE TABLE `migrations` (
  `id` int(10) unsigned NOT NULL AUTO_INCREMENT,
  `migration` varchar(255) NOT NULL,
  `batch` int(11) NOT NULL,
  PRIMARY KEY (`id`)
) ENGINE=InnoDB AUTO_INCREMENT=19 DEFAULT CHARSET=utf8mb4 COLLATE=utf8mb4_unicode_ci;

--
-- Dumping data for table `migrations`
--

INSERT INTO `migrations` VALUES
(1,'2014_10_12_000000_create_users_table',1),
(2,'2014_10_12_100000_create_password_reset_tokens_table',1),
(3,'2019_08_19_000000_create_failed_jobs_table',1),
(4,'2019_12_14_000001_create_personal_access_tokens_table',1),
(5,'2026_03_11_000050_create_domain_tables',1),
(6,'2026_03_11_000055_add_domain_foreign_keys',1),
(7,'2026_03_11_000100_create_app_models_tables',1),
(8,'2026_03_11_000200_add_app_models_foreign_keys',1),
(9,'2026_03_11_000300_create_grupos_permissoes_tables',2),
(10,'2026_03_13_000001_add_hash_juridico_to_locacao_assinaturas_digitais',3),
(11,'2026_03_13_000002_simplify_planos_promocoes',3),
(12,'2026_03_16_000300_add_cora_boleto_and_refresh_instructions',4),
(13,'2026_03_16_000001_add_cora_to_bancos_boleto',5),
(14,'2026_03_16_000002_expand_token_column_in_banco_boleto_config',6),
(15,'2026_03_16_000003_switch_boleto_provider_to_mercado_pago',7),
(16,'2026_03_16_000004_add_paghiper_to_bancos_boleto',8),
(17,'2026_03_17_000100_add_orcamento_observacoes_and_fretes_to_locacao_table',9),
(18,'2026_03_17_000110_add_tipo_modelo_to_locacao_modelos_contrato_table',9);

--
-- Table structure for table `modulos`
--

CREATE TABLE `modulos` (
  `id_modulo` bigint(20) unsigned NOT NULL AUTO_INCREMENT,
  `nome` varchar(255) DEFAULT NULL,
  `id_modulo_pai` bigint(20) unsigned DEFAULT NULL,
  `descricao` text DEFAULT NULL,
  `icone` varchar(255) DEFAULT NULL,
  `rota` varchar(255) DEFAULT NULL,
  `ordem` int(11) DEFAULT NULL,
  `categoria` varchar(255) DEFAULT NULL,
  `ativo` tinyint(1) NOT NULL DEFAULT 0,
  `tem_submodulos` tinyint(1) NOT NULL DEFAULT 0,
  PRIMARY KEY (`id_modulo`),
  KEY `modulos_id_modulo_pai_index` (`id_modulo_pai`),
  CONSTRAINT `modulos_id_modulo_pai_foreign` FOREIGN KEY (`id_modulo_pai`) REFERENCES `modulos` (`id_modulo`) ON DELETE SET NULL
) ENGINE=InnoDB AUTO_INCREMENT=43 DEFAULT CHARSET=utf8mb4 COLLATE=utf8mb4_unicode_ci;

--
-- Dumping data for table `modulos`
--

INSERT INTO `modulos` VALUES
(1,'Clientes',NULL,NULL,'menu-icon tf-icons ti ti-user-scan',NULL,0,'Cadastros',1,1),
(2,'Dashboard',NULL,NULL,'menu-icon tf-icons ti ti-layout-dashboard','/dashboard',0,'Dashboard',1,0),
(3,'Cadastrar Cliente',1,NULL,NULL,'/clientes/create',0,NULL,1,0),
(4,'Listar Clientes',1,NULL,NULL,'/clientes',1,NULL,1,0),
(5,'Produtos',NULL,NULL,'menu-icon tf-icons ti ti-brand-dropbox',NULL,1,'Cadastros',1,1),
(6,'Cadastrar Produto',5,NULL,NULL,'/produtos/create',0,NULL,1,0),
(7,'Listar Produtos',5,NULL,NULL,'/produtos',1,NULL,1,0),
(8,'Locações',NULL,NULL,'menu-icon tf-icons ti ti-file-description',NULL,0,'Locações',1,1),
(9,'Nova Locação',8,NULL,NULL,'/locacoes/create?aba=ativos&origem=contratos&status=aprovado',0,NULL,1,0),
(10,'Lista de Locações',8,NULL,NULL,'/locacoes',1,NULL,1,0),
(11,'Novo Orçamento',8,NULL,NULL,'/locacoes/create?origem=orcamentos&status=orcamento',2,NULL,1,0),
(12,'Lista de Orçamentos',8,NULL,NULL,'/locacoes/orcamentos',3,NULL,1,0),
(13,'Contrato de Medição',8,NULL,NULL,'/locacoes/medicoes',4,NULL,1,0),
(14,'Expedição',NULL,NULL,'menu-icon tf-icons ti ti-devices-pin',NULL,1,'Locações',1,1),
(15,'Logística',14,NULL,NULL,'/locacoes/expedicao',0,NULL,1,0),
(16,'Pedidos do Dia',14,NULL,NULL,'/locacoes/pedidos',1,NULL,1,0),
(17,'Troca de Produto',14,NULL,NULL,'/locacoes/trocas-produto',2,NULL,1,0),
(18,'PDV',NULL,NULL,'menu-icon tf-icons ti ti-cash-register',NULL,0,'Vendas',1,1),
(19,'Nova Venda',18,NULL,NULL,'/pdv',0,NULL,1,0),
(20,'Lista de Vendas',18,NULL,NULL,'/pdv/historico',1,NULL,1,0),
(21,'Lista de Produtos',18,NULL,NULL,'/produtos-venda',2,NULL,1,0),
(22,'Relatório de Vendas',18,NULL,NULL,'/pdv/relatorio-vendas',3,NULL,1,0),
(23,'Formas de Pagamento',18,NULL,NULL,'/formas-pagamento',4,NULL,1,0),
(24,'Financeiro',NULL,NULL,'menu-icon tf-icons ti ti-device-desktop-dollar',NULL,0,'Financeiro',1,1),
(25,'Contas a Pagar',24,NULL,NULL,'/financeiro/contas-a-pagar',0,NULL,1,0),
(26,'Contas a Receber',24,NULL,NULL,'/financeiro/contas-a-receber',1,NULL,1,0),
(27,'Fluxo de Caixa',24,NULL,NULL,'/financeiro/fluxo-caixa',2,NULL,1,0),
(28,'Categorias',24,NULL,NULL,'/financeiro/categorias',3,NULL,1,0),
(29,'Bancos',24,NULL,NULL,'/financeiro/bancos',4,NULL,1,0),
(30,'Boletos',24,NULL,NULL,'/financeiro/boletos',5,NULL,1,0),
(31,'Faturas',NULL,NULL,'menu-icon tf-icons ti ti-receipt-dollar',NULL,1,'Financeiro',1,1),
(32,'Faturamento',31,NULL,NULL,'/financeiro/faturamento/pendentes',0,NULL,1,0),
(33,'Faturas Emitidas',31,NULL,NULL,'/financeiro/faturamento',1,NULL,1,0),
(34,'Admin',NULL,NULL,'menu-icon tf-icons ti ti-users',NULL,0,'Admin',1,1),
(35,'Usuários',34,NULL,NULL,'/usuarios',0,NULL,1,0),
(36,'Logs',34,NULL,NULL,'/admin/logs',1,NULL,1,0),
(37,'Permissões',NULL,NULL,'menu-icon tf-icons ti ti-prison',NULL,1,'Admin',1,1),
(38,'Criar Permissão',37,NULL,NULL,'/configuracoes/grupos-permissoes/create',0,NULL,1,0),
(39,'Listar Permissões',37,NULL,NULL,'/configuracoes/grupos-permissoes',1,NULL,1,0),
(40,'Configurações',NULL,NULL,'menu-icon tf-icons ti ti-settings',NULL,2,'Admin',1,1),
(41,'Empresa',40,NULL,NULL,'/configuracoes',0,NULL,1,0),
(42,'Documentos',40,NULL,NULL,'/modelos-contrato',1,NULL,1,0);

--
-- Table structure for table `movimentacoes_estoque`
--

CREATE TABLE `movimentacoes_estoque` (
  `id_movimentacao` bigint(20) unsigned NOT NULL AUTO_INCREMENT,
  `id_empresa` bigint(20) unsigned DEFAULT NULL,
  `id_produto` bigint(20) unsigned DEFAULT NULL,
  `id_usuario` bigint(20) unsigned DEFAULT NULL,
  `tipo` varchar(255) DEFAULT NULL,
  `quantidade` int(11) DEFAULT NULL,
  `estoque_anterior` int(11) DEFAULT NULL,
  `estoque_posterior` int(11) DEFAULT NULL,
  `motivo` varchar(255) DEFAULT NULL,
  `observacoes` text DEFAULT NULL,
  `created_at` timestamp NULL DEFAULT NULL,
  `updated_at` timestamp NULL DEFAULT NULL,
  PRIMARY KEY (`id_movimentacao`),
  KEY `movimentacoes_estoque_id_empresa_index` (`id_empresa`),
  KEY `movimentacoes_estoque_id_produto_index` (`id_produto`),
  KEY `movimentacoes_estoque_id_usuario_index` (`id_usuario`),
  CONSTRAINT `movimentacoes_estoque_id_empresa_foreign` FOREIGN KEY (`id_empresa`) REFERENCES `empresa` (`id_empresa`) ON DELETE SET NULL,
  CONSTRAINT `movimentacoes_estoque_id_produto_foreign` FOREIGN KEY (`id_produto`) REFERENCES `produtos` (`id_produto`) ON DELETE SET NULL
) ENGINE=InnoDB AUTO_INCREMENT=2 DEFAULT CHARSET=utf8mb4 COLLATE=utf8mb4_unicode_ci;

--
-- Dumping data for table `movimentacoes_estoque`
--

INSERT INTO `movimentacoes_estoque` VALUES
(1,1,3,5,'entrada',200,0,200,'ajuste_inventario','Alimentando o estoque','2026-03-11 20:34:57','2026-03-11 20:34:57');

--
-- Table structure for table `pagamentos_contas_pagar`
--

CREATE TABLE `pagamentos_contas_pagar` (
  `id_pagamento` bigint(20) unsigned NOT NULL AUTO_INCREMENT,
  `id_conta_pagar` bigint(20) unsigned DEFAULT NULL,
  `id_empresa` bigint(20) unsigned DEFAULT NULL,
  `data_pagamento` date DEFAULT NULL,
  `valor_pago` decimal(15,2) DEFAULT NULL,
  `id_forma_pagamento` bigint(20) unsigned DEFAULT NULL,
  `id_bancos` bigint(20) unsigned DEFAULT NULL,
  `observacoes` text DEFAULT NULL,
  `id_usuario` bigint(20) unsigned DEFAULT NULL,
  `id_fluxo_caixa` bigint(20) unsigned DEFAULT NULL,
  `created_at` timestamp NULL DEFAULT NULL,
  `updated_at` timestamp NULL DEFAULT NULL,
  PRIMARY KEY (`id_pagamento`),
  KEY `pagamentos_contas_pagar_id_conta_pagar_index` (`id_conta_pagar`),
  KEY `pagamentos_contas_pagar_id_empresa_index` (`id_empresa`),
  KEY `pagamentos_contas_pagar_id_forma_pagamento_index` (`id_forma_pagamento`),
  KEY `pagamentos_contas_pagar_id_bancos_index` (`id_bancos`),
  KEY `pagamentos_contas_pagar_id_usuario_index` (`id_usuario`),
  KEY `pagamentos_contas_pagar_id_fluxo_caixa_index` (`id_fluxo_caixa`),
  CONSTRAINT `pagamentos_contas_pagar_id_bancos_foreign` FOREIGN KEY (`id_bancos`) REFERENCES `bancos` (`id_bancos`) ON DELETE SET NULL,
  CONSTRAINT `pagamentos_contas_pagar_id_conta_pagar_foreign` FOREIGN KEY (`id_conta_pagar`) REFERENCES `contas_a_pagar` (`id_contas`) ON DELETE SET NULL,
  CONSTRAINT `pagamentos_contas_pagar_id_fluxo_caixa_foreign` FOREIGN KEY (`id_fluxo_caixa`) REFERENCES `fluxo_caixa` (`id_fluxo`) ON DELETE SET NULL,
  CONSTRAINT `pagamentos_contas_pagar_id_forma_pagamento_foreign` FOREIGN KEY (`id_forma_pagamento`) REFERENCES `forma_pagamento` (`id_forma_pagamento`) ON DELETE SET NULL,
  CONSTRAINT `pagamentos_contas_pagar_id_usuario_foreign` FOREIGN KEY (`id_usuario`) REFERENCES `usuarios` (`id_usuario`) ON DELETE SET NULL
) ENGINE=InnoDB AUTO_INCREMENT=8 DEFAULT CHARSET=utf8mb4 COLLATE=utf8mb4_unicode_ci;

--
-- Dumping data for table `pagamentos_contas_pagar`
--

INSERT INTO `pagamentos_contas_pagar` VALUES
(2,5,1,'2026-03-12',50.00,NULL,NULL,NULL,1,NULL,'2026-03-12 19:25:52','2026-03-12 19:25:52'),
(3,13,1,'2026-03-12',50.00,NULL,NULL,NULL,1,6,'2026-03-12 19:56:47','2026-03-12 19:56:47'),
(4,15,1,'2026-03-12',50.00,NULL,NULL,NULL,1,7,'2026-03-12 20:04:56','2026-03-12 20:04:56'),
(6,18,1,'2026-03-13',50.00,NULL,NULL,NULL,1,9,'2026-03-12 21:58:27','2026-03-12 21:58:27');

--
-- Table structure for table `pagamentos_contas_receber`
--

CREATE TABLE `pagamentos_contas_receber` (
  `id_pagamento` bigint(20) unsigned NOT NULL AUTO_INCREMENT,
  `id_conta_receber` bigint(20) unsigned DEFAULT NULL,
  `id_empresa` bigint(20) unsigned DEFAULT NULL,
  `data_pagamento` date DEFAULT NULL,
  `valor_pago` decimal(15,2) DEFAULT NULL,
  `id_forma_pagamento` bigint(20) unsigned DEFAULT NULL,
  `id_bancos` bigint(20) unsigned DEFAULT NULL,
  `observacoes` text DEFAULT NULL,
  `id_usuario` bigint(20) unsigned DEFAULT NULL,
  `id_fluxo_caixa` bigint(20) unsigned DEFAULT NULL,
  `created_at` timestamp NULL DEFAULT NULL,
  `updated_at` timestamp NULL DEFAULT NULL,
  PRIMARY KEY (`id_pagamento`),
  KEY `pagamentos_contas_receber_id_conta_receber_index` (`id_conta_receber`),
  KEY `pagamentos_contas_receber_id_empresa_index` (`id_empresa`),
  KEY `pagamentos_contas_receber_id_forma_pagamento_index` (`id_forma_pagamento`),
  KEY `pagamentos_contas_receber_id_bancos_index` (`id_bancos`),
  KEY `pagamentos_contas_receber_id_usuario_index` (`id_usuario`),
  KEY `pagamentos_contas_receber_id_fluxo_caixa_index` (`id_fluxo_caixa`),
  CONSTRAINT `pagamentos_contas_receber_id_bancos_foreign` FOREIGN KEY (`id_bancos`) REFERENCES `bancos` (`id_bancos`) ON DELETE SET NULL,
  CONSTRAINT `pagamentos_contas_receber_id_conta_receber_foreign` FOREIGN KEY (`id_conta_receber`) REFERENCES `contas_a_receber` (`id_contas`) ON DELETE SET NULL,
  CONSTRAINT `pagamentos_contas_receber_id_fluxo_caixa_foreign` FOREIGN KEY (`id_fluxo_caixa`) REFERENCES `fluxo_caixa` (`id_fluxo`) ON DELETE SET NULL,
  CONSTRAINT `pagamentos_contas_receber_id_forma_pagamento_foreign` FOREIGN KEY (`id_forma_pagamento`) REFERENCES `forma_pagamento` (`id_forma_pagamento`) ON DELETE SET NULL,
  CONSTRAINT `pagamentos_contas_receber_id_usuario_foreign` FOREIGN KEY (`id_usuario`) REFERENCES `usuarios` (`id_usuario`) ON DELETE SET NULL
) ENGINE=InnoDB AUTO_INCREMENT=5 DEFAULT CHARSET=utf8mb4 COLLATE=utf8mb4_unicode_ci;

--
-- Dumping data for table `pagamentos_contas_receber`
--

INSERT INTO `pagamentos_contas_receber` VALUES
(1,2,1,'2026-03-11',230.00,NULL,NULL,NULL,5,1,'2026-03-11 21:52:06','2026-03-11 21:52:06'),
(2,1,1,'2026-03-12',610.00,2,1,NULL,5,3,'2026-03-11 22:05:44','2026-03-11 22:05:44'),
(3,3,1,'2026-03-12',599.00,2,1,NULL,5,4,'2026-03-11 22:49:08','2026-03-11 22:49:08'),
(4,6,1,'2026-03-16',850.00,2,1,NULL,5,11,'2026-03-13 19:15:02','2026-03-13 19:15:02');

--
-- Table structure for table `password_reset_codes`
--

CREATE TABLE `password_reset_codes` (
  `id` bigint(20) unsigned NOT NULL AUTO_INCREMENT,
  `email` varchar(255) DEFAULT NULL,
  `code` varchar(255) DEFAULT NULL,
  `expires_at` datetime DEFAULT NULL,
  `used` tinyint(1) NOT NULL DEFAULT 0,
  `created_at` timestamp NULL DEFAULT NULL,
  `updated_at` timestamp NULL DEFAULT NULL,
  PRIMARY KEY (`id`)
) ENGINE=InnoDB DEFAULT CHARSET=utf8mb4 COLLATE=utf8mb4_unicode_ci;

--
-- Dumping data for table `password_reset_codes`
--


--
-- Table structure for table `password_reset_tokens`
--

CREATE TABLE `password_reset_tokens` (
  `email` varchar(255) NOT NULL,
  `token` varchar(255) NOT NULL,
  `created_at` timestamp NULL DEFAULT NULL,
  PRIMARY KEY (`email`)
) ENGINE=InnoDB DEFAULT CHARSET=utf8mb4 COLLATE=utf8mb4_unicode_ci;

--
-- Dumping data for table `password_reset_tokens`
--


--
-- Table structure for table `patrimonio_historico`
--

CREATE TABLE `patrimonio_historico` (
  `id_historico` bigint(20) unsigned NOT NULL AUTO_INCREMENT,
  `id_empresa` bigint(20) unsigned DEFAULT NULL,
  `id_patrimonio` bigint(20) unsigned DEFAULT NULL,
  `id_produto` bigint(20) unsigned DEFAULT NULL,
  `id_locacao` bigint(20) unsigned DEFAULT NULL,
  `id_cliente` bigint(20) unsigned DEFAULT NULL,
  `tipo_movimentacao` varchar(255) DEFAULT NULL,
  `status_anterior` varchar(255) DEFAULT NULL,
  `status_novo` varchar(255) DEFAULT NULL,
  `data_movimentacao` datetime DEFAULT NULL,
  `local_origem` varchar(255) DEFAULT NULL,
  `local_destino` varchar(255) DEFAULT NULL,
  `observacoes` text DEFAULT NULL,
  `id_usuario` bigint(20) unsigned DEFAULT NULL,
  `created_at` timestamp NULL DEFAULT NULL,
  `updated_at` timestamp NULL DEFAULT NULL,
  PRIMARY KEY (`id_historico`),
  KEY `patrimonio_historico_id_empresa_index` (`id_empresa`),
  KEY `patrimonio_historico_id_patrimonio_index` (`id_patrimonio`),
  KEY `patrimonio_historico_id_produto_index` (`id_produto`),
  KEY `patrimonio_historico_id_locacao_index` (`id_locacao`),
  KEY `patrimonio_historico_id_cliente_index` (`id_cliente`),
  KEY `patrimonio_historico_id_usuario_index` (`id_usuario`),
  CONSTRAINT `patrimonio_historico_id_cliente_foreign` FOREIGN KEY (`id_cliente`) REFERENCES `clientes` (`id_clientes`) ON DELETE SET NULL,
  CONSTRAINT `patrimonio_historico_id_empresa_foreign` FOREIGN KEY (`id_empresa`) REFERENCES `empresa` (`id_empresa`) ON DELETE SET NULL,
  CONSTRAINT `patrimonio_historico_id_locacao_foreign` FOREIGN KEY (`id_locacao`) REFERENCES `locacao` (`id_locacao`) ON DELETE SET NULL,
  CONSTRAINT `patrimonio_historico_id_patrimonio_foreign` FOREIGN KEY (`id_patrimonio`) REFERENCES `patrimonios` (`id_patrimonio`) ON DELETE SET NULL,
  CONSTRAINT `patrimonio_historico_id_produto_foreign` FOREIGN KEY (`id_produto`) REFERENCES `produtos` (`id_produto`) ON DELETE SET NULL
) ENGINE=InnoDB AUTO_INCREMENT=11 DEFAULT CHARSET=utf8mb4 COLLATE=utf8mb4_unicode_ci;

--
-- Dumping data for table `patrimonio_historico`
--

INSERT INTO `patrimonio_historico` VALUES
(1,1,1,1,1,1,'saida_locacao','Disponivel','Disponivel','2026-03-11 15:32:39',NULL,'AVENIDA SUBURBANA, 7471, SALA 201 PARTE, ABOLICAO, CEP 20751000','Vinculado à Locação #001 - Período: 2026-03-11 a 2026-03-15',1,'2026-03-11 15:32:39','2026-03-11 15:32:39'),
(2,1,2,1,1,1,'saida_locacao','Disponivel','Disponivel','2026-03-11 15:32:39',NULL,'AVENIDA SUBURBANA, 7471, SALA 201 PARTE, ABOLICAO, CEP 20751000','Vinculado à Locação #001 - Período: 2026-03-11 a 2026-03-15',1,'2026-03-11 15:32:39','2026-03-11 15:32:39'),
(3,1,1,1,1,1,'saida_locacao','Disponivel','Locado','2026-03-11 15:32:39',NULL,'AVENIDA SUBURBANA, 7471, SALA 201 PARTE, ABOLICAO, CEP 20751000','Locação #001',1,'2026-03-11 15:32:39','2026-03-11 15:32:39'),
(4,1,2,1,1,1,'saida_locacao','Disponivel','Locado','2026-03-11 15:32:39',NULL,'AVENIDA SUBURBANA, 7471, SALA 201 PARTE, ABOLICAO, CEP 20751000','Locação #001',1,'2026-03-11 15:32:39','2026-03-11 15:32:39'),
(5,1,11,2,8,2,'saida_locacao','Disponivel','Disponivel','2026-03-13 18:36:08',NULL,NULL,'Vinculado à Locação #006 - Período: 2026-03-13 a 2026-03-16',5,'2026-03-13 18:36:08','2026-03-13 18:36:08'),
(6,1,12,2,8,2,'saida_locacao','Disponivel','Disponivel','2026-03-13 18:36:08',NULL,NULL,'Vinculado à Locação #006 - Período: 2026-03-13 a 2026-03-16',5,'2026-03-13 18:36:08','2026-03-13 18:36:08'),
(7,1,11,2,8,2,'saida_locacao','Disponivel','Locado','2026-03-13 18:36:08',NULL,NULL,'Locação #006',5,'2026-03-13 18:36:08','2026-03-13 18:36:08'),
(8,1,12,2,8,2,'saida_locacao','Disponivel','Locado','2026-03-13 18:36:08',NULL,NULL,'Locação #006',5,'2026-03-13 18:36:08','2026-03-13 18:36:08'),
(9,1,13,2,9,2,'saida_locacao','Disponivel','Disponivel','2026-03-13 19:04:37',NULL,NULL,'Vinculado à Locação #007 - Período: 2026-03-13 a 2026-03-16',5,'2026-03-13 19:04:37','2026-03-13 19:04:37'),
(10,1,13,2,9,2,'saida_locacao','Disponivel','Locado','2026-03-13 19:04:37',NULL,NULL,'Locação #007',5,'2026-03-13 19:04:37','2026-03-13 19:04:37');

--
-- Table structure for table `patrimonios`
--

CREATE TABLE `patrimonios` (
  `id_patrimonio` bigint(20) unsigned NOT NULL AUTO_INCREMENT,
  `id_empresa` bigint(20) unsigned DEFAULT NULL,
  `id_produto` bigint(20) unsigned DEFAULT NULL,
  `numero_serie` varchar(255) DEFAULT NULL,
  `data_aquisicao` date DEFAULT NULL,
  `valor_aquisicao` decimal(15,2) DEFAULT NULL,
  `status` varchar(255) DEFAULT NULL,
  `status_locacao` varchar(255) DEFAULT NULL,
  `ultima_manutencao` date DEFAULT NULL,
  `proxima_manutencao` date DEFAULT NULL,
  `observacoes` text DEFAULT NULL,
  `created_at` timestamp NULL DEFAULT NULL,
  `updated_at` timestamp NULL DEFAULT NULL,
  `deleted_at` timestamp NULL DEFAULT NULL,
  PRIMARY KEY (`id_patrimonio`),
  KEY `patrimonios_id_empresa_index` (`id_empresa`),
  KEY `patrimonios_id_produto_index` (`id_produto`),
  CONSTRAINT `patrimonios_id_empresa_foreign` FOREIGN KEY (`id_empresa`) REFERENCES `empresa` (`id_empresa`) ON DELETE SET NULL,
  CONSTRAINT `patrimonios_id_produto_foreign` FOREIGN KEY (`id_produto`) REFERENCES `produtos` (`id_produto`) ON DELETE SET NULL
) ENGINE=InnoDB AUTO_INCREMENT=21 DEFAULT CHARSET=utf8mb4 COLLATE=utf8mb4_unicode_ci;

--
-- Dumping data for table `patrimonios`
--

INSERT INTO `patrimonios` VALUES
(1,1,1,'001',NULL,NULL,'Ativo','Locado',NULL,NULL,NULL,'2026-03-11 15:28:40','2026-03-11 15:32:39',NULL),
(2,1,1,'002',NULL,NULL,'Ativo','Locado',NULL,NULL,NULL,'2026-03-11 15:28:40','2026-03-11 15:32:39',NULL),
(3,1,1,'003',NULL,NULL,'Ativo','Disponivel',NULL,NULL,NULL,'2026-03-11 15:28:40','2026-03-11 15:28:40',NULL),
(4,1,1,'004',NULL,NULL,'Ativo','Disponivel',NULL,NULL,NULL,'2026-03-11 15:28:40','2026-03-11 15:28:40',NULL),
(5,1,1,'005',NULL,NULL,'Ativo','Disponivel',NULL,NULL,NULL,'2026-03-11 15:28:40','2026-03-11 15:28:40',NULL),
(6,1,1,'006',NULL,NULL,'Ativo','Disponivel',NULL,NULL,NULL,'2026-03-11 15:28:40','2026-03-11 15:28:40',NULL),
(7,1,1,'007',NULL,NULL,'Ativo','Disponivel',NULL,NULL,NULL,'2026-03-11 15:28:40','2026-03-11 15:28:40',NULL),
(8,1,1,'008',NULL,NULL,'Ativo','Disponivel',NULL,NULL,NULL,'2026-03-11 15:28:40','2026-03-11 15:28:40',NULL),
(9,1,1,'009',NULL,NULL,'Ativo','Disponivel',NULL,NULL,NULL,'2026-03-11 15:28:40','2026-03-11 15:28:40',NULL),
(10,1,1,'010',NULL,NULL,'Ativo','Disponivel',NULL,NULL,NULL,'2026-03-11 15:28:40','2026-03-11 15:28:40',NULL),
(11,1,2,'Marte001',NULL,NULL,'Ativo','Locado',NULL,NULL,NULL,'2026-03-11 20:27:17','2026-03-13 18:36:08',NULL),
(12,1,2,'Marte002',NULL,NULL,'Ativo','Locado',NULL,NULL,NULL,'2026-03-11 20:27:17','2026-03-13 18:36:08',NULL),
(13,1,2,'Marte003',NULL,NULL,'Ativo','Locado',NULL,NULL,NULL,'2026-03-11 20:27:17','2026-03-13 19:04:37',NULL),
(14,1,2,'Marte004',NULL,NULL,'Ativo','Disponivel',NULL,NULL,NULL,'2026-03-11 20:27:17','2026-03-11 20:27:17',NULL),
(15,1,2,'Marte005',NULL,NULL,'Ativo','Disponivel',NULL,NULL,NULL,'2026-03-11 20:27:17','2026-03-11 20:27:17',NULL),
(16,1,2,'Marte006',NULL,NULL,'Ativo','Disponivel',NULL,NULL,NULL,'2026-03-11 20:27:17','2026-03-11 20:27:17',NULL),
(17,1,2,'Marte007',NULL,NULL,'Ativo','Disponivel',NULL,NULL,NULL,'2026-03-11 20:27:17','2026-03-11 20:27:17',NULL),
(18,1,2,'Marte008',NULL,NULL,'Ativo','Disponivel',NULL,NULL,NULL,'2026-03-11 20:27:17','2026-03-11 20:27:17',NULL),
(19,1,2,'Marte009',NULL,NULL,'Ativo','Disponivel',NULL,NULL,NULL,'2026-03-11 20:27:17','2026-03-11 20:27:17',NULL),
(20,1,2,'Marte010',NULL,NULL,'Ativo','Disponivel',NULL,NULL,NULL,'2026-03-11 20:27:17','2026-03-11 20:27:17',NULL);

--
-- Table structure for table `permissoes_chaves`
--

CREATE TABLE `permissoes_chaves` (
  `id` bigint(20) unsigned NOT NULL AUTO_INCREMENT,
  `chave` varchar(100) NOT NULL,
  `modulo` varchar(100) NOT NULL,
  `label` varchar(150) NOT NULL,
  PRIMARY KEY (`id`),
  UNIQUE KEY `permissoes_chaves_chave_unique` (`chave`),
  KEY `permissoes_chaves_modulo_index` (`modulo`)
) ENGINE=InnoDB AUTO_INCREMENT=56 DEFAULT CHARSET=utf8mb4 COLLATE=utf8mb4_unicode_ci;

--
-- Dumping data for table `permissoes_chaves`
--

INSERT INTO `permissoes_chaves` VALUES
(1,'locacoes.visualizar','locacoes','Visualizar locações'),
(2,'locacoes.criar','locacoes','Criar locações'),
(3,'locacoes.editar','locacoes','Editar locações'),
(4,'locacoes.excluir','locacoes','Excluir locações'),
(5,'locacoes.alterar-status','locacoes','Alterar status'),
(6,'locacoes.retornar','locacoes','Registrar retorno'),
(7,'locacoes.expedicao','locacoes','Expedição'),
(8,'locacoes.contrato-pdf','locacoes','Gerar contrato PDF'),
(9,'locacoes.assinatura-digital','locacoes','Assinatura digital'),
(10,'locacoes.trocar-produto','locacoes','Trocar produto'),
(11,'locacoes.renovar','locacoes','Renovar locação'),
(12,'locacoes.medicao','locacoes','Medições'),
(13,'clientes.visualizar','clientes','Visualizar clientes'),
(14,'clientes.criar','clientes','Criar clientes'),
(15,'clientes.editar','clientes','Editar clientes'),
(16,'clientes.excluir','clientes','Excluir clientes'),
(17,'produtos.visualizar','produtos','Visualizar produtos'),
(18,'produtos.criar','produtos','Criar produtos'),
(19,'produtos.editar','produtos','Editar produtos'),
(20,'produtos.excluir','produtos','Excluir produtos'),
(21,'produtos.movimentacao','produtos','Movimentação de estoque'),
(22,'produtos.manutencao','produtos','Manutenções'),
(23,'produtos.patrimonio','produtos','Patrimônios'),
(24,'produtos.tabela-precos','produtos','Tabela de preços'),
(25,'produtos.acessorios','produtos','Acessórios'),
(26,'financeiro.visualizar','financeiro','Visualizar financeiro'),
(27,'financeiro.contas-pagar.criar','financeiro','Criar contas a pagar'),
(28,'financeiro.contas-pagar.editar','financeiro','Editar contas a pagar'),
(29,'financeiro.contas-pagar.excluir','financeiro','Excluir contas a pagar'),
(30,'financeiro.contas-pagar.baixa','financeiro','Baixa em contas a pagar'),
(31,'financeiro.contas-receber.criar','financeiro','Criar contas a receber'),
(32,'financeiro.contas-receber.editar','financeiro','Editar contas a receber'),
(33,'financeiro.contas-receber.excluir','financeiro','Excluir contas a receber'),
(34,'financeiro.contas-receber.baixa','financeiro','Baixa em contas a receber'),
(35,'financeiro.faturamento','financeiro','Faturamento de locações'),
(36,'financeiro.boletos','financeiro','Boletos'),
(37,'financeiro.fluxo-caixa','financeiro','Fluxo de caixa'),
(38,'financeiro.bancos','financeiro','Bancos'),
(39,'financeiro.categorias','financeiro','Categorias'),
(40,'financeiro.formas-pagamento','financeiro','Formas de pagamento'),
(41,'financeiro.relatorios','financeiro','Relatórios financeiros'),
(42,'relatorios.locacoes','relatorios','Relatórios de locações'),
(43,'relatorios.clientes','relatorios','Relatórios de clientes'),
(44,'relatorios.produtos','relatorios','Relatórios de produtos'),
(45,'relatorios.financeiro','relatorios','Relatórios financeiros'),
(46,'usuarios.visualizar','usuarios','Visualizar usuários'),
(47,'usuarios.criar','usuarios','Criar usuários'),
(48,'usuarios.editar','usuarios','Editar usuários'),
(49,'usuarios.excluir','usuarios','Excluir usuários'),
(50,'pdv.acessar','pdv','Acessar PDV'),
(51,'pdv.cancelar-venda','pdv','Cancelar venda'),
(52,'pdv.relatorio','pdv','Relatório de vendas'),
(53,'produtos-venda.gerenciar','pdv','Gerenciar produtos de venda'),
(54,'financeiro.contas-pagar.visualizar','financeiro','Visualizar contas a pagar'),
(55,'financeiro.contas-receber.visualizar','financeiro','Visualizar contas a receber');

--
-- Table structure for table `personal_access_tokens`
--

CREATE TABLE `personal_access_tokens` (
  `id` bigint(20) unsigned NOT NULL AUTO_INCREMENT,
  `tokenable_type` varchar(255) NOT NULL,
  `tokenable_id` bigint(20) unsigned NOT NULL,
  `name` varchar(255) NOT NULL,
  `token` varchar(64) NOT NULL,
  `abilities` text DEFAULT NULL,
  `last_used_at` timestamp NULL DEFAULT NULL,
  `expires_at` timestamp NULL DEFAULT NULL,
  `created_at` timestamp NULL DEFAULT NULL,
  `updated_at` timestamp NULL DEFAULT NULL,
  PRIMARY KEY (`id`),
  UNIQUE KEY `personal_access_tokens_token_unique` (`token`),
  KEY `personal_access_tokens_tokenable_type_tokenable_id_index` (`tokenable_type`,`tokenable_id`)
) ENGINE=InnoDB DEFAULT CHARSET=utf8mb4 COLLATE=utf8mb4_unicode_ci;

--
-- Dumping data for table `personal_access_tokens`
--


--
-- Table structure for table `planos`
--

CREATE TABLE `planos` (
  `id_plano` bigint(20) unsigned NOT NULL AUTO_INCREMENT,
  `nome` varchar(255) DEFAULT NULL,
  `descricao` text DEFAULT NULL,
  `valor` decimal(15,2) DEFAULT NULL,
  `adesao` decimal(15,2) DEFAULT NULL,
  `relatorios` varchar(255) DEFAULT NULL,
  `bancos` varchar(255) DEFAULT NULL,
  `assinatura_digital` varchar(255) DEFAULT NULL,
  `contratos` varchar(255) DEFAULT NULL,
  `faturas` varchar(255) DEFAULT NULL,
  `ativo` tinyint(1) NOT NULL DEFAULT 0,
  `created_at` timestamp NULL DEFAULT NULL,
  `updated_at` timestamp NULL DEFAULT NULL,
  PRIMARY KEY (`id_plano`)
) ENGINE=InnoDB AUTO_INCREMENT=6 DEFAULT CHARSET=utf8mb4 COLLATE=utf8mb4_unicode_ci;

--
-- Dumping data for table `planos`
--

INSERT INTO `planos` VALUES
(1,'Plano Gestor',NULL,0.00,0.00,'S','S','S','S','S',1,'2026-03-11 10:56:00','2026-03-11 14:36:33'),
(2,'Plano Start',NULL,99.90,389.90,'S','S','S','S','S',1,'2026-03-11 13:57:59','2026-03-11 15:11:59'),
(3,'Plano Pro',NULL,159.90,629.90,'S','S','S','S','S',1,'2026-03-11 15:17:04','2026-03-11 15:17:04'),
(4,'Plano Plus',NULL,199.90,779.90,'S','S','S','S','S',1,'2026-03-11 15:18:08','2026-03-11 15:18:08'),
(5,'Plano Premium',NULL,259.90,1019.90,'S','S','S','S','S',1,'2026-03-11 15:19:22','2026-03-11 15:19:22');

--
-- Table structure for table `planos_contratados`
--

CREATE TABLE `planos_contratados` (
  `id` bigint(20) unsigned NOT NULL AUTO_INCREMENT,
  `id_empresa` bigint(20) unsigned DEFAULT NULL,
  `nome` varchar(255) DEFAULT NULL,
  `valor` decimal(15,2) DEFAULT NULL,
  `adesao` decimal(15,2) DEFAULT NULL,
  `data_contratacao` datetime DEFAULT NULL,
  `status` varchar(255) DEFAULT NULL,
  `observacoes` text DEFAULT NULL,
  `created_at` timestamp NULL DEFAULT NULL,
  `updated_at` timestamp NULL DEFAULT NULL,
  PRIMARY KEY (`id`),
  KEY `planos_contratados_id_empresa_index` (`id_empresa`)
) ENGINE=InnoDB AUTO_INCREMENT=8 DEFAULT CHARSET=utf8mb4 COLLATE=utf8mb4_unicode_ci;

--
-- Dumping data for table `planos_contratados`
--

INSERT INTO `planos_contratados` VALUES
(3,1,'Plano Gestor',0.00,0.00,'2026-03-11 13:13:56','ativo','Contratação manual sem cobrança automática (comercial)','2026-03-11 13:13:56','2026-03-11 14:36:33'),
(7,4,'Plano Start (Teste)',0.00,0.00,'2026-03-13 19:51:34','ativo','Plano de teste criado em 13/03/2026 19:51','2026-03-13 19:51:34','2026-03-13 19:51:34');

--
-- Table structure for table `planos_contratados_modulos`
--

CREATE TABLE `planos_contratados_modulos` (
  `id` bigint(20) unsigned NOT NULL AUTO_INCREMENT,
  `id_plano_contratado` bigint(20) unsigned DEFAULT NULL,
  `id_modulo` bigint(20) unsigned DEFAULT NULL,
  `limite` int(11) DEFAULT NULL,
  `ativo` tinyint(1) NOT NULL DEFAULT 0,
  `created_at` timestamp NULL DEFAULT NULL,
  `updated_at` timestamp NULL DEFAULT NULL,
  PRIMARY KEY (`id`),
  KEY `planos_contratados_modulos_id_plano_contratado_index` (`id_plano_contratado`),
  KEY `planos_contratados_modulos_id_modulo_index` (`id_modulo`),
  CONSTRAINT `planos_contratados_modulos_id_modulo_foreign` FOREIGN KEY (`id_modulo`) REFERENCES `modulos` (`id_modulo`) ON DELETE SET NULL,
  CONSTRAINT `planos_contratados_modulos_id_plano_contratado_foreign` FOREIGN KEY (`id_plano_contratado`) REFERENCES `planos_contratados` (`id`) ON DELETE SET NULL
) ENGINE=InnoDB AUTO_INCREMENT=250 DEFAULT CHARSET=utf8mb4 COLLATE=utf8mb4_unicode_ci;

--
-- Dumping data for table `planos_contratados_modulos`
--

INSERT INTO `planos_contratados_modulos` VALUES
(1,NULL,34,NULL,1,'2026-03-11 14:36:33','2026-03-11 14:36:33'),
(2,NULL,35,NULL,1,'2026-03-11 14:36:33','2026-03-11 14:36:33'),
(3,NULL,36,NULL,1,'2026-03-11 14:36:33','2026-03-11 14:36:33'),
(4,NULL,1,NULL,1,'2026-03-11 14:36:33','2026-03-11 14:36:33'),
(5,NULL,3,NULL,1,'2026-03-11 14:36:33','2026-03-11 14:36:33'),
(6,NULL,4,NULL,1,'2026-03-11 14:36:33','2026-03-11 14:36:33'),
(7,NULL,2,NULL,1,'2026-03-11 14:36:33','2026-03-11 14:36:33'),
(8,NULL,24,NULL,1,'2026-03-11 14:36:33','2026-03-11 14:36:33'),
(9,NULL,25,NULL,1,'2026-03-11 14:36:33','2026-03-11 14:36:33'),
(10,NULL,26,NULL,1,'2026-03-11 14:36:33','2026-03-11 14:36:33'),
(11,NULL,27,NULL,1,'2026-03-11 14:36:33','2026-03-11 14:36:33'),
(12,NULL,28,NULL,1,'2026-03-11 14:36:33','2026-03-11 14:36:33'),
(13,NULL,29,NULL,1,'2026-03-11 14:36:33','2026-03-11 14:36:33'),
(14,NULL,30,NULL,1,'2026-03-11 14:36:33','2026-03-11 14:36:33'),
(15,NULL,8,NULL,1,'2026-03-11 14:36:33','2026-03-11 14:36:33'),
(16,NULL,9,NULL,1,'2026-03-11 14:36:33','2026-03-11 14:36:33'),
(17,NULL,10,NULL,1,'2026-03-11 14:36:33','2026-03-11 14:36:33'),
(18,NULL,11,NULL,1,'2026-03-11 14:36:33','2026-03-11 14:36:33'),
(19,NULL,12,NULL,1,'2026-03-11 14:36:33','2026-03-11 14:36:33'),
(20,NULL,13,NULL,1,'2026-03-11 14:36:33','2026-03-11 14:36:33'),
(21,NULL,18,NULL,1,'2026-03-11 14:36:33','2026-03-11 14:36:33'),
(22,NULL,19,NULL,1,'2026-03-11 14:36:33','2026-03-11 14:36:33'),
(23,NULL,20,NULL,1,'2026-03-11 14:36:33','2026-03-11 14:36:33'),
(24,NULL,21,NULL,1,'2026-03-11 14:36:33','2026-03-11 14:36:33'),
(25,NULL,22,NULL,1,'2026-03-11 14:36:33','2026-03-11 14:36:33'),
(26,NULL,23,NULL,1,'2026-03-11 14:36:33','2026-03-11 14:36:33'),
(27,NULL,14,NULL,1,'2026-03-11 14:36:33','2026-03-11 14:36:33'),
(28,NULL,15,NULL,1,'2026-03-11 14:36:33','2026-03-11 14:36:33'),
(29,NULL,16,NULL,1,'2026-03-11 14:36:33','2026-03-11 14:36:33'),
(30,NULL,17,NULL,1,'2026-03-11 14:36:33','2026-03-11 14:36:33'),
(31,NULL,31,NULL,1,'2026-03-11 14:36:33','2026-03-11 14:36:33'),
(32,NULL,32,NULL,1,'2026-03-11 14:36:33','2026-03-11 14:36:33'),
(33,NULL,33,NULL,1,'2026-03-11 14:36:33','2026-03-11 14:36:33'),
(34,NULL,37,NULL,1,'2026-03-11 14:36:33','2026-03-11 14:36:33'),
(35,NULL,38,NULL,1,'2026-03-11 14:36:33','2026-03-11 14:36:33'),
(36,NULL,39,NULL,1,'2026-03-11 14:36:33','2026-03-11 14:36:33'),
(37,NULL,5,NULL,1,'2026-03-11 14:36:33','2026-03-11 14:36:33'),
(38,NULL,6,NULL,1,'2026-03-11 14:36:33','2026-03-11 14:36:33'),
(39,NULL,7,NULL,1,'2026-03-11 14:36:33','2026-03-11 14:36:33'),
(40,NULL,40,NULL,1,'2026-03-11 14:36:33','2026-03-11 14:36:33'),
(41,NULL,41,NULL,1,'2026-03-11 14:36:33','2026-03-11 14:36:33'),
(42,NULL,42,NULL,1,'2026-03-11 14:36:33','2026-03-11 14:36:33'),
(43,3,34,NULL,1,'2026-03-11 14:36:33','2026-03-11 14:36:52'),
(44,3,35,NULL,1,'2026-03-11 14:36:33','2026-03-11 14:36:52'),
(45,3,36,NULL,1,'2026-03-11 14:36:33','2026-03-11 14:36:52'),
(46,3,1,NULL,1,'2026-03-11 14:36:33','2026-03-11 14:36:52'),
(47,3,3,NULL,1,'2026-03-11 14:36:33','2026-03-11 14:36:52'),
(48,3,4,NULL,1,'2026-03-11 14:36:33','2026-03-11 14:36:52'),
(49,3,2,NULL,1,'2026-03-11 14:36:33','2026-03-11 14:36:52'),
(50,3,24,NULL,1,'2026-03-11 14:36:33','2026-03-11 14:36:52'),
(51,3,25,NULL,1,'2026-03-11 14:36:33','2026-03-11 14:36:52'),
(52,3,26,NULL,1,'2026-03-11 14:36:33','2026-03-11 14:36:52'),
(53,3,27,NULL,1,'2026-03-11 14:36:33','2026-03-11 14:36:52'),
(54,3,28,NULL,1,'2026-03-11 14:36:33','2026-03-11 14:36:52'),
(55,3,29,NULL,1,'2026-03-11 14:36:33','2026-03-11 14:36:52'),
(56,3,30,NULL,1,'2026-03-11 14:36:33','2026-03-11 14:36:52'),
(57,3,8,NULL,1,'2026-03-11 14:36:34','2026-03-11 14:36:52'),
(58,3,9,NULL,1,'2026-03-11 14:36:34','2026-03-11 14:36:52'),
(59,3,10,NULL,1,'2026-03-11 14:36:34','2026-03-11 14:36:52'),
(60,3,11,NULL,1,'2026-03-11 14:36:34','2026-03-11 14:36:52'),
(61,3,12,NULL,1,'2026-03-11 14:36:34','2026-03-11 14:36:52'),
(62,3,13,NULL,1,'2026-03-11 14:36:34','2026-03-11 14:36:52'),
(63,3,18,NULL,1,'2026-03-11 14:36:34','2026-03-11 14:36:52'),
(64,3,19,NULL,1,'2026-03-11 14:36:34','2026-03-11 14:36:52'),
(65,3,20,NULL,1,'2026-03-11 14:36:34','2026-03-11 14:36:52'),
(66,3,21,NULL,1,'2026-03-11 14:36:34','2026-03-11 14:36:52'),
(67,3,22,NULL,1,'2026-03-11 14:36:34','2026-03-11 14:36:52'),
(68,3,23,NULL,1,'2026-03-11 14:36:34','2026-03-11 14:36:52'),
(69,3,14,NULL,1,'2026-03-11 14:36:34','2026-03-11 14:36:52'),
(70,3,15,NULL,1,'2026-03-11 14:36:34','2026-03-11 14:36:52'),
(71,3,16,NULL,1,'2026-03-11 14:36:34','2026-03-11 14:36:52'),
(72,3,17,NULL,1,'2026-03-11 14:36:34','2026-03-11 14:36:52'),
(73,3,31,NULL,1,'2026-03-11 14:36:34','2026-03-11 14:36:52'),
(74,3,32,NULL,1,'2026-03-11 14:36:34','2026-03-11 14:36:52'),
(75,3,33,NULL,1,'2026-03-11 14:36:34','2026-03-11 14:36:52'),
(76,3,37,NULL,1,'2026-03-11 14:36:34','2026-03-11 14:36:52'),
(77,3,38,NULL,1,'2026-03-11 14:36:34','2026-03-11 14:36:52'),
(78,3,39,NULL,1,'2026-03-11 14:36:34','2026-03-11 14:36:52'),
(79,3,5,NULL,1,'2026-03-11 14:36:34','2026-03-11 14:36:52'),
(80,3,6,NULL,1,'2026-03-11 14:36:34','2026-03-11 14:36:52'),
(81,3,7,NULL,1,'2026-03-11 14:36:34','2026-03-11 14:36:52'),
(82,3,40,NULL,1,'2026-03-11 14:36:34','2026-03-11 14:36:52'),
(83,3,41,NULL,1,'2026-03-11 14:36:34','2026-03-11 14:36:52'),
(84,3,42,NULL,1,'2026-03-11 14:36:34','2026-03-11 14:36:52'),
(85,NULL,34,NULL,1,'2026-03-11 15:14:58','2026-03-11 15:14:58'),
(86,NULL,35,1,1,'2026-03-11 15:14:58','2026-03-11 15:14:58'),
(87,NULL,36,NULL,1,'2026-03-11 15:14:58','2026-03-11 15:14:58'),
(88,NULL,1,NULL,1,'2026-03-11 15:14:58','2026-03-11 15:14:58'),
(89,NULL,3,500,1,'2026-03-11 15:14:58','2026-03-11 15:14:58'),
(90,NULL,4,500,1,'2026-03-11 15:14:58','2026-03-11 15:14:58'),
(91,NULL,2,NULL,1,'2026-03-11 15:14:58','2026-03-11 15:14:58'),
(92,NULL,24,NULL,1,'2026-03-11 15:14:58','2026-03-11 15:14:58'),
(93,NULL,25,NULL,1,'2026-03-11 15:14:58','2026-03-11 15:14:58'),
(94,NULL,26,NULL,1,'2026-03-11 15:14:58','2026-03-11 15:14:58'),
(95,NULL,27,NULL,1,'2026-03-11 15:14:58','2026-03-11 15:14:58'),
(96,NULL,28,NULL,1,'2026-03-11 15:14:58','2026-03-11 15:14:58'),
(97,NULL,29,NULL,1,'2026-03-11 15:14:58','2026-03-11 15:14:58'),
(98,NULL,8,NULL,1,'2026-03-11 15:14:58','2026-03-11 15:14:58'),
(99,NULL,9,NULL,1,'2026-03-11 15:14:58','2026-03-11 15:14:58'),
(100,NULL,10,NULL,1,'2026-03-11 15:14:58','2026-03-11 15:14:58'),
(101,NULL,11,NULL,1,'2026-03-11 15:14:58','2026-03-11 15:14:58'),
(102,NULL,12,NULL,1,'2026-03-11 15:14:58','2026-03-11 15:14:58'),
(103,NULL,13,NULL,1,'2026-03-11 15:14:58','2026-03-11 15:14:58'),
(104,NULL,18,NULL,1,'2026-03-11 15:14:58','2026-03-11 15:14:58'),
(105,NULL,19,NULL,1,'2026-03-11 15:14:58','2026-03-11 15:14:58'),
(106,NULL,20,NULL,1,'2026-03-11 15:14:58','2026-03-11 15:14:58'),
(107,NULL,21,NULL,1,'2026-03-11 15:14:58','2026-03-11 15:14:58'),
(108,NULL,22,NULL,1,'2026-03-11 15:14:58','2026-03-11 15:14:58'),
(109,NULL,23,NULL,1,'2026-03-11 15:14:58','2026-03-11 15:14:58'),
(110,NULL,14,NULL,1,'2026-03-11 15:14:58','2026-03-11 15:14:58'),
(111,NULL,15,NULL,1,'2026-03-11 15:14:58','2026-03-11 15:14:58'),
(112,NULL,16,NULL,1,'2026-03-11 15:14:58','2026-03-11 15:14:58'),
(113,NULL,17,NULL,1,'2026-03-11 15:14:58','2026-03-11 15:14:58'),
(114,NULL,31,NULL,1,'2026-03-11 15:14:58','2026-03-11 15:14:58'),
(115,NULL,32,NULL,1,'2026-03-11 15:14:58','2026-03-11 15:14:58'),
(116,NULL,33,NULL,1,'2026-03-11 15:14:58','2026-03-11 15:14:58'),
(117,NULL,37,NULL,1,'2026-03-11 15:14:58','2026-03-11 15:14:58'),
(118,NULL,38,NULL,1,'2026-03-11 15:14:58','2026-03-11 15:14:58'),
(119,NULL,39,NULL,1,'2026-03-11 15:14:58','2026-03-11 15:14:58'),
(120,NULL,5,NULL,1,'2026-03-11 15:14:58','2026-03-11 15:14:58'),
(121,NULL,6,500,1,'2026-03-11 15:14:58','2026-03-11 15:18:25'),
(122,NULL,7,500,1,'2026-03-11 15:14:58','2026-03-11 15:18:25'),
(123,NULL,40,NULL,1,'2026-03-11 15:14:58','2026-03-11 15:14:58'),
(124,NULL,41,NULL,1,'2026-03-11 15:14:58','2026-03-11 15:14:58'),
(125,NULL,42,1,1,'2026-03-11 15:14:58','2026-03-11 15:14:58'),
(126,NULL,34,NULL,1,'2026-03-13 18:18:52','2026-03-13 18:18:52'),
(127,NULL,35,1,1,'2026-03-13 18:18:52','2026-03-13 18:18:52'),
(128,NULL,36,NULL,1,'2026-03-13 18:18:52','2026-03-13 18:18:52'),
(129,NULL,1,NULL,1,'2026-03-13 18:18:52','2026-03-13 18:18:52'),
(130,NULL,3,500,1,'2026-03-13 18:18:52','2026-03-13 18:18:52'),
(131,NULL,4,500,1,'2026-03-13 18:18:52','2026-03-13 18:18:52'),
(132,NULL,2,NULL,1,'2026-03-13 18:18:52','2026-03-13 18:18:52'),
(133,NULL,24,NULL,1,'2026-03-13 18:18:52','2026-03-13 18:18:52'),
(134,NULL,25,NULL,1,'2026-03-13 18:18:52','2026-03-13 18:18:52'),
(135,NULL,26,NULL,1,'2026-03-13 18:18:52','2026-03-13 18:18:52'),
(136,NULL,27,NULL,1,'2026-03-13 18:18:53','2026-03-13 18:18:53'),
(137,NULL,28,NULL,1,'2026-03-13 18:18:53','2026-03-13 18:18:53'),
(138,NULL,29,NULL,1,'2026-03-13 18:18:53','2026-03-13 18:18:53'),
(139,NULL,8,NULL,1,'2026-03-13 18:18:53','2026-03-13 18:18:53'),
(140,NULL,9,NULL,1,'2026-03-13 18:18:53','2026-03-13 18:18:53'),
(141,NULL,10,NULL,1,'2026-03-13 18:18:53','2026-03-13 18:18:53'),
(142,NULL,11,NULL,1,'2026-03-13 18:18:53','2026-03-13 18:18:53'),
(143,NULL,12,NULL,1,'2026-03-13 18:18:53','2026-03-13 18:18:53'),
(144,NULL,13,NULL,1,'2026-03-13 18:18:53','2026-03-13 18:18:53'),
(145,NULL,18,NULL,1,'2026-03-13 18:18:53','2026-03-13 18:18:53'),
(146,NULL,19,NULL,1,'2026-03-13 18:18:53','2026-03-13 18:18:53'),
(147,NULL,20,NULL,1,'2026-03-13 18:18:53','2026-03-13 18:18:53'),
(148,NULL,21,NULL,1,'2026-03-13 18:18:53','2026-03-13 18:18:53'),
(149,NULL,22,NULL,1,'2026-03-13 18:18:53','2026-03-13 18:18:53'),
(150,NULL,23,NULL,1,'2026-03-13 18:18:53','2026-03-13 18:18:53'),
(151,NULL,14,NULL,1,'2026-03-13 18:18:53','2026-03-13 18:18:53'),
(152,NULL,15,NULL,1,'2026-03-13 18:18:53','2026-03-13 18:18:53'),
(153,NULL,16,NULL,1,'2026-03-13 18:18:53','2026-03-13 18:18:53'),
(154,NULL,17,NULL,1,'2026-03-13 18:18:53','2026-03-13 18:18:53'),
(155,NULL,31,NULL,1,'2026-03-13 18:18:53','2026-03-13 18:18:53'),
(156,NULL,32,NULL,1,'2026-03-13 18:18:53','2026-03-13 18:18:53'),
(157,NULL,33,NULL,1,'2026-03-13 18:18:53','2026-03-13 18:18:53'),
(158,NULL,37,NULL,1,'2026-03-13 18:18:53','2026-03-13 18:18:53'),
(159,NULL,38,NULL,1,'2026-03-13 18:18:53','2026-03-13 18:18:53'),
(160,NULL,39,NULL,1,'2026-03-13 18:18:53','2026-03-13 18:18:53'),
(161,NULL,5,NULL,1,'2026-03-13 18:18:53','2026-03-13 18:18:53'),
(162,NULL,6,500,1,'2026-03-13 18:18:53','2026-03-13 18:18:53'),
(163,NULL,7,500,1,'2026-03-13 18:18:53','2026-03-13 18:18:53'),
(164,NULL,40,NULL,1,'2026-03-13 18:18:53','2026-03-13 18:18:53'),
(165,NULL,41,NULL,1,'2026-03-13 18:18:53','2026-03-13 18:18:53'),
(166,NULL,42,1,1,'2026-03-13 18:18:53','2026-03-13 18:18:53'),
(167,NULL,34,NULL,1,'2026-03-13 18:23:12','2026-03-13 18:23:12'),
(168,NULL,35,3,1,'2026-03-13 18:23:12','2026-03-13 18:23:12'),
(169,NULL,36,NULL,1,'2026-03-13 18:23:12','2026-03-13 18:23:12'),
(170,NULL,1,NULL,1,'2026-03-13 18:23:12','2026-03-13 18:23:12'),
(171,NULL,3,1500,1,'2026-03-13 18:23:12','2026-03-13 18:23:12'),
(172,NULL,4,1500,1,'2026-03-13 18:23:12','2026-03-13 18:23:12'),
(173,NULL,2,NULL,1,'2026-03-13 18:23:12','2026-03-13 18:23:12'),
(174,NULL,24,NULL,1,'2026-03-13 18:23:12','2026-03-13 18:23:12'),
(175,NULL,25,NULL,1,'2026-03-13 18:23:12','2026-03-13 18:23:12'),
(176,NULL,26,NULL,1,'2026-03-13 18:23:12','2026-03-13 18:23:12'),
(177,NULL,27,NULL,1,'2026-03-13 18:23:12','2026-03-13 18:23:12'),
(178,NULL,28,NULL,1,'2026-03-13 18:23:12','2026-03-13 18:23:12'),
(179,NULL,29,NULL,1,'2026-03-13 18:23:12','2026-03-13 18:23:12'),
(180,NULL,30,1,1,'2026-03-13 18:23:12','2026-03-13 18:23:12'),
(181,NULL,8,NULL,1,'2026-03-13 18:23:12','2026-03-13 18:23:12'),
(182,NULL,9,NULL,1,'2026-03-13 18:23:12','2026-03-13 18:23:12'),
(183,NULL,10,NULL,1,'2026-03-13 18:23:12','2026-03-13 18:23:12'),
(184,NULL,11,NULL,1,'2026-03-13 18:23:12','2026-03-13 18:23:12'),
(185,NULL,12,NULL,1,'2026-03-13 18:23:12','2026-03-13 18:23:12'),
(186,NULL,13,NULL,1,'2026-03-13 18:23:12','2026-03-13 18:23:12'),
(187,NULL,18,NULL,1,'2026-03-13 18:23:12','2026-03-13 18:23:12'),
(188,NULL,19,NULL,1,'2026-03-13 18:23:12','2026-03-13 18:23:12'),
(189,NULL,20,NULL,1,'2026-03-13 18:23:12','2026-03-13 18:23:12'),
(190,NULL,21,NULL,1,'2026-03-13 18:23:12','2026-03-13 18:23:12'),
(191,NULL,22,NULL,1,'2026-03-13 18:23:12','2026-03-13 18:23:12'),
(192,NULL,23,NULL,1,'2026-03-13 18:23:12','2026-03-13 18:23:12'),
(193,NULL,14,NULL,1,'2026-03-13 18:23:12','2026-03-13 18:23:12'),
(194,NULL,15,NULL,1,'2026-03-13 18:23:12','2026-03-13 18:23:12'),
(195,NULL,16,NULL,1,'2026-03-13 18:23:12','2026-03-13 18:23:12'),
(196,NULL,17,NULL,1,'2026-03-13 18:23:12','2026-03-13 18:23:12'),
(197,NULL,31,NULL,1,'2026-03-13 18:23:12','2026-03-13 18:23:12'),
(198,NULL,32,NULL,1,'2026-03-13 18:23:12','2026-03-13 18:23:12'),
(199,NULL,33,NULL,1,'2026-03-13 18:23:12','2026-03-13 18:23:12'),
(200,NULL,37,NULL,1,'2026-03-13 18:23:12','2026-03-13 18:23:12'),
(201,NULL,38,NULL,1,'2026-03-13 18:23:12','2026-03-13 18:23:12'),
(202,NULL,39,NULL,1,'2026-03-13 18:23:12','2026-03-13 18:23:12'),
(203,NULL,5,NULL,1,'2026-03-13 18:23:12','2026-03-13 18:23:12'),
(204,NULL,6,1500,1,'2026-03-13 18:23:12','2026-03-13 18:23:12'),
(205,NULL,7,1500,1,'2026-03-13 18:23:12','2026-03-13 18:23:12'),
(206,NULL,40,NULL,1,'2026-03-13 18:23:12','2026-03-13 18:23:12'),
(207,NULL,41,NULL,1,'2026-03-13 18:23:12','2026-03-13 18:23:12'),
(208,NULL,42,NULL,1,'2026-03-13 18:23:12','2026-03-13 18:23:12'),
(209,7,34,NULL,1,'2026-03-13 19:51:35','2026-03-13 19:51:35'),
(210,7,35,1,1,'2026-03-13 19:51:35','2026-03-13 19:51:35'),
(211,7,36,NULL,1,'2026-03-13 19:51:35','2026-03-13 19:51:35'),
(212,7,1,NULL,1,'2026-03-13 19:51:35','2026-03-13 19:51:35'),
(213,7,3,500,1,'2026-03-13 19:51:35','2026-03-13 19:51:35'),
(214,7,4,500,1,'2026-03-13 19:51:35','2026-03-13 19:51:35'),
(215,7,2,NULL,1,'2026-03-13 19:51:35','2026-03-13 19:51:35'),
(216,7,24,NULL,1,'2026-03-13 19:51:35','2026-03-13 19:51:35'),
(217,7,25,NULL,1,'2026-03-13 19:51:35','2026-03-13 19:51:35'),
(218,7,26,NULL,1,'2026-03-13 19:51:35','2026-03-13 19:51:35'),
(219,7,27,NULL,1,'2026-03-13 19:51:35','2026-03-13 19:51:35'),
(220,7,28,NULL,1,'2026-03-13 19:51:35','2026-03-13 19:51:35'),
(221,7,29,NULL,1,'2026-03-13 19:51:35','2026-03-13 19:51:35'),
(222,7,8,NULL,1,'2026-03-13 19:51:35','2026-03-13 19:51:35'),
(223,7,9,NULL,1,'2026-03-13 19:51:35','2026-03-13 19:51:35'),
(224,7,10,NULL,1,'2026-03-13 19:51:35','2026-03-13 19:51:35'),
(225,7,11,NULL,1,'2026-03-13 19:51:35','2026-03-13 19:51:35'),
(226,7,12,NULL,1,'2026-03-13 19:51:35','2026-03-13 19:51:35'),
(227,7,13,NULL,1,'2026-03-13 19:51:35','2026-03-13 19:51:35'),
(228,7,18,NULL,1,'2026-03-13 19:51:35','2026-03-13 19:51:35'),
(229,7,19,NULL,1,'2026-03-13 19:51:35','2026-03-13 19:51:35'),
(230,7,20,NULL,1,'2026-03-13 19:51:35','2026-03-13 19:51:35'),
(231,7,21,NULL,1,'2026-03-13 19:51:35','2026-03-13 19:51:35'),
(232,7,22,NULL,1,'2026-03-13 19:51:35','2026-03-13 19:51:35'),
(233,7,23,NULL,1,'2026-03-13 19:51:35','2026-03-13 19:51:35'),
(234,7,14,NULL,1,'2026-03-13 19:51:35','2026-03-13 19:51:35'),
(235,7,15,NULL,1,'2026-03-13 19:51:35','2026-03-13 19:51:35'),
(236,7,16,NULL,1,'2026-03-13 19:51:35','2026-03-13 19:51:35'),
(237,7,17,NULL,1,'2026-03-13 19:51:35','2026-03-13 19:51:35'),
(238,7,31,NULL,1,'2026-03-13 19:51:35','2026-03-13 19:51:35'),
(239,7,32,NULL,1,'2026-03-13 19:51:35','2026-03-13 19:51:35'),
(240,7,33,NULL,1,'2026-03-13 19:51:35','2026-03-13 19:51:35'),
(241,7,37,NULL,1,'2026-03-13 19:51:35','2026-03-13 19:51:35'),
(242,7,38,NULL,1,'2026-03-13 19:51:35','2026-03-13 19:51:35'),
(243,7,39,NULL,1,'2026-03-13 19:51:35','2026-03-13 19:51:35'),
(244,7,5,NULL,1,'2026-03-13 19:51:35','2026-03-13 19:51:35'),
(245,7,6,500,1,'2026-03-13 19:51:35','2026-03-13 19:51:35'),
(246,7,7,500,1,'2026-03-13 19:51:35','2026-03-13 19:51:35'),
(247,7,40,NULL,1,'2026-03-13 19:51:35','2026-03-13 19:51:35'),
(248,7,41,NULL,1,'2026-03-13 19:51:35','2026-03-13 19:51:35'),
(249,7,42,1,1,'2026-03-13 19:51:35','2026-03-13 19:51:35');

--
-- Table structure for table `planos_modulos`
--

CREATE TABLE `planos_modulos` (
  `id_plano_modulo` bigint(20) unsigned NOT NULL AUTO_INCREMENT,
  `id_plano` bigint(20) unsigned DEFAULT NULL,
  `id_modulo` bigint(20) unsigned DEFAULT NULL,
  `limite` int(11) DEFAULT NULL,
  `ativo` tinyint(1) NOT NULL DEFAULT 0,
  PRIMARY KEY (`id_plano_modulo`),
  KEY `planos_modulos_id_plano_index` (`id_plano`),
  KEY `planos_modulos_id_modulo_index` (`id_modulo`),
  CONSTRAINT `planos_modulos_id_modulo_foreign` FOREIGN KEY (`id_modulo`) REFERENCES `modulos` (`id_modulo`) ON DELETE SET NULL,
  CONSTRAINT `planos_modulos_id_plano_foreign` FOREIGN KEY (`id_plano`) REFERENCES `planos` (`id_plano`) ON DELETE SET NULL
) ENGINE=InnoDB AUTO_INCREMENT=293 DEFAULT CHARSET=utf8mb4 COLLATE=utf8mb4_unicode_ci;

--
-- Dumping data for table `planos_modulos`
--

INSERT INTO `planos_modulos` VALUES
(1,1,34,NULL,1),
(2,1,35,NULL,1),
(3,1,36,NULL,1),
(4,1,1,NULL,1),
(5,1,3,NULL,1),
(6,1,4,NULL,1),
(7,1,2,NULL,1),
(8,1,24,NULL,1),
(9,1,25,NULL,1),
(10,1,26,NULL,1),
(11,1,27,NULL,1),
(12,1,28,NULL,1),
(13,1,29,NULL,1),
(14,1,30,NULL,1),
(15,1,8,NULL,1),
(16,1,9,NULL,1),
(17,1,10,NULL,1),
(18,1,11,NULL,1),
(19,1,12,NULL,1),
(20,1,13,NULL,1),
(21,1,18,NULL,1),
(22,1,19,NULL,1),
(23,1,20,NULL,1),
(24,1,21,NULL,1),
(25,1,22,NULL,1),
(26,1,23,NULL,1),
(27,1,14,NULL,1),
(28,1,15,NULL,1),
(29,1,16,NULL,1),
(30,1,17,NULL,1),
(31,1,31,NULL,1),
(32,1,32,NULL,1),
(33,1,33,NULL,1),
(34,1,37,NULL,1),
(35,1,38,NULL,1),
(36,1,39,NULL,1),
(37,1,5,NULL,1),
(38,1,6,NULL,1),
(39,1,7,NULL,1),
(40,1,40,NULL,1),
(41,1,41,NULL,1),
(42,1,42,NULL,1),
(126,4,34,NULL,1),
(127,4,35,10,1),
(128,4,36,NULL,1),
(129,4,1,NULL,1),
(130,4,3,3000,1),
(131,4,4,3000,1),
(132,4,2,NULL,1),
(133,4,24,NULL,1),
(134,4,25,NULL,1),
(135,4,26,NULL,1),
(136,4,27,NULL,1),
(137,4,28,NULL,1),
(138,4,29,NULL,1),
(139,4,30,NULL,1),
(140,4,8,NULL,1),
(141,4,9,NULL,1),
(142,4,10,NULL,1),
(143,4,11,NULL,1),
(144,4,12,NULL,1),
(145,4,13,NULL,1),
(146,4,18,NULL,1),
(147,4,19,NULL,1),
(148,4,20,NULL,1),
(149,4,21,NULL,1),
(150,4,22,NULL,1),
(151,4,23,NULL,1),
(152,4,14,NULL,1),
(153,4,15,NULL,1),
(154,4,16,NULL,1),
(155,4,17,NULL,1),
(156,4,31,NULL,1),
(157,4,32,NULL,1),
(158,4,33,NULL,1),
(159,4,37,NULL,1),
(160,4,38,NULL,1),
(161,4,39,NULL,1),
(162,4,5,NULL,1),
(163,4,6,3000,1),
(164,4,7,3000,1),
(165,4,40,NULL,1),
(166,4,41,NULL,1),
(167,4,42,NULL,1),
(168,2,34,NULL,1),
(169,2,35,1,1),
(170,2,36,NULL,1),
(171,2,1,NULL,1),
(172,2,3,500,1),
(173,2,4,500,1),
(174,2,2,NULL,1),
(175,2,24,NULL,1),
(176,2,25,NULL,1),
(177,2,26,NULL,1),
(178,2,27,NULL,1),
(179,2,28,NULL,1),
(180,2,29,NULL,1),
(181,2,8,NULL,1),
(182,2,9,NULL,1),
(183,2,10,NULL,1),
(184,2,11,NULL,1),
(185,2,12,NULL,1),
(186,2,13,NULL,1),
(187,2,18,NULL,1),
(188,2,19,NULL,1),
(189,2,20,NULL,1),
(190,2,21,NULL,1),
(191,2,22,NULL,1),
(192,2,23,NULL,1),
(193,2,14,NULL,1),
(194,2,15,NULL,1),
(195,2,16,NULL,1),
(196,2,17,NULL,1),
(197,2,31,NULL,1),
(198,2,32,NULL,1),
(199,2,33,NULL,1),
(200,2,37,NULL,1),
(201,2,38,NULL,1),
(202,2,39,NULL,1),
(203,2,5,NULL,1),
(204,2,6,500,1),
(205,2,7,500,1),
(206,2,40,NULL,1),
(207,2,41,NULL,1),
(208,2,42,1,1),
(209,3,34,NULL,1),
(210,3,35,3,1),
(211,3,36,NULL,1),
(212,3,1,NULL,1),
(213,3,3,1500,1),
(214,3,4,1500,1),
(215,3,2,NULL,1),
(216,3,24,NULL,1),
(217,3,25,NULL,1),
(218,3,26,NULL,1),
(219,3,27,NULL,1),
(220,3,28,NULL,1),
(221,3,29,NULL,1),
(222,3,30,1,1),
(223,3,8,NULL,1),
(224,3,9,NULL,1),
(225,3,10,NULL,1),
(226,3,11,NULL,1),
(227,3,12,NULL,1),
(228,3,13,NULL,1),
(229,3,18,NULL,1),
(230,3,19,NULL,1),
(231,3,20,NULL,1),
(232,3,21,NULL,1),
(233,3,22,NULL,1),
(234,3,23,NULL,1),
(235,3,14,NULL,1),
(236,3,15,NULL,1),
(237,3,16,NULL,1),
(238,3,17,NULL,1),
(239,3,31,NULL,1),
(240,3,32,NULL,1),
(241,3,33,NULL,1),
(242,3,37,NULL,1),
(243,3,38,NULL,1),
(244,3,39,NULL,1),
(245,3,5,NULL,1),
(246,3,6,1500,1),
(247,3,7,1500,1),
(248,3,40,NULL,1),
(249,3,41,NULL,1),
(250,3,42,NULL,1),
(251,5,34,NULL,1),
(252,5,35,NULL,1),
(253,5,36,NULL,1),
(254,5,1,NULL,1),
(255,5,3,NULL,1),
(256,5,4,NULL,1),
(257,5,2,NULL,1),
(258,5,24,NULL,1),
(259,5,25,NULL,1),
(260,5,26,NULL,1),
(261,5,27,NULL,1),
(262,5,28,NULL,1),
(263,5,29,NULL,1),
(264,5,30,NULL,1),
(265,5,8,NULL,1),
(266,5,9,NULL,1),
(267,5,10,NULL,1),
(268,5,11,NULL,1),
(269,5,12,NULL,1),
(270,5,13,NULL,1),
(271,5,18,NULL,1),
(272,5,19,NULL,1),
(273,5,20,NULL,1),
(274,5,21,NULL,1),
(275,5,22,NULL,1),
(276,5,23,NULL,1),
(277,5,14,NULL,1),
(278,5,15,NULL,1),
(279,5,16,NULL,1),
(280,5,17,NULL,1),
(281,5,31,NULL,1),
(282,5,32,NULL,1),
(283,5,33,NULL,1),
(284,5,37,NULL,1),
(285,5,38,NULL,1),
(286,5,39,NULL,1),
(287,5,5,NULL,1),
(288,5,6,NULL,1),
(289,5,7,NULL,1),
(290,5,40,NULL,1),
(291,5,41,NULL,1),
(292,5,42,NULL,1);

--
-- Table structure for table `planos_promocoes`
--

CREATE TABLE `planos_promocoes` (
  `id` bigint(20) unsigned NOT NULL AUTO_INCREMENT,
  `id_plano` bigint(20) unsigned DEFAULT NULL,
  `nome` varchar(255) DEFAULT NULL,
  `data_inicio` date DEFAULT NULL,
  `data_fim` date DEFAULT NULL,
  `desconto_mensal` decimal(15,2) DEFAULT NULL,
  `desconto_adesao` decimal(15,2) DEFAULT NULL,
  `ativo` tinyint(1) NOT NULL DEFAULT 0,
  `observacoes` text DEFAULT NULL,
  `created_at` timestamp NULL DEFAULT NULL,
  `updated_at` timestamp NULL DEFAULT NULL,
  PRIMARY KEY (`id`),
  KEY `planos_promocoes_id_plano_index` (`id_plano`),
  CONSTRAINT `planos_promocoes_id_plano_foreign` FOREIGN KEY (`id_plano`) REFERENCES `planos` (`id_plano`) ON DELETE SET NULL
) ENGINE=InnoDB AUTO_INCREMENT=6 DEFAULT CHARSET=utf8mb4 COLLATE=utf8mb4_unicode_ci;

--
-- Dumping data for table `planos_promocoes`
--

INSERT INTO `planos_promocoes` VALUES
(2,2,'Promoção Março','2026-03-01','2026-03-31',0.00,290.00,1,NULL,'2026-03-13 16:42:47','2026-03-13 16:42:47'),
(3,3,'Promoção Março','2026-03-01','2026-03-31',0.00,470.00,1,NULL,'2026-03-13 18:55:22','2026-03-13 18:55:22'),
(4,5,'Promoção Março','2026-03-01','2026-03-31',0.00,760.00,1,NULL,'2026-03-13 18:55:58','2026-03-13 18:55:58'),
(5,4,'Promoção Março','2026-03-01','2026-03-31',0.00,580.00,1,NULL,'2026-03-13 18:56:27','2026-03-13 18:56:27');

--
-- Table structure for table `produto_acessorios`
--

CREATE TABLE `produto_acessorios` (
  `id_produto_acessorio` bigint(20) unsigned NOT NULL AUTO_INCREMENT,
  `id_produto` bigint(20) unsigned DEFAULT NULL,
  `id_acessorio` bigint(20) unsigned DEFAULT NULL,
  `quantidade` int(11) DEFAULT NULL,
  `obrigatorio` tinyint(1) NOT NULL DEFAULT 0,
  `created_at` timestamp NULL DEFAULT NULL,
  `updated_at` timestamp NULL DEFAULT NULL,
  PRIMARY KEY (`id_produto_acessorio`),
  KEY `produto_acessorios_id_produto_index` (`id_produto`),
  KEY `produto_acessorios_id_acessorio_index` (`id_acessorio`),
  CONSTRAINT `produto_acessorios_id_acessorio_foreign` FOREIGN KEY (`id_acessorio`) REFERENCES `acessorios` (`id_acessorio`) ON DELETE SET NULL,
  CONSTRAINT `produto_acessorios_id_produto_foreign` FOREIGN KEY (`id_produto`) REFERENCES `produtos` (`id_produto`) ON DELETE SET NULL
) ENGINE=InnoDB DEFAULT CHARSET=utf8mb4 COLLATE=utf8mb4_unicode_ci;

--
-- Dumping data for table `produto_acessorios`
--


--
-- Table structure for table `produto_historico`
--

CREATE TABLE `produto_historico` (
  `id_historico` bigint(20) unsigned NOT NULL AUTO_INCREMENT,
  `id_empresa` bigint(20) unsigned DEFAULT NULL,
  `id_produto` bigint(20) unsigned DEFAULT NULL,
  `id_locacao` bigint(20) unsigned DEFAULT NULL,
  `id_cliente` bigint(20) unsigned DEFAULT NULL,
  `tipo_movimentacao` varchar(255) DEFAULT NULL,
  `quantidade` int(11) DEFAULT NULL,
  `estoque_anterior` int(11) DEFAULT NULL,
  `estoque_novo` int(11) DEFAULT NULL,
  `data_movimentacao` datetime DEFAULT NULL,
  `motivo` varchar(255) DEFAULT NULL,
  `observacoes` text DEFAULT NULL,
  `id_usuario` bigint(20) unsigned DEFAULT NULL,
  `created_at` timestamp NULL DEFAULT NULL,
  `updated_at` timestamp NULL DEFAULT NULL,
  PRIMARY KEY (`id_historico`),
  KEY `produto_historico_id_empresa_index` (`id_empresa`),
  KEY `produto_historico_id_produto_index` (`id_produto`),
  KEY `produto_historico_id_locacao_index` (`id_locacao`),
  KEY `produto_historico_id_cliente_index` (`id_cliente`),
  KEY `produto_historico_id_usuario_index` (`id_usuario`),
  CONSTRAINT `produto_historico_id_cliente_foreign` FOREIGN KEY (`id_cliente`) REFERENCES `clientes` (`id_clientes`) ON DELETE SET NULL,
  CONSTRAINT `produto_historico_id_empresa_foreign` FOREIGN KEY (`id_empresa`) REFERENCES `empresa` (`id_empresa`) ON DELETE SET NULL,
  CONSTRAINT `produto_historico_id_locacao_foreign` FOREIGN KEY (`id_locacao`) REFERENCES `locacao` (`id_locacao`) ON DELETE SET NULL,
  CONSTRAINT `produto_historico_id_produto_foreign` FOREIGN KEY (`id_produto`) REFERENCES `produtos` (`id_produto`) ON DELETE SET NULL
) ENGINE=InnoDB AUTO_INCREMENT=16 DEFAULT CHARSET=utf8mb4 COLLATE=utf8mb4_unicode_ci;

--
-- Dumping data for table `produto_historico`
--

INSERT INTO `produto_historico` VALUES
(1,1,1,1,1,'saida',1,0,0,'2026-03-11 15:32:39','Saída para locação #001',NULL,1,'2026-03-11 15:32:39','2026-03-11 15:32:39'),
(2,1,1,1,1,'saida',1,0,0,'2026-03-11 15:32:39','Saída para locação #001',NULL,1,'2026-03-11 15:32:39','2026-03-11 15:32:39'),
(3,1,3,2,1,'saida',5,200,195,'2026-03-11 21:01:45','Locação #O001',NULL,5,'2026-03-11 21:01:45','2026-03-11 21:01:45'),
(4,1,3,3,1,'saida',10,200,190,'2026-03-11 21:12:30','Locação #O002',NULL,5,'2026-03-11 21:12:30','2026-03-11 21:12:30'),
(5,1,3,3,1,'saida',10,200,190,'2026-03-11 21:13:10','Saída para locação #O002',NULL,5,'2026-03-11 21:13:10','2026-03-11 21:13:10'),
(6,1,3,4,1,'saida',20,190,170,'2026-03-11 21:26:26','Locação #O002',NULL,5,'2026-03-11 21:26:26','2026-03-11 21:26:26'),
(7,1,3,4,1,'saida',20,190,170,'2026-03-11 21:27:03','Saída para locação #O002',NULL,5,'2026-03-11 21:27:03','2026-03-11 21:27:03'),
(9,1,3,6,1,'saida',5,170,165,'2026-03-12 15:28:57','Locação #O002',NULL,4,'2026-03-12 15:28:57','2026-03-12 15:28:57'),
(10,1,3,6,1,'saida',5,170,165,'2026-03-12 15:33:58','Saída para locação #O002',NULL,4,'2026-03-12 15:33:58','2026-03-12 15:33:58'),
(11,1,2,8,2,'saida',1,0,0,'2026-03-13 18:36:08','Saída para locação #006',NULL,5,'2026-03-13 18:36:08','2026-03-13 18:36:08'),
(12,1,2,8,2,'saida',1,0,0,'2026-03-13 18:36:08','Saída para locação #006',NULL,5,'2026-03-13 18:36:08','2026-03-13 18:36:08'),
(13,1,3,9,2,'saida',5,165,160,'2026-03-13 19:04:37','Locação #007',NULL,5,'2026-03-13 19:04:37','2026-03-13 19:04:37'),
(14,1,2,9,2,'saida',1,0,0,'2026-03-13 19:04:37','Saída para locação #007',NULL,5,'2026-03-13 19:04:37','2026-03-13 19:04:37'),
(15,1,3,9,2,'saida',5,165,160,'2026-03-13 19:04:37','Saída para locação #007',NULL,5,'2026-03-13 19:04:37','2026-03-13 19:04:37');

--
-- Table structure for table `produto_locacao`
--

CREATE TABLE `produto_locacao` (
  `id_produto_locacao` bigint(20) unsigned NOT NULL AUTO_INCREMENT,
  `id_empresa` bigint(20) unsigned DEFAULT NULL,
  `id_locacao` bigint(20) unsigned DEFAULT NULL,
  `id_produto` bigint(20) unsigned DEFAULT NULL,
  `id_patrimonio` bigint(20) unsigned DEFAULT NULL,
  `id_sala` bigint(20) unsigned DEFAULT NULL,
  `id_tabela_preco` bigint(20) unsigned DEFAULT NULL,
  `preco_unitario` decimal(15,2) DEFAULT NULL,
  `preco_total` decimal(15,2) DEFAULT NULL,
  `quantidade` int(11) DEFAULT NULL,
  `data_inicio` date DEFAULT NULL,
  `hora_inicio` varchar(255) DEFAULT NULL,
  `data_fim` date DEFAULT NULL,
  `hora_fim` varchar(255) DEFAULT NULL,
  `data_contrato` date DEFAULT NULL,
  `data_contrato_fim` date DEFAULT NULL,
  `hora_contrato` varchar(255) DEFAULT NULL,
  `hora_contrato_fim` varchar(255) DEFAULT NULL,
  `tipo_cobranca` varchar(255) DEFAULT NULL,
  `tipo_movimentacao` varchar(255) DEFAULT NULL,
  `status_retorno` varchar(255) DEFAULT NULL,
  `estoque_status` int(11) DEFAULT NULL,
  `valor_fechado` tinyint(1) NOT NULL DEFAULT 0,
  `voltou_com_defeito` tinyint(1) NOT NULL DEFAULT 0,
  `quantidade_com_defeito` int(11) DEFAULT NULL,
  `observacao_defeito` text DEFAULT NULL,
  `observacoes` text DEFAULT NULL,
  `created_at` timestamp NULL DEFAULT NULL,
  `updated_at` timestamp NULL DEFAULT NULL,
  `deleted_at` timestamp NULL DEFAULT NULL,
  PRIMARY KEY (`id_produto_locacao`),
  KEY `produto_locacao_id_empresa_index` (`id_empresa`),
  KEY `produto_locacao_id_locacao_index` (`id_locacao`),
  KEY `produto_locacao_id_produto_index` (`id_produto`),
  KEY `produto_locacao_id_patrimonio_index` (`id_patrimonio`),
  KEY `produto_locacao_id_sala_index` (`id_sala`),
  KEY `produto_locacao_id_tabela_preco_index` (`id_tabela_preco`),
  CONSTRAINT `produto_locacao_id_empresa_foreign` FOREIGN KEY (`id_empresa`) REFERENCES `empresa` (`id_empresa`) ON DELETE SET NULL,
  CONSTRAINT `produto_locacao_id_locacao_foreign` FOREIGN KEY (`id_locacao`) REFERENCES `locacao` (`id_locacao`) ON DELETE SET NULL,
  CONSTRAINT `produto_locacao_id_patrimonio_foreign` FOREIGN KEY (`id_patrimonio`) REFERENCES `patrimonios` (`id_patrimonio`) ON DELETE SET NULL,
  CONSTRAINT `produto_locacao_id_produto_foreign` FOREIGN KEY (`id_produto`) REFERENCES `produtos` (`id_produto`) ON DELETE SET NULL,
  CONSTRAINT `produto_locacao_id_sala_foreign` FOREIGN KEY (`id_sala`) REFERENCES `locacao_salas` (`id_sala`) ON DELETE SET NULL,
  CONSTRAINT `produto_locacao_id_tabela_preco_foreign` FOREIGN KEY (`id_tabela_preco`) REFERENCES `tabela_precos` (`id_tabela`) ON DELETE SET NULL
) ENGINE=InnoDB AUTO_INCREMENT=12 DEFAULT CHARSET=utf8mb4 COLLATE=utf8mb4_unicode_ci;

--
-- Dumping data for table `produto_locacao`
--

INSERT INTO `produto_locacao` VALUES
(1,1,1,1,1,NULL,NULL,59.90,59.90,1,'2026-03-11','08:00','2026-03-15','18:00','2026-03-11','2026-03-15','08:00','18:00','diaria','entrega','pendente',1,0,0,NULL,NULL,NULL,'2026-03-11 15:32:39','2026-03-11 15:32:39',NULL),
(2,1,1,1,2,NULL,NULL,59.90,59.90,1,'2026-03-11','08:00','2026-03-15','18:00','2026-03-11','2026-03-15','08:00','18:00','diaria','entrega','pendente',1,0,0,NULL,NULL,NULL,'2026-03-11 15:32:39','2026-03-11 15:32:39',NULL),
(3,1,2,3,NULL,NULL,NULL,10.00,50.00,5,'2026-03-11','08:00','2026-03-12','18:00','2026-03-11','2026-03-12','08:00','18:00','diaria','entrega','pendente',0,0,0,NULL,NULL,NULL,'2026-03-11 21:01:45','2026-03-11 21:01:45',NULL),
(4,1,3,3,NULL,NULL,NULL,10.00,100.00,10,'2026-03-11','08:00','2026-03-12','18:00','2026-03-11','2026-03-12','08:00','18:00','diaria','entrega','pendente',1,0,0,NULL,NULL,NULL,'2026-03-11 21:12:30','2026-03-11 21:13:10',NULL),
(5,1,4,3,NULL,NULL,NULL,10.00,200.00,20,'2026-03-11','08:00','2026-03-13','18:00','2026-03-11','2026-03-13','08:00','18:00','diaria','entrega','pendente',1,0,0,NULL,NULL,NULL,'2026-03-11 21:26:26','2026-03-11 21:27:03',NULL),
(7,1,6,3,NULL,NULL,NULL,10.00,50.00,5,'2026-03-12','08:00','2026-03-15','18:00','2026-03-12','2026-03-15','08:00','18:00','diaria','entrega','pendente',1,0,0,NULL,NULL,NULL,'2026-03-12 15:28:57','2026-03-12 15:47:21',NULL),
(8,1,8,2,11,NULL,NULL,100.00,100.00,1,'2026-03-13','08:00','2026-03-16','18:00','2026-03-13','2026-03-16','08:00','18:00','diaria','entrega','pendente',1,0,0,NULL,NULL,NULL,'2026-03-13 18:36:08','2026-03-13 18:36:08',NULL),
(9,1,8,2,12,NULL,NULL,100.00,100.00,1,'2026-03-13','08:00','2026-03-16','18:00','2026-03-13','2026-03-16','08:00','18:00','diaria','entrega','pendente',1,0,0,NULL,NULL,NULL,'2026-03-13 18:36:08','2026-03-13 18:36:08',NULL),
(10,1,9,2,13,NULL,NULL,100.00,100.00,1,'2026-03-13','08:00','2026-03-16','18:00','2026-03-13','2026-03-16','08:00','18:00','diaria','entrega','pendente',1,0,0,NULL,NULL,NULL,'2026-03-13 19:04:37','2026-03-13 19:04:37',NULL),
(11,1,9,3,NULL,NULL,NULL,10.00,50.00,5,'2026-03-13','08:00','2026-03-16','18:00','2026-03-13','2026-03-16','08:00','18:00','diaria','entrega','pendente',1,0,0,NULL,NULL,NULL,'2026-03-13 19:04:37','2026-03-13 19:04:37',NULL);

--
-- Table structure for table `produto_terceiros_locacao`
--

CREATE TABLE `produto_terceiros_locacao` (
  `id_produto_terceiros_locacao` bigint(20) unsigned NOT NULL AUTO_INCREMENT,
  `id_empresa` bigint(20) unsigned DEFAULT NULL,
  `id_locacao` bigint(20) unsigned DEFAULT NULL,
  `id_produto_terceiro` bigint(20) unsigned DEFAULT NULL,
  `nome_produto_manual` varchar(255) DEFAULT NULL,
  `descricao_manual` text DEFAULT NULL,
  `id_fornecedor` bigint(20) unsigned DEFAULT NULL,
  `id_sala` bigint(20) unsigned DEFAULT NULL,
  `quantidade` int(11) DEFAULT NULL,
  `preco_unitario` decimal(15,2) DEFAULT NULL,
  `valor_fechado` tinyint(1) NOT NULL DEFAULT 0,
  `custo_fornecedor` decimal(15,2) DEFAULT NULL,
  `valor_total` decimal(15,2) DEFAULT NULL,
  `tipo_movimentacao` varchar(255) DEFAULT NULL,
  `observacoes` text DEFAULT NULL,
  `gerar_conta_pagar` tinyint(1) NOT NULL DEFAULT 0,
  `conta_vencimento` date DEFAULT NULL,
  `conta_valor` decimal(15,2) DEFAULT NULL,
  `conta_parcelas` int(11) DEFAULT NULL,
  `created_at` timestamp NULL DEFAULT NULL,
  `updated_at` timestamp NULL DEFAULT NULL,
  `deleted_at` timestamp NULL DEFAULT NULL,
  PRIMARY KEY (`id_produto_terceiros_locacao`),
  KEY `produto_terceiros_locacao_id_empresa_index` (`id_empresa`),
  KEY `produto_terceiros_locacao_id_locacao_index` (`id_locacao`),
  KEY `produto_terceiros_locacao_id_produto_terceiro_index` (`id_produto_terceiro`),
  KEY `produto_terceiros_locacao_id_fornecedor_index` (`id_fornecedor`),
  KEY `produto_terceiros_locacao_id_sala_index` (`id_sala`),
  CONSTRAINT `produto_terceiros_locacao_id_empresa_foreign` FOREIGN KEY (`id_empresa`) REFERENCES `empresa` (`id_empresa`) ON DELETE SET NULL,
  CONSTRAINT `produto_terceiros_locacao_id_locacao_foreign` FOREIGN KEY (`id_locacao`) REFERENCES `locacao` (`id_locacao`) ON DELETE SET NULL,
  CONSTRAINT `produto_terceiros_locacao_id_produto_terceiro_foreign` FOREIGN KEY (`id_produto_terceiro`) REFERENCES `produtos_terceiros` (`id_produto_terceiro`) ON DELETE SET NULL,
  CONSTRAINT `produto_terceiros_locacao_id_sala_foreign` FOREIGN KEY (`id_sala`) REFERENCES `locacao_salas` (`id_sala`) ON DELETE SET NULL
) ENGINE=InnoDB AUTO_INCREMENT=5 DEFAULT CHARSET=utf8mb4 COLLATE=utf8mb4_unicode_ci;

--
-- Dumping data for table `produto_terceiros_locacao`
--

INSERT INTO `produto_terceiros_locacao` VALUES
(2,1,11,NULL,'Martelete 10KG',NULL,NULL,NULL,1,359.90,1,189.90,359.90,'entrega',NULL,1,'2026-03-30',189.90,1,'2026-03-17 17:02:42','2026-03-17 17:02:42',NULL),
(4,1,10,NULL,'Martelete 10KG',NULL,NULL,NULL,1,100.00,1,50.00,100.00,'entrega',NULL,1,'2026-03-25',50.00,2,'2026-03-17 17:08:32','2026-03-17 17:08:32',NULL);

--
-- Table structure for table `produtos`
--

CREATE TABLE `produtos` (
  `id_produto` bigint(20) unsigned NOT NULL AUTO_INCREMENT,
  `id_empresa` bigint(20) unsigned DEFAULT NULL,
  `id_marca` bigint(20) unsigned DEFAULT NULL,
  `id_grupo` bigint(20) unsigned DEFAULT NULL,
  `id_tipo` bigint(20) unsigned DEFAULT NULL,
  `unidade_medida_id` bigint(20) unsigned DEFAULT NULL,
  `id_modelo` bigint(20) unsigned DEFAULT NULL,
  `hex_color` varchar(255) DEFAULT NULL,
  `nome` varchar(255) DEFAULT NULL,
  `descricao` text DEFAULT NULL,
  `detalhes` text DEFAULT NULL,
  `preco` decimal(15,2) DEFAULT NULL,
  `preco_reposicao` decimal(15,2) DEFAULT NULL,
  `preco_custo` decimal(15,2) DEFAULT NULL,
  `preco_venda` decimal(15,2) DEFAULT NULL,
  `preco_locacao` decimal(15,2) DEFAULT NULL,
  `altura` decimal(15,2) DEFAULT NULL,
  `largura` decimal(15,2) DEFAULT NULL,
  `profundidade` decimal(15,2) DEFAULT NULL,
  `peso` decimal(15,2) DEFAULT NULL,
  `estoque_total` int(11) DEFAULT NULL,
  `quantidade` int(11) DEFAULT NULL,
  `codigo` varchar(255) DEFAULT NULL,
  `numero_serie` varchar(255) DEFAULT NULL,
  `status` varchar(255) DEFAULT NULL,
  `foto_url` varchar(255) DEFAULT NULL,
  `foto_filename` varchar(255) DEFAULT NULL,
  `created_at` timestamp NULL DEFAULT NULL,
  `updated_at` timestamp NULL DEFAULT NULL,
  `deleted_at` timestamp NULL DEFAULT NULL,
  PRIMARY KEY (`id_produto`),
  KEY `produtos_id_empresa_index` (`id_empresa`),
  KEY `produtos_id_marca_index` (`id_marca`),
  KEY `produtos_id_grupo_index` (`id_grupo`),
  KEY `produtos_id_tipo_index` (`id_tipo`),
  KEY `produtos_unidade_medida_id_index` (`unidade_medida_id`),
  KEY `produtos_id_modelo_index` (`id_modelo`),
  CONSTRAINT `produtos_id_empresa_foreign` FOREIGN KEY (`id_empresa`) REFERENCES `empresa` (`id_empresa`) ON DELETE SET NULL
) ENGINE=InnoDB AUTO_INCREMENT=4 DEFAULT CHARSET=utf8mb4 COLLATE=utf8mb4_unicode_ci;

--
-- Dumping data for table `produtos`
--

INSERT INTO `produtos` VALUES
(1,1,NULL,NULL,NULL,NULL,NULL,NULL,'Betoneira 500L',NULL,NULL,NULL,NULL,100.00,200.00,59.90,0.00,0.00,0.00,0.00,0,0,NULL,NULL,'ativo','https://api.gestornow.com/uploads/produtos/imagens/1/produtos_40104201_1_1_099da692.png','produtos_40104201_1_1_099da692.png','2026-03-11 15:28:06','2026-03-11 15:28:40',NULL),
(2,1,NULL,NULL,NULL,NULL,NULL,NULL,'Martelete Demolidor 30Kgs HM1812',NULL,NULL,NULL,NULL,800.00,1000.00,100.00,0.00,0.00,0.00,0.00,0,0,'5032',NULL,'ativo','https://api.gestornow.com/uploads/produtos/imagens/1/produtos_martelete_demolidor_30kgs_hm1810_220v_1168882_1_20160607125803_20160719110512_2_1_c193ce39.webp','produtos_martelete_demolidor_30kgs_hm1810_220v_1168882_1_20160607125803_20160719110512_2_1_c193ce39.webp','2026-03-11 20:25:17','2026-03-11 20:27:17',NULL),
(3,1,NULL,NULL,NULL,NULL,NULL,NULL,'Andaime 1x2m','1x2m',NULL,NULL,NULL,25.00,40.00,10.00,100.00,200.00,0.00,12.00,200,160,'1458',NULL,'ativo','https://api.gestornow.com/uploads/produtos/imagens/1/produtos_acessorios-para-andaimes-em-pinheiros_3_1_524406ef.jpg','produtos_acessorios-para-andaimes-em-pinheiros_3_1_524406ef.jpg','2026-03-11 20:31:55','2026-03-13 19:04:37',NULL);

--
-- Table structure for table `produtos_terceiros`
--

CREATE TABLE `produtos_terceiros` (
  `id_produto_terceiro` bigint(20) unsigned NOT NULL AUTO_INCREMENT,
  `id_empresa` bigint(20) unsigned DEFAULT NULL,
  `id_fornecedor` bigint(20) unsigned DEFAULT NULL,
  `nome` varchar(255) DEFAULT NULL,
  `descricao` text DEFAULT NULL,
  `codigo` varchar(255) DEFAULT NULL,
  `custo_diaria` decimal(15,2) DEFAULT NULL,
  `preco_locacao` decimal(15,2) DEFAULT NULL,
  `foto_url` varchar(255) DEFAULT NULL,
  `status` varchar(255) DEFAULT NULL,
  `created_at` timestamp NULL DEFAULT NULL,
  `updated_at` timestamp NULL DEFAULT NULL,
  `deleted_at` timestamp NULL DEFAULT NULL,
  PRIMARY KEY (`id_produto_terceiro`),
  KEY `produtos_terceiros_id_empresa_index` (`id_empresa`),
  KEY `produtos_terceiros_id_fornecedor_index` (`id_fornecedor`),
  CONSTRAINT `produtos_terceiros_id_empresa_foreign` FOREIGN KEY (`id_empresa`) REFERENCES `empresa` (`id_empresa`) ON DELETE SET NULL
) ENGINE=InnoDB DEFAULT CHARSET=utf8mb4 COLLATE=utf8mb4_unicode_ci;

--
-- Dumping data for table `produtos_terceiros`
--


--
-- Table structure for table `produtos_venda`
--

CREATE TABLE `produtos_venda` (
  `id_produto_venda` bigint(20) unsigned NOT NULL AUTO_INCREMENT,
  `id_empresa` bigint(20) unsigned DEFAULT NULL,
  `id_marca` bigint(20) unsigned DEFAULT NULL,
  `id_grupo` bigint(20) unsigned DEFAULT NULL,
  `id_tipo` bigint(20) unsigned DEFAULT NULL,
  `unidade_medida_id` bigint(20) unsigned DEFAULT NULL,
  `id_modelo` bigint(20) unsigned DEFAULT NULL,
  `hex_color` varchar(255) DEFAULT NULL,
  `nome` varchar(255) DEFAULT NULL,
  `descricao` text DEFAULT NULL,
  `detalhes` text DEFAULT NULL,
  `preco` decimal(15,2) DEFAULT NULL,
  `preco_reposicao` decimal(15,2) DEFAULT NULL,
  `preco_custo` decimal(15,2) DEFAULT NULL,
  `preco_venda` decimal(15,2) DEFAULT NULL,
  `preco_locacao` decimal(15,2) DEFAULT NULL,
  `altura` decimal(15,2) DEFAULT NULL,
  `largura` decimal(15,2) DEFAULT NULL,
  `profundidade` decimal(15,2) DEFAULT NULL,
  `peso` decimal(15,2) DEFAULT NULL,
  `estoque_total` int(11) DEFAULT NULL,
  `quantidade` int(11) DEFAULT NULL,
  `codigo` varchar(255) DEFAULT NULL,
  `numero_serie` varchar(255) DEFAULT NULL,
  `status` varchar(255) DEFAULT NULL,
  `foto_url` varchar(255) DEFAULT NULL,
  `foto_filename` varchar(255) DEFAULT NULL,
  `created_at` timestamp NULL DEFAULT NULL,
  `updated_at` timestamp NULL DEFAULT NULL,
  `deleted_at` timestamp NULL DEFAULT NULL,
  PRIMARY KEY (`id_produto_venda`),
  KEY `produtos_venda_id_empresa_index` (`id_empresa`),
  KEY `produtos_venda_id_marca_index` (`id_marca`),
  KEY `produtos_venda_id_grupo_index` (`id_grupo`),
  KEY `produtos_venda_id_tipo_index` (`id_tipo`),
  KEY `produtos_venda_unidade_medida_id_index` (`unidade_medida_id`),
  KEY `produtos_venda_id_modelo_index` (`id_modelo`),
  CONSTRAINT `produtos_venda_id_empresa_foreign` FOREIGN KEY (`id_empresa`) REFERENCES `empresa` (`id_empresa`) ON DELETE SET NULL
) ENGINE=InnoDB AUTO_INCREMENT=2 DEFAULT CHARSET=utf8mb4 COLLATE=utf8mb4_unicode_ci;

--
-- Dumping data for table `produtos_venda`
--

INSERT INTO `produtos_venda` VALUES
(1,1,NULL,NULL,NULL,NULL,NULL,NULL,'Disco de corte',NULL,NULL,0.00,0.00,500.00,25.00,0.00,0.00,0.00,0.00,0.00,100,98,'354',NULL,'ativo',NULL,NULL,'2026-03-13 19:22:31','2026-03-13 19:23:25',NULL);

--
-- Table structure for table `registro_atividades`
--

CREATE TABLE `registro_atividades` (
  `id_registro` bigint(20) unsigned NOT NULL AUTO_INCREMENT,
  `id_empresa` bigint(20) unsigned DEFAULT NULL,
  `id_usuario` bigint(20) unsigned DEFAULT NULL,
  `nome_responsavel` varchar(255) DEFAULT NULL,
  `email_responsavel` varchar(255) DEFAULT NULL,
  `acao` varchar(255) DEFAULT NULL,
  `descricao` text DEFAULT NULL,
  `entidade_tipo` varchar(255) DEFAULT NULL,
  `entidade_id` bigint(20) unsigned DEFAULT NULL,
  `entidade_label` varchar(255) DEFAULT NULL,
  `valor` decimal(15,2) DEFAULT NULL,
  `contexto` longtext CHARACTER SET utf8mb4 COLLATE utf8mb4_bin DEFAULT NULL CHECK (json_valid(`contexto`)),
  `antes` longtext CHARACTER SET utf8mb4 COLLATE utf8mb4_bin DEFAULT NULL CHECK (json_valid(`antes`)),
  `depois` longtext CHARACTER SET utf8mb4 COLLATE utf8mb4_bin DEFAULT NULL CHECK (json_valid(`depois`)),
  `ip` varchar(255) DEFAULT NULL,
  `origem` varchar(255) DEFAULT NULL,
  `icone` varchar(255) DEFAULT NULL,
  `cor` varchar(255) DEFAULT NULL,
  `tags` longtext CHARACTER SET utf8mb4 COLLATE utf8mb4_bin DEFAULT NULL CHECK (json_valid(`tags`)),
  `ocorrido_em` datetime DEFAULT NULL,
  PRIMARY KEY (`id_registro`),
  KEY `registro_atividades_id_empresa_index` (`id_empresa`),
  KEY `registro_atividades_id_usuario_index` (`id_usuario`),
  KEY `registro_atividades_entidade_id_index` (`entidade_id`),
  CONSTRAINT `registro_atividades_id_usuario_foreign` FOREIGN KEY (`id_usuario`) REFERENCES `usuarios` (`id_usuario`) ON DELETE SET NULL
) ENGINE=InnoDB AUTO_INCREMENT=226 DEFAULT CHARSET=utf8mb4 COLLATE=utf8mb4_unicode_ci;

--
-- Dumping data for table `registro_atividades`
--

INSERT INTO `registro_atividades` VALUES
(1,1,NULL,NULL,NULL,'empresa.criada','Criou empresa GestorNow Tecnologia Inova Simples (I.S) com status Em Validacao','Empresa',1,'Empresa GestorNow Tecnologia Inova Simples (I.S) - Em Validacao - CNPJ 64904128000162',NULL,'{\"evento\":\"created\"}',NULL,'{\"status\":\"validacao\",\"dados_cadastrais\":\"pendente\",\"filial\":\"Unica\",\"codigo\":1,\"c_produtos\":\"S\",\"c_clientes\":\"S\",\"c_fornecedores\":\"S\",\"razao_social\":\"GestorNow Tecnologia Inova Simples (I.S)\",\"nome_empresa\":\"GestorNow Tecnologia Inova Simples (I.S)\",\"cnpj\":\"[OCULTO]\",\"email\":\"[OCULTO]\",\"updated_at\":\"2026-03-11 10:53:12\",\"created_at\":\"2026-03-11 10:53:12\",\"id_empresa\":1}','179.125.133.126','web','building-2','verde','[\"empresa\",\"configuracoes\",\"billing\",\"onboarding\",\"cadastro\"]','2026-03-11 10:53:12'),
(2,1,NULL,NULL,NULL,'empresa.editada','Editou dados da empresa GestorNow Tecnologia Inova Simples (I.S)','Empresa',1,'Empresa GestorNow Tecnologia Inova Simples (I.S) - Em Teste - CNPJ 64904128000162',NULL,'{\"evento\":\"updated\",\"campos_alterados\":[\"status\",\"data_fim_teste\",\"id_plano_teste\",\"dados_cadastrais\"]}','{\"status\":\"validacao\",\"data_fim_teste\":null,\"id_plano_teste\":null,\"dados_cadastrais\":\"pendente\"}','{\"status\":\"teste\",\"data_fim_teste\":\"2026-03-16T13:58:05.000000Z\",\"id_plano_teste\":2,\"dados_cadastrais\":\"completo\"}','179.125.133.126','web','edit','amarelo','[\"empresa\",\"configuracoes\",\"billing\",\"onboarding\",\"edicao\"]','2026-03-11 10:58:05'),
(3,2,NULL,NULL,NULL,'empresa.criada','Criou empresa Black Rabbit Security com status Em Validacao','Empresa',2,'Empresa Black Rabbit Security - Em Validacao - CNPJ 12345678000190',NULL,'{\"evento\":\"created\"}',NULL,'{\"status\":\"validacao\",\"dados_cadastrais\":\"pendente\",\"filial\":\"Unica\",\"codigo\":2,\"c_produtos\":\"S\",\"c_clientes\":\"S\",\"c_fornecedores\":\"S\",\"razao_social\":\"Black Rabbit Security\",\"nome_empresa\":\"Black Rabbit Security\",\"cnpj\":\"[OCULTO]\",\"email\":\"[OCULTO]\",\"updated_at\":\"2026-03-11 12:58:50\",\"created_at\":\"2026-03-11 12:58:50\",\"id_empresa\":2}','212.102.61.139','web','building-2','verde','[\"empresa\",\"configuracoes\",\"billing\",\"onboarding\",\"cadastro\"]','2026-03-11 12:58:50'),
(4,2,NULL,NULL,NULL,'empresa.editada','Editou dados da empresa Black Rabbit Security','Empresa',2,'Empresa Black Rabbit Security - Em Teste - CNPJ 12345678000190',NULL,'{\"evento\":\"updated\",\"campos_alterados\":[\"status\",\"data_fim_teste\",\"id_plano_teste\",\"dados_cadastrais\"]}','{\"status\":\"validacao\",\"data_fim_teste\":null,\"id_plano_teste\":null,\"dados_cadastrais\":\"pendente\"}','{\"status\":\"teste\",\"data_fim_teste\":\"2026-03-16T15:59:45.000000Z\",\"id_plano_teste\":2,\"dados_cadastrais\":\"completo\"}','212.102.61.139','web','edit','amarelo','[\"empresa\",\"configuracoes\",\"billing\",\"onboarding\",\"edicao\"]','2026-03-11 12:59:45'),
(5,1,1,'GestorNow','gestornow0@gmail.com','empresa.editada','Editou dados da empresa GestorNow Tecnologia Inova Simples (I.S)','Empresa',1,'Empresa GestorNow Tecnologia Inova Simples (I.S) - Ativo - CNPJ 64904128000162',NULL,'{\"evento\":\"updated\",\"campos_alterados\":[\"status\",\"data_fim_teste\"]}','{\"status\":\"teste\",\"data_fim_teste\":\"2026-03-16T13:58:05.000000Z\"}','{\"status\":\"ativo\",\"data_fim_teste\":null}','212.102.61.139','web','edit','amarelo','[\"empresa\",\"configuracoes\",\"billing\",\"onboarding\",\"edicao\"]','2026-03-11 13:13:56'),
(6,1,1,'GestorNow','gestornow0@gmail.com','empresa.editada','Editou dados da empresa GestorNow Tecnologia Inova Simples (I.S)','Empresa',1,'Empresa GestorNow Tecnologia Inova Simples (I.S) - Ativo - CNPJ 64904128000162',NULL,'{\"evento\":\"updated\",\"campos_alterados\":[\"cpf\",\"endereco\",\"numero\",\"bairro\",\"cidade\",\"uf\",\"cep\",\"telefone\"]}','{\"cpf\":\"[OCULTO]\",\"endereco\":null,\"numero\":null,\"bairro\":null,\"cidade\":null,\"uf\":null,\"cep\":null,\"telefone\":\"[OCULTO]\"}','{\"cpf\":\"[OCULTO]\",\"endereco\":\"RUA OUVIDOR PELEJA\",\"numero\":\"611\",\"bairro\":\"VILA MARIANA\",\"cidade\":\"S\\u00e3o Paulo\",\"uf\":\"SP\",\"cep\":\"04128001\",\"telefone\":\"[OCULTO]\"}','2804:868:d054:7615:e873:744b:2056:7cc7','web','edit','amarelo','[\"empresa\",\"configuracoes\",\"billing\",\"onboarding\",\"edicao\"]','2026-03-11 14:37:49'),
(7,1,1,'GestorNow','gestornow0@gmail.com','empresa.onboarding_dados_atualizados','Atualizou dados cadastrais no onboarding da empresa GestorNow Tecnologia Inova Simples (I.S)','Empresa',1,'Empresa GestorNow Tecnologia Inova Simples (I.S) - Ativo - CNPJ 64904128000162',NULL,'{\"evento\":\"onboarding_dados_atualizados\"}',NULL,NULL,'2804:868:d054:7615:e873:744b:2056:7cc7','web','clipboard-check','azul','[\"empresa\",\"configuracoes\",\"billing\",\"onboarding\",\"cadastro\"]','2026-03-11 14:37:49'),
(8,1,1,'GestorNow','gestornow0@gmail.com','empresa.editada','Editou dados da empresa GestorNow Tecnologia Inova Simples (I.S)','Empresa',1,'Empresa GestorNow Tecnologia Inova Simples (I.S) - Ativo - CNPJ 64904128000162',NULL,'{\"evento\":\"updated\",\"campos_alterados\":[\"configuracoes\",\"orcamentos_contratos\",\"locacao_numero_manual\"]}','{\"configuracoes\":null,\"orcamentos_contratos\":null,\"locacao_numero_manual\":null}','{\"configuracoes\":{\"logo_url\":\"https:\\/\\/nowgestor.gestornow.com\\/assets\\/logos-empresa\\/logo_empresa_1_1773250786.jpeg\",\"logo_updated_at\":\"2026-03-11 14:39:46\"},\"orcamentos_contratos\":0,\"locacao_numero_manual\":0}','2804:868:d054:7615:e873:744b:2056:7cc7','web','edit','amarelo','[\"empresa\",\"configuracoes\",\"billing\",\"onboarding\",\"edicao\"]','2026-03-11 14:39:46'),
(9,1,1,'GestorNow','gestornow0@gmail.com','empresa.configuracoes_atualizadas','Atualizou configuracoes da empresa GestorNow Tecnologia Inova Simples (I.S)','Empresa',1,'Empresa GestorNow Tecnologia Inova Simples (I.S) - Ativo - CNPJ 64904128000162',NULL,'{\"evento\":\"configuracoes_atualizadas\"}',NULL,NULL,'2804:868:d054:7615:e873:744b:2056:7cc7','web','settings','azul-claro','[\"empresa\",\"configuracoes\",\"billing\",\"onboarding\"]','2026-03-11 14:39:46'),
(10,3,NULL,NULL,NULL,'empresa.criada','Criou empresa Teste com status Em Validacao','Empresa',3,'Empresa Teste - Em Validacao - CNPJ 25360508000121',NULL,'{\"evento\":\"created\"}',NULL,'{\"status\":\"validacao\",\"dados_cadastrais\":\"pendente\",\"filial\":\"Unica\",\"codigo\":2,\"c_produtos\":\"S\",\"c_clientes\":\"S\",\"c_fornecedores\":\"S\",\"razao_social\":\"Teste\",\"nome_empresa\":\"Teste\",\"cnpj\":\"[OCULTO]\",\"email\":\"[OCULTO]\",\"updated_at\":\"2026-03-11 15:14:27\",\"created_at\":\"2026-03-11 15:14:27\",\"id_empresa\":3}','2804:868:d054:7615:e873:744b:2056:7cc7','web','building-2','verde','[\"empresa\",\"configuracoes\",\"billing\",\"onboarding\",\"cadastro\"]','2026-03-11 15:14:27'),
(11,3,NULL,NULL,NULL,'empresa.editada','Editou dados da empresa Teste','Empresa',3,'Empresa Teste - Em Teste - CNPJ 25360508000121',NULL,'{\"evento\":\"updated\",\"campos_alterados\":[\"status\",\"data_fim_teste\",\"id_plano_teste\",\"dados_cadastrais\"]}','{\"status\":\"validacao\",\"data_fim_teste\":null,\"id_plano_teste\":null,\"dados_cadastrais\":\"pendente\"}','{\"status\":\"teste\",\"data_fim_teste\":\"2026-03-16T18:14:58.000000Z\",\"id_plano_teste\":2,\"dados_cadastrais\":\"completo\"}','2804:868:d054:7615:e873:744b:2056:7cc7','web','edit','amarelo','[\"empresa\",\"configuracoes\",\"billing\",\"onboarding\",\"edicao\"]','2026-03-11 15:14:58'),
(12,1,1,'GestorNow','gestornow0@gmail.com','produto.criado','Cadastrou o produto Betoneira 500L','produto',1,'Betoneira 500L',200.00,'{\"evento\":\"created\"}',NULL,'{\"nome\":\"Betoneira 500L\",\"codigo\":null,\"numero_serie\":null,\"descricao\":null,\"detalhes\":null,\"preco_custo\":\"100.00\",\"preco_venda\":\"200.00\",\"preco_locacao\":\"59.90\",\"status\":\"ativo\",\"altura\":\"0.00\",\"largura\":\"0.00\",\"profundidade\":\"0.00\",\"peso\":\"0.00\",\"id_empresa\":1,\"updated_at\":\"2026-03-11 15:28:06\",\"created_at\":\"2026-03-11 15:28:06\",\"id_produto\":1}','2804:868:d054:7615:e873:744b:2056:7cc7','web','package-plus','verde','[\"produtos\",\"estoque\",\"novo_cadastro\"]','2026-03-11 15:28:06'),
(13,1,1,'GestorNow','gestornow0@gmail.com','produto.editado','Editou o produto Betoneira 500L','produto',1,'Betoneira 500L',200.00,'{\"evento\":\"updated\",\"campos_alterados\":[\"foto_url\",\"foto_filename\"]}','{\"foto_url\":\"[OCULTO]\",\"foto_filename\":\"[OCULTO]\"}','{\"foto_url\":\"[OCULTO]\",\"foto_filename\":\"[OCULTO]\"}','2804:868:d054:7615:e873:744b:2056:7cc7','web','package','amarelo','[\"produtos\",\"estoque\",\"edicao\"]','2026-03-11 15:28:28'),
(14,1,1,'GestorNow','gestornow0@gmail.com','produto.editado','Editou o produto Betoneira 500L','produto',1,'Betoneira 500L',200.00,'{\"evento\":\"updated\",\"campos_alterados\":[\"estoque_total\",\"quantidade\"]}','{\"estoque_total\":null,\"quantidade\":null}','{\"estoque_total\":0,\"quantidade\":0}','2804:868:d054:7615:e873:744b:2056:7cc7','web','package','amarelo','[\"produtos\",\"estoque\",\"edicao\"]','2026-03-11 15:28:40'),
(15,1,1,'GestorNow','gestornow0@gmail.com','patrimonio.criado','Registrou patrimonio #1 (S/N: 001) do produto Betoneira 500L','Patrimonio',1,'Patrimonio #1 (S/N: 001) - Betoneira 500L',NULL,'{\"evento\":\"created\"}',NULL,'{\"id_empresa\":1,\"id_produto\":\"1\",\"numero_serie\":\"001\",\"status\":\"Ativo\",\"status_locacao\":\"Disponivel\",\"observacoes\":null,\"updated_at\":\"2026-03-11 15:28:40\",\"created_at\":\"2026-03-11 15:28:40\",\"id_patrimonio\":1}','2804:868:d054:7615:e873:744b:2056:7cc7','web','box','verde','[\"patrimonios\",\"estoque\",\"novo_cadastro\"]','2026-03-11 15:28:40'),
(16,1,1,'GestorNow','gestornow0@gmail.com','patrimonio.criado','Registrou patrimonio #2 (S/N: 002) do produto Betoneira 500L','Patrimonio',2,'Patrimonio #2 (S/N: 002) - Betoneira 500L',NULL,'{\"evento\":\"created\"}',NULL,'{\"id_empresa\":1,\"id_produto\":\"1\",\"numero_serie\":\"002\",\"status\":\"Ativo\",\"status_locacao\":\"Disponivel\",\"observacoes\":null,\"updated_at\":\"2026-03-11 15:28:40\",\"created_at\":\"2026-03-11 15:28:40\",\"id_patrimonio\":2}','2804:868:d054:7615:e873:744b:2056:7cc7','web','box','verde','[\"patrimonios\",\"estoque\",\"novo_cadastro\"]','2026-03-11 15:28:40'),
(17,1,1,'GestorNow','gestornow0@gmail.com','patrimonio.criado','Registrou patrimonio #3 (S/N: 003) do produto Betoneira 500L','Patrimonio',3,'Patrimonio #3 (S/N: 003) - Betoneira 500L',NULL,'{\"evento\":\"created\"}',NULL,'{\"id_empresa\":1,\"id_produto\":\"1\",\"numero_serie\":\"003\",\"status\":\"Ativo\",\"status_locacao\":\"Disponivel\",\"observacoes\":null,\"updated_at\":\"2026-03-11 15:28:40\",\"created_at\":\"2026-03-11 15:28:40\",\"id_patrimonio\":3}','2804:868:d054:7615:e873:744b:2056:7cc7','web','box','verde','[\"patrimonios\",\"estoque\",\"novo_cadastro\"]','2026-03-11 15:28:40'),
(18,1,1,'GestorNow','gestornow0@gmail.com','patrimonio.criado','Registrou patrimonio #4 (S/N: 004) do produto Betoneira 500L','Patrimonio',4,'Patrimonio #4 (S/N: 004) - Betoneira 500L',NULL,'{\"evento\":\"created\"}',NULL,'{\"id_empresa\":1,\"id_produto\":\"1\",\"numero_serie\":\"004\",\"status\":\"Ativo\",\"status_locacao\":\"Disponivel\",\"observacoes\":null,\"updated_at\":\"2026-03-11 15:28:40\",\"created_at\":\"2026-03-11 15:28:40\",\"id_patrimonio\":4}','2804:868:d054:7615:e873:744b:2056:7cc7','web','box','verde','[\"patrimonios\",\"estoque\",\"novo_cadastro\"]','2026-03-11 15:28:40'),
(19,1,1,'GestorNow','gestornow0@gmail.com','patrimonio.criado','Registrou patrimonio #5 (S/N: 005) do produto Betoneira 500L','Patrimonio',5,'Patrimonio #5 (S/N: 005) - Betoneira 500L',NULL,'{\"evento\":\"created\"}',NULL,'{\"id_empresa\":1,\"id_produto\":\"1\",\"numero_serie\":\"005\",\"status\":\"Ativo\",\"status_locacao\":\"Disponivel\",\"observacoes\":null,\"updated_at\":\"2026-03-11 15:28:40\",\"created_at\":\"2026-03-11 15:28:40\",\"id_patrimonio\":5}','2804:868:d054:7615:e873:744b:2056:7cc7','web','box','verde','[\"patrimonios\",\"estoque\",\"novo_cadastro\"]','2026-03-11 15:28:40'),
(20,1,1,'GestorNow','gestornow0@gmail.com','patrimonio.criado','Registrou patrimonio #6 (S/N: 006) do produto Betoneira 500L','Patrimonio',6,'Patrimonio #6 (S/N: 006) - Betoneira 500L',NULL,'{\"evento\":\"created\"}',NULL,'{\"id_empresa\":1,\"id_produto\":\"1\",\"numero_serie\":\"006\",\"status\":\"Ativo\",\"status_locacao\":\"Disponivel\",\"observacoes\":null,\"updated_at\":\"2026-03-11 15:28:40\",\"created_at\":\"2026-03-11 15:28:40\",\"id_patrimonio\":6}','2804:868:d054:7615:e873:744b:2056:7cc7','web','box','verde','[\"patrimonios\",\"estoque\",\"novo_cadastro\"]','2026-03-11 15:28:40'),
(21,1,1,'GestorNow','gestornow0@gmail.com','patrimonio.criado','Registrou patrimonio #7 (S/N: 007) do produto Betoneira 500L','Patrimonio',7,'Patrimonio #7 (S/N: 007) - Betoneira 500L',NULL,'{\"evento\":\"created\"}',NULL,'{\"id_empresa\":1,\"id_produto\":\"1\",\"numero_serie\":\"007\",\"status\":\"Ativo\",\"status_locacao\":\"Disponivel\",\"observacoes\":null,\"updated_at\":\"2026-03-11 15:28:40\",\"created_at\":\"2026-03-11 15:28:40\",\"id_patrimonio\":7}','2804:868:d054:7615:e873:744b:2056:7cc7','web','box','verde','[\"patrimonios\",\"estoque\",\"novo_cadastro\"]','2026-03-11 15:28:40'),
(22,1,1,'GestorNow','gestornow0@gmail.com','patrimonio.criado','Registrou patrimonio #8 (S/N: 008) do produto Betoneira 500L','Patrimonio',8,'Patrimonio #8 (S/N: 008) - Betoneira 500L',NULL,'{\"evento\":\"created\"}',NULL,'{\"id_empresa\":1,\"id_produto\":\"1\",\"numero_serie\":\"008\",\"status\":\"Ativo\",\"status_locacao\":\"Disponivel\",\"observacoes\":null,\"updated_at\":\"2026-03-11 15:28:40\",\"created_at\":\"2026-03-11 15:28:40\",\"id_patrimonio\":8}','2804:868:d054:7615:e873:744b:2056:7cc7','web','box','verde','[\"patrimonios\",\"estoque\",\"novo_cadastro\"]','2026-03-11 15:28:40'),
(23,1,1,'GestorNow','gestornow0@gmail.com','patrimonio.criado','Registrou patrimonio #9 (S/N: 009) do produto Betoneira 500L','Patrimonio',9,'Patrimonio #9 (S/N: 009) - Betoneira 500L',NULL,'{\"evento\":\"created\"}',NULL,'{\"id_empresa\":1,\"id_produto\":\"1\",\"numero_serie\":\"009\",\"status\":\"Ativo\",\"status_locacao\":\"Disponivel\",\"observacoes\":null,\"updated_at\":\"2026-03-11 15:28:40\",\"created_at\":\"2026-03-11 15:28:40\",\"id_patrimonio\":9}','2804:868:d054:7615:e873:744b:2056:7cc7','web','box','verde','[\"patrimonios\",\"estoque\",\"novo_cadastro\"]','2026-03-11 15:28:40'),
(24,1,1,'GestorNow','gestornow0@gmail.com','patrimonio.criado','Registrou patrimonio #10 (S/N: 010) do produto Betoneira 500L','Patrimonio',10,'Patrimonio #10 (S/N: 010) - Betoneira 500L',NULL,'{\"evento\":\"created\"}',NULL,'{\"id_empresa\":1,\"id_produto\":\"1\",\"numero_serie\":\"010\",\"status\":\"Ativo\",\"status_locacao\":\"Disponivel\",\"observacoes\":null,\"updated_at\":\"2026-03-11 15:28:40\",\"created_at\":\"2026-03-11 15:28:40\",\"id_patrimonio\":10}','2804:868:d054:7615:e873:744b:2056:7cc7','web','box','verde','[\"patrimonios\",\"estoque\",\"novo_cadastro\"]','2026-03-11 15:28:40'),
(25,1,1,'GestorNow','gestornow0@gmail.com','tabela_precos.criada','Criou tabela de precos \'Tabela Betoneira\' para o produto Betoneira 500L','TabelaPreco',1,'Tabela \'Tabela Betoneira\' - Produto: Betoneira 500L',NULL,'{\"evento\":\"created\"}',NULL,'{\"id_produto\":\"1\",\"nome\":\"Tabela Betoneira\",\"d1\":59.9,\"d2\":null,\"d3\":null,\"d4\":null,\"d5\":289.9,\"d6\":null,\"d7\":null,\"d8\":null,\"d9\":null,\"d10\":null,\"d11\":null,\"d12\":null,\"d13\":null,\"d14\":null,\"d15\":null,\"d16\":null,\"d17\":null,\"d18\":null,\"d19\":null,\"d20\":null,\"d21\":null,\"d22\":null,\"d23\":null,\"d24\":null,\"d25\":null,\"d26\":null,\"d27\":null,\"d28\":null,\"d29\":null,\"d30\":null,\"d60\":null,\"d120\":null,\"d360\":null,\"id_empresa\":1,\"updated_at\":\"2026-03-11 15:29:19\",\"created_at\":\"2026-03-11 15:29:19\",\"id_tabela\":1}','2804:868:d054:7615:e873:744b:2056:7cc7','web','grid','verde','[\"tabela_precos\",\"produtos\",\"financeiro\",\"novo_cadastro\"]','2026-03-11 15:29:19'),
(26,1,1,'GestorNow','gestornow0@gmail.com','cliente.criado','Cadastrou o cliente PRIME VIDEO LTDA','cliente',1,'PRIME VIDEO LTDA (***0104)',NULL,'{\"evento\":\"created\"}',NULL,'{\"id_empresa\":1,\"nome\":\"PRIME VIDEO LTDA\",\"cpf_cnpj\":\"68.634.245\\/0001-04\",\"email\":null,\"telefone\":null,\"cep\":\"20751000\",\"endereco\":\"AVENIDA SUBURBANA\",\"numero\":\"7471\",\"complemento\":\"SALA 201 PARTE\",\"bairro\":\"ABOLICAO\",\"rg_ie\":null,\"razao_social\":null,\"data_nascimento\":null,\"status\":\"ativo\",\"id_tipo_pessoa\":\"2\",\"endereco_entrega\":null,\"numero_entrega\":null,\"complemento_entrega\":null,\"cep_entrega\":null,\"updated_at\":\"2026-03-11 15:31:28\",\"created_at\":\"2026-03-11 15:31:28\",\"id_clientes\":1}','2804:868:d054:7615:e873:744b:2056:7cc7','web','user-plus','verde','[\"clientes\",\"cadastro\",\"novo_cadastro\"]','2026-03-11 15:31:28'),
(27,1,1,'GestorNow','gestornow0@gmail.com','locacao.criada','Criou locacao #001 para PRIME VIDEO LTDA - R$ 0,00','Locacao',1,'Contrato #001 - PRIME VIDEO LTDA - R$ 0,00',NULL,'{\"evento\":\"created\"}',NULL,'{\"id_empresa\":1,\"id_cliente\":\"1\",\"id_usuario\":4,\"numero_contrato\":\"001\",\"data_inicio\":\"2026-03-11 00:00:00\",\"hora_inicio\":\"08:00\",\"data_fim\":\"2026-03-15 00:00:00\",\"hora_fim\":\"18:00\",\"quantidade_dias\":5,\"data_transporte_ida\":null,\"hora_transporte_ida\":null,\"data_transporte_volta\":null,\"hora_transporte_volta\":null,\"local_entrega\":\"AVENIDA SUBURBANA, 7471, SALA 201 PARTE, ABOLICAO, CEP 20751000\",\"local_retirada\":null,\"contato_responsavel\":null,\"telefone_responsavel\":null,\"nome_obra\":null,\"contato_local\":null,\"telefone_contato\":null,\"local_evento\":null,\"endereco_entrega\":null,\"cidade\":null,\"estado\":null,\"cep\":null,\"valor_frete\":0,\"valor_despesas_extras\":0,\"valor_desconto\":0,\"valor_acrescimo\":0,\"valor_imposto\":0,\"status\":\"aprovado\",\"observacoes\":null,\"responsavel\":null,\"observacoes_recibo\":null,\"observacoes_entrega\":null,\"observacoes_checklist\":null,\"numero_orcamento\":1,\"renovacao_automatica\":false,\"locacao_por_hora\":false,\"valor_limite_medicao\":0,\"numero_orcamento_origem\":1,\"updated_at\":\"2026-03-11 15:32:39\",\"created_at\":\"2026-03-11 15:32:39\",\"id_locacao\":1}','2804:868:d054:7615:e873:744b:2056:7cc7','web','file-plus','verde','[\"locacao\",\"contratos\",\"novo_contrato\"]','2026-03-11 15:32:39'),
(28,1,1,'GestorNow','gestornow0@gmail.com','locacao_produto.adicionado','Adicionou 1x Betoneira 500L na locacao #001 - R$ 59,90/un - Total: R$ 59,90','LocacaoProduto',1,'Produto Betoneira 500L (x1) - Contrato #001',59.90,'{\"evento\":\"created\"}',NULL,'{\"id_empresa\":1,\"id_locacao\":1,\"id_produto\":\"1\",\"id_sala\":null,\"id_tabela_preco\":null,\"preco_unitario\":\"59.90\",\"data_inicio\":\"2026-03-11 00:00:00\",\"hora_inicio\":\"08:00\",\"data_fim\":\"2026-03-15 00:00:00\",\"hora_fim\":\"18:00\",\"data_contrato\":\"2026-03-11 00:00:00\",\"data_contrato_fim\":\"2026-03-15 00:00:00\",\"hora_contrato\":\"08:00\",\"hora_contrato_fim\":\"18:00\",\"tipo_cobranca\":\"diaria\",\"tipo_movimentacao\":\"entrega\",\"observacoes\":null,\"valor_fechado\":0,\"status_retorno\":\"pendente\",\"estoque_status\":0,\"id_patrimonio\":\"1\",\"quantidade\":1,\"preco_total\":59.9,\"updated_at\":\"2026-03-11 15:32:39\",\"created_at\":\"2026-03-11 15:32:39\",\"id_produto_locacao\":1}','2804:868:d054:7615:e873:744b:2056:7cc7','web','package-plus','verde','[\"locacao\",\"produtos\",\"estoque\",\"item_adicionado\"]','2026-03-11 15:32:39'),
(29,1,1,'GestorNow','gestornow0@gmail.com','locacao_produto.adicionado','Adicionou 1x Betoneira 500L na locacao #001 - R$ 59,90/un - Total: R$ 59,90','LocacaoProduto',2,'Produto Betoneira 500L (x1) - Contrato #001',59.90,'{\"evento\":\"created\"}',NULL,'{\"id_empresa\":1,\"id_locacao\":1,\"id_produto\":\"1\",\"id_sala\":null,\"id_tabela_preco\":null,\"preco_unitario\":\"59.90\",\"data_inicio\":\"2026-03-11 00:00:00\",\"hora_inicio\":\"08:00\",\"data_fim\":\"2026-03-15 00:00:00\",\"hora_fim\":\"18:00\",\"data_contrato\":\"2026-03-11 00:00:00\",\"data_contrato_fim\":\"2026-03-15 00:00:00\",\"hora_contrato\":\"08:00\",\"hora_contrato_fim\":\"18:00\",\"tipo_cobranca\":\"diaria\",\"tipo_movimentacao\":\"entrega\",\"observacoes\":null,\"valor_fechado\":0,\"status_retorno\":\"pendente\",\"estoque_status\":0,\"id_patrimonio\":\"2\",\"quantidade\":1,\"preco_total\":59.9,\"updated_at\":\"2026-03-11 15:32:39\",\"created_at\":\"2026-03-11 15:32:39\",\"id_produto_locacao\":2}','2804:868:d054:7615:e873:744b:2056:7cc7','web','package-plus','verde','[\"locacao\",\"produtos\",\"estoque\",\"item_adicionado\"]','2026-03-11 15:32:39'),
(30,1,1,'GestorNow','gestornow0@gmail.com','locacao.editada','Editou locacao #001 - PRIME VIDEO LTDA - valores alterados','Locacao',1,'Contrato #001 - PRIME VIDEO LTDA - R$ 599,00',599.00,'{\"evento\":\"updated\",\"campos_alterados\":[\"valor_total\",\"valor_final\"]}','{\"valor_total\":null,\"valor_final\":null}','{\"valor_total\":\"599.00\",\"valor_final\":\"599.00\"}','2804:868:d054:7615:e873:744b:2056:7cc7','web','edit','amarelo','[\"locacao\",\"contratos\",\"edicao\"]','2026-03-11 15:32:39'),
(31,1,1,'GestorNow','gestornow0@gmail.com','patrimonio.editado','Editou patrimonio #1 (S/N: 001) do produto Betoneira 500L','Patrimonio',1,'Patrimonio #1 (S/N: 001) - Betoneira 500L',NULL,'{\"evento\":\"updated\",\"campos_alterados\":[\"status_locacao\"]}','{\"status_locacao\":\"Disponivel\"}','{\"status_locacao\":\"Locado\"}','2804:868:d054:7615:e873:744b:2056:7cc7','web','box','amarelo','[\"patrimonios\",\"estoque\",\"edicao\"]','2026-03-11 15:32:39'),
(32,1,1,'GestorNow','gestornow0@gmail.com','locacao_produto.editado','Editou item Betoneira 500L na locacao #001','LocacaoProduto',1,'Produto Betoneira 500L (x1) - Contrato #001',59.90,'{\"evento\":\"updated\",\"campos_alterados\":[\"estoque_status\"]}','{\"estoque_status\":0}','{\"estoque_status\":1}','2804:868:d054:7615:e873:744b:2056:7cc7','web','package','amarelo','[\"locacao\",\"produtos\",\"estoque\",\"edicao\"]','2026-03-11 15:32:39'),
(33,1,1,'GestorNow','gestornow0@gmail.com','patrimonio.editado','Editou patrimonio #2 (S/N: 002) do produto Betoneira 500L','Patrimonio',2,'Patrimonio #2 (S/N: 002) - Betoneira 500L',NULL,'{\"evento\":\"updated\",\"campos_alterados\":[\"status_locacao\"]}','{\"status_locacao\":\"Disponivel\"}','{\"status_locacao\":\"Locado\"}','2804:868:d054:7615:e873:744b:2056:7cc7','web','box','amarelo','[\"patrimonios\",\"estoque\",\"edicao\"]','2026-03-11 15:32:39'),
(34,1,1,'GestorNow','gestornow0@gmail.com','locacao_produto.editado','Editou item Betoneira 500L na locacao #001','LocacaoProduto',2,'Produto Betoneira 500L (x1) - Contrato #001',59.90,'{\"evento\":\"updated\",\"campos_alterados\":[\"estoque_status\"]}','{\"estoque_status\":0}','{\"estoque_status\":1}','2804:868:d054:7615:e873:744b:2056:7cc7','web','package','amarelo','[\"locacao\",\"produtos\",\"estoque\",\"edicao\"]','2026-03-11 15:32:39'),
(35,1,5,'Renato Santana','renatosantanap1706@gmail.com','cliente.criado','Cadastrou o cliente Renato teste','cliente',2,'Renato teste (***4000)',NULL,'{\"evento\":\"created\"}',NULL,'{\"id_empresa\":1,\"nome\":\"Renato teste\",\"cpf_cnpj\":\"126.969.840-00\",\"email\":null,\"telefone\":null,\"cep\":null,\"endereco\":null,\"numero\":null,\"complemento\":null,\"bairro\":null,\"rg_ie\":null,\"razao_social\":\"Renato teste\",\"data_nascimento\":null,\"status\":\"ativo\",\"id_tipo_pessoa\":\"1\",\"endereco_entrega\":null,\"numero_entrega\":null,\"complemento_entrega\":null,\"cep_entrega\":null,\"updated_at\":\"2026-03-11 19:45:05\",\"created_at\":\"2026-03-11 19:45:05\",\"id_clientes\":2}','186.250.209.7','web','user-plus','verde','[\"clientes\",\"cadastro\",\"novo_cadastro\"]','2026-03-11 19:45:05'),
(36,1,5,'Renato Santana','renatosantanap1706@gmail.com','produto.criado','Cadastrou o produto Martelete Demolidor 30Kgs HM1812 (Cod: 5032)','produto',2,'Martelete Demolidor 30Kgs HM1812 (Cod: 5032)',1000.00,'{\"evento\":\"created\"}',NULL,'{\"nome\":\"Martelete Demolidor 30Kgs HM1812\",\"codigo\":\"5032\",\"numero_serie\":null,\"descricao\":null,\"detalhes\":null,\"preco_custo\":\"800.00\",\"preco_venda\":\"1000.00\",\"preco_locacao\":\"100.00\",\"status\":\"ativo\",\"altura\":\"0.00\",\"largura\":\"0.00\",\"profundidade\":\"0.00\",\"peso\":\"0.00\",\"id_empresa\":1,\"updated_at\":\"2026-03-11 20:25:17\",\"created_at\":\"2026-03-11 20:25:17\",\"id_produto\":2}','186.250.209.7','web','package-plus','verde','[\"produtos\",\"estoque\",\"novo_cadastro\"]','2026-03-11 20:25:17'),
(37,1,5,'Renato Santana','renatosantanap1706@gmail.com','produto.editado','Editou o produto Martelete Demolidor 30Kgs HM1812','produto',2,'Martelete Demolidor 30Kgs HM1812 (Cod: 5032)',1000.00,'{\"evento\":\"updated\",\"campos_alterados\":[\"foto_url\",\"foto_filename\"]}','{\"foto_url\":\"[OCULTO]\",\"foto_filename\":\"[OCULTO]\"}','{\"foto_url\":\"[OCULTO]\",\"foto_filename\":\"[OCULTO]\"}','186.250.209.7','web','package','amarelo','[\"produtos\",\"estoque\",\"edicao\"]','2026-03-11 20:26:35'),
(38,1,5,'Renato Santana','renatosantanap1706@gmail.com','produto.editado','Editou o produto Martelete Demolidor 30Kgs HM1812','produto',2,'Martelete Demolidor 30Kgs HM1812 (Cod: 5032)',1000.00,'{\"evento\":\"updated\",\"campos_alterados\":[\"estoque_total\",\"quantidade\"]}','{\"estoque_total\":null,\"quantidade\":null}','{\"estoque_total\":0,\"quantidade\":0}','186.250.209.7','web','package','amarelo','[\"produtos\",\"estoque\",\"edicao\"]','2026-03-11 20:27:17'),
(39,1,5,'Renato Santana','renatosantanap1706@gmail.com','patrimonio.criado','Registrou patrimonio #11 (S/N: Marte001) do produto Martelete Demolidor 30Kgs HM1812','Patrimonio',11,'Patrimonio #11 (S/N: Marte001) - Martelete Demolidor 30Kgs HM1812',NULL,'{\"evento\":\"created\"}',NULL,'{\"id_empresa\":1,\"id_produto\":\"2\",\"numero_serie\":\"Marte001\",\"status\":\"Ativo\",\"status_locacao\":\"Disponivel\",\"observacoes\":null,\"updated_at\":\"2026-03-11 20:27:17\",\"created_at\":\"2026-03-11 20:27:17\",\"id_patrimonio\":11}','186.250.209.7','web','box','verde','[\"patrimonios\",\"estoque\",\"novo_cadastro\"]','2026-03-11 20:27:17'),
(40,1,5,'Renato Santana','renatosantanap1706@gmail.com','patrimonio.criado','Registrou patrimonio #12 (S/N: Marte002) do produto Martelete Demolidor 30Kgs HM1812','Patrimonio',12,'Patrimonio #12 (S/N: Marte002) - Martelete Demolidor 30Kgs HM1812',NULL,'{\"evento\":\"created\"}',NULL,'{\"id_empresa\":1,\"id_produto\":\"2\",\"numero_serie\":\"Marte002\",\"status\":\"Ativo\",\"status_locacao\":\"Disponivel\",\"observacoes\":null,\"updated_at\":\"2026-03-11 20:27:17\",\"created_at\":\"2026-03-11 20:27:17\",\"id_patrimonio\":12}','186.250.209.7','web','box','verde','[\"patrimonios\",\"estoque\",\"novo_cadastro\"]','2026-03-11 20:27:17'),
(41,1,5,'Renato Santana','renatosantanap1706@gmail.com','patrimonio.criado','Registrou patrimonio #13 (S/N: Marte003) do produto Martelete Demolidor 30Kgs HM1812','Patrimonio',13,'Patrimonio #13 (S/N: Marte003) - Martelete Demolidor 30Kgs HM1812',NULL,'{\"evento\":\"created\"}',NULL,'{\"id_empresa\":1,\"id_produto\":\"2\",\"numero_serie\":\"Marte003\",\"status\":\"Ativo\",\"status_locacao\":\"Disponivel\",\"observacoes\":null,\"updated_at\":\"2026-03-11 20:27:17\",\"created_at\":\"2026-03-11 20:27:17\",\"id_patrimonio\":13}','186.250.209.7','web','box','verde','[\"patrimonios\",\"estoque\",\"novo_cadastro\"]','2026-03-11 20:27:17'),
(42,1,5,'Renato Santana','renatosantanap1706@gmail.com','patrimonio.criado','Registrou patrimonio #14 (S/N: Marte004) do produto Martelete Demolidor 30Kgs HM1812','Patrimonio',14,'Patrimonio #14 (S/N: Marte004) - Martelete Demolidor 30Kgs HM1812',NULL,'{\"evento\":\"created\"}',NULL,'{\"id_empresa\":1,\"id_produto\":\"2\",\"numero_serie\":\"Marte004\",\"status\":\"Ativo\",\"status_locacao\":\"Disponivel\",\"observacoes\":null,\"updated_at\":\"2026-03-11 20:27:17\",\"created_at\":\"2026-03-11 20:27:17\",\"id_patrimonio\":14}','186.250.209.7','web','box','verde','[\"patrimonios\",\"estoque\",\"novo_cadastro\"]','2026-03-11 20:27:17'),
(43,1,5,'Renato Santana','renatosantanap1706@gmail.com','patrimonio.criado','Registrou patrimonio #15 (S/N: Marte005) do produto Martelete Demolidor 30Kgs HM1812','Patrimonio',15,'Patrimonio #15 (S/N: Marte005) - Martelete Demolidor 30Kgs HM1812',NULL,'{\"evento\":\"created\"}',NULL,'{\"id_empresa\":1,\"id_produto\":\"2\",\"numero_serie\":\"Marte005\",\"status\":\"Ativo\",\"status_locacao\":\"Disponivel\",\"observacoes\":null,\"updated_at\":\"2026-03-11 20:27:17\",\"created_at\":\"2026-03-11 20:27:17\",\"id_patrimonio\":15}','186.250.209.7','web','box','verde','[\"patrimonios\",\"estoque\",\"novo_cadastro\"]','2026-03-11 20:27:17'),
(44,1,5,'Renato Santana','renatosantanap1706@gmail.com','patrimonio.criado','Registrou patrimonio #16 (S/N: Marte006) do produto Martelete Demolidor 30Kgs HM1812','Patrimonio',16,'Patrimonio #16 (S/N: Marte006) - Martelete Demolidor 30Kgs HM1812',NULL,'{\"evento\":\"created\"}',NULL,'{\"id_empresa\":1,\"id_produto\":\"2\",\"numero_serie\":\"Marte006\",\"status\":\"Ativo\",\"status_locacao\":\"Disponivel\",\"observacoes\":null,\"updated_at\":\"2026-03-11 20:27:17\",\"created_at\":\"2026-03-11 20:27:17\",\"id_patrimonio\":16}','186.250.209.7','web','box','verde','[\"patrimonios\",\"estoque\",\"novo_cadastro\"]','2026-03-11 20:27:17'),
(45,1,5,'Renato Santana','renatosantanap1706@gmail.com','patrimonio.criado','Registrou patrimonio #17 (S/N: Marte007) do produto Martelete Demolidor 30Kgs HM1812','Patrimonio',17,'Patrimonio #17 (S/N: Marte007) - Martelete Demolidor 30Kgs HM1812',NULL,'{\"evento\":\"created\"}',NULL,'{\"id_empresa\":1,\"id_produto\":\"2\",\"numero_serie\":\"Marte007\",\"status\":\"Ativo\",\"status_locacao\":\"Disponivel\",\"observacoes\":null,\"updated_at\":\"2026-03-11 20:27:17\",\"created_at\":\"2026-03-11 20:27:17\",\"id_patrimonio\":17}','186.250.209.7','web','box','verde','[\"patrimonios\",\"estoque\",\"novo_cadastro\"]','2026-03-11 20:27:17'),
(46,1,5,'Renato Santana','renatosantanap1706@gmail.com','patrimonio.criado','Registrou patrimonio #18 (S/N: Marte008) do produto Martelete Demolidor 30Kgs HM1812','Patrimonio',18,'Patrimonio #18 (S/N: Marte008) - Martelete Demolidor 30Kgs HM1812',NULL,'{\"evento\":\"created\"}',NULL,'{\"id_empresa\":1,\"id_produto\":\"2\",\"numero_serie\":\"Marte008\",\"status\":\"Ativo\",\"status_locacao\":\"Disponivel\",\"observacoes\":null,\"updated_at\":\"2026-03-11 20:27:17\",\"created_at\":\"2026-03-11 20:27:17\",\"id_patrimonio\":18}','186.250.209.7','web','box','verde','[\"patrimonios\",\"estoque\",\"novo_cadastro\"]','2026-03-11 20:27:17'),
(47,1,5,'Renato Santana','renatosantanap1706@gmail.com','patrimonio.criado','Registrou patrimonio #19 (S/N: Marte009) do produto Martelete Demolidor 30Kgs HM1812','Patrimonio',19,'Patrimonio #19 (S/N: Marte009) - Martelete Demolidor 30Kgs HM1812',NULL,'{\"evento\":\"created\"}',NULL,'{\"id_empresa\":1,\"id_produto\":\"2\",\"numero_serie\":\"Marte009\",\"status\":\"Ativo\",\"status_locacao\":\"Disponivel\",\"observacoes\":null,\"updated_at\":\"2026-03-11 20:27:17\",\"created_at\":\"2026-03-11 20:27:17\",\"id_patrimonio\":19}','186.250.209.7','web','box','verde','[\"patrimonios\",\"estoque\",\"novo_cadastro\"]','2026-03-11 20:27:17'),
(48,1,5,'Renato Santana','renatosantanap1706@gmail.com','patrimonio.criado','Registrou patrimonio #20 (S/N: Marte010) do produto Martelete Demolidor 30Kgs HM1812','Patrimonio',20,'Patrimonio #20 (S/N: Marte010) - Martelete Demolidor 30Kgs HM1812',NULL,'{\"evento\":\"created\"}',NULL,'{\"id_empresa\":1,\"id_produto\":\"2\",\"numero_serie\":\"Marte010\",\"status\":\"Ativo\",\"status_locacao\":\"Disponivel\",\"observacoes\":null,\"updated_at\":\"2026-03-11 20:27:17\",\"created_at\":\"2026-03-11 20:27:17\",\"id_patrimonio\":20}','186.250.209.7','web','box','verde','[\"patrimonios\",\"estoque\",\"novo_cadastro\"]','2026-03-11 20:27:17'),
(49,1,5,'Renato Santana','renatosantanap1706@gmail.com','tabela_precos.criada','Criou tabela de precos \'Desconto com base na data\' para o produto Martelete Demolidor 30Kgs HM1812','TabelaPreco',2,'Tabela \'Desconto com base na data\' - Produto: Martelete Demolidor 30Kgs HM1812',NULL,'{\"evento\":\"created\"}',NULL,'{\"id_produto\":\"2\",\"nome\":\"Desconto com base na data\",\"d1\":100,\"d2\":null,\"d3\":null,\"d4\":null,\"d5\":null,\"d6\":null,\"d7\":null,\"d8\":null,\"d9\":null,\"d10\":98,\"d11\":null,\"d12\":null,\"d13\":null,\"d14\":null,\"d15\":95,\"d16\":null,\"d17\":null,\"d18\":null,\"d19\":null,\"d20\":93,\"d21\":null,\"d22\":null,\"d23\":null,\"d24\":null,\"d25\":null,\"d26\":null,\"d27\":null,\"d28\":null,\"d29\":null,\"d30\":89,\"d60\":null,\"d120\":null,\"d360\":null,\"id_empresa\":1,\"updated_at\":\"2026-03-11 20:28:54\",\"created_at\":\"2026-03-11 20:28:54\",\"id_tabela\":2}','186.250.209.7','web','grid','verde','[\"tabela_precos\",\"produtos\",\"financeiro\",\"novo_cadastro\"]','2026-03-11 20:28:54'),
(50,1,5,'Renato Santana','renatosantanap1706@gmail.com','produto.criado','Cadastrou o produto Andaime 1x2m (Cod: 1458)','produto',3,'Andaime 1x2m (Cod: 1458)',40.00,'{\"evento\":\"created\"}',NULL,'{\"nome\":\"Andaime 1x2m\",\"codigo\":\"1458\",\"numero_serie\":null,\"descricao\":\"1x2m\",\"detalhes\":null,\"preco_custo\":\"25.00\",\"preco_venda\":\"40.00\",\"preco_locacao\":\"10.00\",\"status\":\"ativo\",\"altura\":\"100.00\",\"largura\":\"200.00\",\"profundidade\":\"0.00\",\"peso\":\"12.00\",\"id_empresa\":1,\"updated_at\":\"2026-03-11 20:31:55\",\"created_at\":\"2026-03-11 20:31:55\",\"id_produto\":3}','186.250.209.7','web','package-plus','verde','[\"produtos\",\"estoque\",\"novo_cadastro\"]','2026-03-11 20:31:55'),
(51,1,5,'Renato Santana','renatosantanap1706@gmail.com','produto.editado','Editou o produto Andaime 1x2m','produto',3,'Andaime 1x2m (Cod: 1458)',40.00,'{\"evento\":\"updated\",\"campos_alterados\":[\"foto_url\",\"foto_filename\"]}','{\"foto_url\":\"[OCULTO]\",\"foto_filename\":\"[OCULTO]\"}','{\"foto_url\":\"[OCULTO]\",\"foto_filename\":\"[OCULTO]\"}','186.250.209.7','web','package','amarelo','[\"produtos\",\"estoque\",\"edicao\"]','2026-03-11 20:33:32'),
(52,1,5,'Renato Santana','renatosantanap1706@gmail.com','produto.editado','Editou o produto Andaime 1x2m','produto',3,'Andaime 1x2m (Cod: 1458)',40.00,'{\"evento\":\"updated\",\"campos_alterados\":[\"estoque_total\",\"quantidade\"]}','{\"estoque_total\":null,\"quantidade\":null}','{\"estoque_total\":200,\"quantidade\":200}','186.250.209.7','web','package','amarelo','[\"produtos\",\"estoque\",\"edicao\"]','2026-03-11 20:34:57'),
(53,1,5,'Renato Santana','renatosantanap1706@gmail.com','produto.entrada_estoque','Entrada de 200 unidades no estoque de Andaime 1x2m - De: 0 -> Para: 200','produto',3,'Andaime 1x2m (Cod: 1458)',40.00,'{\"evento\":\"entrada_estoque\"}',NULL,NULL,'186.250.209.7','web','arrow-down-circle','verde','[\"produtos\",\"estoque\",\"entrada\"]','2026-03-11 20:34:57'),
(54,1,5,'Renato Santana','renatosantanap1706@gmail.com','locacao.criada','Criou locacao #O001 para PRIME VIDEO LTDA - R$ 0,00','Locacao',2,'Contrato #O001 - PRIME VIDEO LTDA - R$ 0,00',NULL,'{\"evento\":\"created\"}',NULL,'{\"id_empresa\":1,\"id_cliente\":\"1\",\"id_usuario\":5,\"numero_contrato\":\"O001\",\"data_inicio\":\"2026-03-11 00:00:00\",\"hora_inicio\":\"08:00\",\"data_fim\":\"2026-03-12 00:00:00\",\"hora_fim\":\"18:00\",\"quantidade_dias\":2,\"data_transporte_ida\":null,\"hora_transporte_ida\":null,\"data_transporte_volta\":null,\"hora_transporte_volta\":null,\"local_entrega\":\"AVENIDA SUBURBANA, 7471, SALA 201 PARTE, ABOLICAO, CEP 20751000\",\"local_retirada\":null,\"contato_responsavel\":null,\"telefone_responsavel\":null,\"nome_obra\":null,\"contato_local\":null,\"telefone_contato\":null,\"local_evento\":null,\"endereco_entrega\":null,\"cidade\":null,\"estado\":null,\"cep\":null,\"valor_frete\":0,\"valor_despesas_extras\":0,\"valor_desconto\":30,\"valor_acrescimo\":80,\"valor_imposto\":0,\"status\":\"orcamento\",\"observacoes\":null,\"responsavel\":null,\"observacoes_recibo\":null,\"observacoes_entrega\":null,\"observacoes_checklist\":null,\"numero_orcamento\":1,\"renovacao_automatica\":false,\"locacao_por_hora\":false,\"valor_limite_medicao\":0,\"numero_orcamento_origem\":1,\"updated_at\":\"2026-03-11 21:01:45\",\"created_at\":\"2026-03-11 21:01:45\",\"id_locacao\":2}','186.250.209.7','web','file-plus','verde','[\"locacao\",\"contratos\",\"novo_contrato\"]','2026-03-11 21:01:45'),
(55,1,5,'Renato Santana','renatosantanap1706@gmail.com','locacao.orcamento_criado','Criou orcamento #1 para PRIME VIDEO LTDA - R$ 0,00','Locacao',2,'Contrato #O001 - PRIME VIDEO LTDA - R$ 0,00',NULL,'{\"evento\":\"orcamento_criado\"}',NULL,NULL,'186.250.209.7','web','file-text','cinza','[\"locacao\",\"contratos\",\"orcamento\"]','2026-03-11 21:01:45'),
(56,1,5,'Renato Santana','renatosantanap1706@gmail.com','locacao_produto.adicionado','Adicionou 5x Andaime 1x2m na locacao #O001 - R$ 10,00/un - Total: R$ 50,00','LocacaoProduto',3,'Produto Andaime 1x2m (x5) - Contrato #O001',50.00,'{\"evento\":\"created\"}',NULL,'{\"id_empresa\":1,\"id_locacao\":2,\"id_produto\":\"3\",\"id_sala\":null,\"id_tabela_preco\":null,\"preco_unitario\":\"10.00\",\"data_inicio\":\"2026-03-11 00:00:00\",\"hora_inicio\":\"08:00\",\"data_fim\":\"2026-03-12 00:00:00\",\"hora_fim\":\"18:00\",\"data_contrato\":\"2026-03-11 00:00:00\",\"data_contrato_fim\":\"2026-03-12 00:00:00\",\"hora_contrato\":\"08:00\",\"hora_contrato_fim\":\"18:00\",\"tipo_cobranca\":\"diaria\",\"tipo_movimentacao\":\"entrega\",\"observacoes\":null,\"valor_fechado\":0,\"status_retorno\":\"pendente\",\"estoque_status\":0,\"id_patrimonio\":null,\"quantidade\":5,\"preco_total\":50,\"updated_at\":\"2026-03-11 21:01:45\",\"created_at\":\"2026-03-11 21:01:45\",\"id_produto_locacao\":3}','186.250.209.7','web','package-plus','verde','[\"locacao\",\"produtos\",\"estoque\",\"item_adicionado\"]','2026-03-11 21:01:45'),
(57,1,5,'Renato Santana','renatosantanap1706@gmail.com','locacao_despesa.adicionada','Adicionou despesa \'Combustivel para entraga\' na locacao #O001 - R$ 90,00 (Outros)','LocacaoDespesa',1,'Despesa: Combustivel para entraga - Contrato #O001',90.00,'{\"evento\":\"created\"}',NULL,'{\"id_locacao\":2,\"descricao\":\"Combustivel para entraga\",\"valor\":90,\"tipo\":\"outros\",\"data_despesa\":\"2026-03-11 00:00:00\",\"status\":\"pendente\",\"observacoes\":\"[GN_META]{\\\"conta_vencimento\\\":\\\"2026-03-12\\\",\\\"conta_parcelas\\\":1}\",\"updated_at\":\"2026-03-11 21:01:45\",\"created_at\":\"2026-03-11 21:01:45\",\"id_locacao_despesa\":1}','186.250.209.7','web','dollar-sign','laranja','[\"locacao\",\"despesas\",\"financeiro\",\"despesa_adicionada\"]','2026-03-11 21:01:45'),
(58,1,5,'Renato Santana','renatosantanap1706@gmail.com','conta_pagar.criada','Criou a conta a pagar #1 — Locação #O001 - Combustivel para entraga','conta_pagar',1,'Conta a pagar #1 — Locação #O001 - Combustivel para entraga',90.00,'{\"evento\":\"created\"}',NULL,'{\"id_empresa\":1,\"descricao\":\"Loca\\u00e7\\u00e3o #O001 - Combustivel para entraga\",\"valor_total\":90,\"data_emissao\":\"2026-03-11 21:01:45\",\"data_vencimento\":\"2026-03-12 00:00:00\",\"status\":\"pendente\",\"id_locacao\":2,\"id_origem\":2,\"id_parcelamento\":null,\"origem\":\"compra\",\"observacoes\":\"Gerado automaticamente para despesa da loca\\u00e7\\u00e3o\",\"numero_parcela\":1,\"total_parcelas\":1,\"updated_at\":\"2026-03-11 21:01:45\",\"created_at\":\"2026-03-11 21:01:45\",\"id_contas\":1}','186.250.209.7','web','plus','verde','[\"contas_pagar\",\"financeiro\",\"cadastro\"]','2026-03-11 21:01:45'),
(59,1,5,'Renato Santana','renatosantanap1706@gmail.com','locacao.editada','Editou locacao #O001 - PRIME VIDEO LTDA - valores alterados','Locacao',2,'Contrato #O001 - PRIME VIDEO LTDA - R$ 150,00',150.00,'{\"evento\":\"updated\",\"campos_alterados\":[\"valor_total\",\"valor_final\"]}','{\"valor_total\":null,\"valor_final\":null}','{\"valor_total\":\"100.00\",\"valor_final\":\"150.00\"}','186.250.209.7','web','edit','amarelo','[\"locacao\",\"contratos\",\"edicao\"]','2026-03-11 21:01:45'),
(60,1,5,'Renato Santana','renatosantanap1706@gmail.com','locacao.criada','Criou locacao #O002 para PRIME VIDEO LTDA - R$ 0,00','Locacao',3,'Contrato #O002 - PRIME VIDEO LTDA - R$ 0,00',NULL,'{\"evento\":\"created\"}',NULL,'{\"id_empresa\":1,\"id_cliente\":\"1\",\"id_usuario\":5,\"numero_contrato\":\"O002\",\"data_inicio\":\"2026-03-11 00:00:00\",\"hora_inicio\":\"08:00\",\"data_fim\":\"2026-03-12 00:00:00\",\"hora_fim\":\"18:00\",\"quantidade_dias\":2,\"data_transporte_ida\":null,\"hora_transporte_ida\":null,\"data_transporte_volta\":null,\"hora_transporte_volta\":null,\"local_entrega\":\"AVENIDA SUBURBANA, 7471, SALA 201 PARTE, ABOLICAO, CEP 20751000\",\"local_retirada\":null,\"contato_responsavel\":null,\"telefone_responsavel\":null,\"nome_obra\":null,\"contato_local\":null,\"telefone_contato\":null,\"local_evento\":null,\"endereco_entrega\":null,\"cidade\":null,\"estado\":null,\"cep\":null,\"valor_frete\":0,\"valor_despesas_extras\":0,\"valor_desconto\":20,\"valor_acrescimo\":50,\"valor_imposto\":0,\"status\":\"orcamento\",\"observacoes\":null,\"responsavel\":null,\"observacoes_recibo\":null,\"observacoes_entrega\":null,\"observacoes_checklist\":null,\"numero_orcamento\":2,\"renovacao_automatica\":false,\"locacao_por_hora\":false,\"valor_limite_medicao\":0,\"numero_orcamento_origem\":2,\"updated_at\":\"2026-03-11 21:12:30\",\"created_at\":\"2026-03-11 21:12:30\",\"id_locacao\":3}','186.250.209.7','web','file-plus','verde','[\"locacao\",\"contratos\",\"novo_contrato\"]','2026-03-11 21:12:30'),
(61,1,5,'Renato Santana','renatosantanap1706@gmail.com','locacao.orcamento_criado','Criou orcamento #2 para PRIME VIDEO LTDA - R$ 0,00','Locacao',3,'Contrato #O002 - PRIME VIDEO LTDA - R$ 0,00',NULL,'{\"evento\":\"orcamento_criado\"}',NULL,NULL,'186.250.209.7','web','file-text','cinza','[\"locacao\",\"contratos\",\"orcamento\"]','2026-03-11 21:12:30'),
(62,1,5,'Renato Santana','renatosantanap1706@gmail.com','locacao_produto.adicionado','Adicionou 10x Andaime 1x2m na locacao #O002 - R$ 10,00/un - Total: R$ 100,00','LocacaoProduto',4,'Produto Andaime 1x2m (x10) - Contrato #O002',100.00,'{\"evento\":\"created\"}',NULL,'{\"id_empresa\":1,\"id_locacao\":3,\"id_produto\":\"3\",\"id_sala\":null,\"id_tabela_preco\":null,\"preco_unitario\":\"10.00\",\"data_inicio\":\"2026-03-11 00:00:00\",\"hora_inicio\":\"08:00\",\"data_fim\":\"2026-03-12 00:00:00\",\"hora_fim\":\"18:00\",\"data_contrato\":\"2026-03-11 00:00:00\",\"data_contrato_fim\":\"2026-03-12 00:00:00\",\"hora_contrato\":\"08:00\",\"hora_contrato_fim\":\"18:00\",\"tipo_cobranca\":\"diaria\",\"tipo_movimentacao\":\"entrega\",\"observacoes\":null,\"valor_fechado\":0,\"status_retorno\":\"pendente\",\"estoque_status\":0,\"id_patrimonio\":null,\"quantidade\":10,\"preco_total\":100,\"updated_at\":\"2026-03-11 21:12:30\",\"created_at\":\"2026-03-11 21:12:30\",\"id_produto_locacao\":4}','186.250.209.7','web','package-plus','verde','[\"locacao\",\"produtos\",\"estoque\",\"item_adicionado\"]','2026-03-11 21:12:30'),
(63,1,5,'Renato Santana','renatosantanap1706@gmail.com','locacao_despesa.adicionada','Adicionou despesa \'Combustivel para entraga\' na locacao #O002 - R$ 80,00 (Outros)','LocacaoDespesa',2,'Despesa: Combustivel para entraga - Contrato #O002',80.00,'{\"evento\":\"created\"}',NULL,'{\"id_locacao\":3,\"descricao\":\"Combustivel para entraga\",\"valor\":80,\"tipo\":\"outros\",\"data_despesa\":\"2026-03-11 00:00:00\",\"status\":\"pendente\",\"observacoes\":\"[GN_META]{\\\"conta_vencimento\\\":\\\"2026-03-12\\\",\\\"conta_parcelas\\\":1}\",\"updated_at\":\"2026-03-11 21:12:30\",\"created_at\":\"2026-03-11 21:12:30\",\"id_locacao_despesa\":2}','186.250.209.7','web','dollar-sign','laranja','[\"locacao\",\"despesas\",\"financeiro\",\"despesa_adicionada\"]','2026-03-11 21:12:30'),
(64,1,5,'Renato Santana','renatosantanap1706@gmail.com','conta_pagar.criada','Criou a conta a pagar #2 — Locação #O002 - Combustivel para entraga','conta_pagar',2,'Conta a pagar #2 — Locação #O002 - Combustivel para entraga',80.00,'{\"evento\":\"created\"}',NULL,'{\"id_empresa\":1,\"descricao\":\"Loca\\u00e7\\u00e3o #O002 - Combustivel para entraga\",\"valor_total\":80,\"data_emissao\":\"2026-03-11 21:12:30\",\"data_vencimento\":\"2026-03-12 00:00:00\",\"status\":\"pendente\",\"id_locacao\":3,\"id_origem\":3,\"id_parcelamento\":null,\"origem\":\"compra\",\"observacoes\":\"Gerado automaticamente para despesa da loca\\u00e7\\u00e3o\",\"numero_parcela\":1,\"total_parcelas\":1,\"updated_at\":\"2026-03-11 21:12:30\",\"created_at\":\"2026-03-11 21:12:30\",\"id_contas\":2}','186.250.209.7','web','plus','verde','[\"contas_pagar\",\"financeiro\",\"cadastro\"]','2026-03-11 21:12:30'),
(65,1,5,'Renato Santana','renatosantanap1706@gmail.com','locacao.editada','Editou locacao #O002 - PRIME VIDEO LTDA - valores alterados','Locacao',3,'Contrato #O002 - PRIME VIDEO LTDA - R$ 230,00',230.00,'{\"evento\":\"updated\",\"campos_alterados\":[\"valor_total\",\"valor_final\"]}','{\"valor_total\":null,\"valor_final\":null}','{\"valor_total\":\"200.00\",\"valor_final\":\"230.00\"}','186.250.209.7','web','edit','amarelo','[\"locacao\",\"contratos\",\"edicao\"]','2026-03-11 21:12:30'),
(66,1,5,'Renato Santana','renatosantanap1706@gmail.com','produto.editado','Editou o produto Andaime 1x2m','produto',3,'Andaime 1x2m (Cod: 1458)',40.00,'{\"evento\":\"updated\",\"campos_alterados\":[\"quantidade\"]}','{\"quantidade\":200}','{\"quantidade\":190}','186.250.209.7','web','package','amarelo','[\"produtos\",\"estoque\",\"edicao\"]','2026-03-11 21:13:10'),
(67,1,5,'Renato Santana','renatosantanap1706@gmail.com','locacao_produto.editado','Editou item Andaime 1x2m na locacao #O002','LocacaoProduto',4,'Produto Andaime 1x2m (x10) - Contrato #O002',100.00,'{\"evento\":\"updated\",\"campos_alterados\":[\"estoque_status\"]}','{\"estoque_status\":0}','{\"estoque_status\":1}','186.250.209.7','web','package','amarelo','[\"locacao\",\"produtos\",\"estoque\",\"edicao\"]','2026-03-11 21:13:10'),
(68,1,5,'Renato Santana','renatosantanap1706@gmail.com','locacao.editada','Editou locacao #002 - PRIME VIDEO LTDA','Locacao',3,'Contrato #002 - PRIME VIDEO LTDA - R$ 230,00',230.00,'{\"evento\":\"updated\",\"campos_alterados\":[\"numero_contrato\",\"status\"]}','{\"numero_contrato\":\"O002\",\"status\":\"orcamento\"}','{\"numero_contrato\":\"002\",\"status\":\"aprovado\"}','186.250.209.7','web','edit','amarelo','[\"locacao\",\"contratos\",\"edicao\"]','2026-03-11 21:13:10'),
(69,1,5,'Renato Santana','renatosantanap1706@gmail.com','locacao.criada','Criou locacao #O002 para PRIME VIDEO LTDA - R$ 0,00','Locacao',4,'Contrato #O002 - PRIME VIDEO LTDA - R$ 0,00',NULL,'{\"evento\":\"created\"}',NULL,'{\"id_empresa\":1,\"id_cliente\":\"1\",\"id_usuario\":5,\"numero_contrato\":\"O002\",\"data_inicio\":\"2026-03-11 00:00:00\",\"hora_inicio\":\"08:00\",\"data_fim\":\"2026-03-13 00:00:00\",\"hora_fim\":\"18:00\",\"quantidade_dias\":3,\"data_transporte_ida\":null,\"hora_transporte_ida\":null,\"data_transporte_volta\":null,\"hora_transporte_volta\":null,\"local_entrega\":\"AVENIDA SUBURBANA, 7471, SALA 201 PARTE, ABOLICAO, CEP 20751000\",\"local_retirada\":null,\"contato_responsavel\":null,\"telefone_responsavel\":null,\"nome_obra\":null,\"contato_local\":null,\"telefone_contato\":null,\"local_evento\":null,\"endereco_entrega\":null,\"cidade\":null,\"estado\":null,\"cep\":null,\"valor_frete\":0,\"valor_despesas_extras\":0,\"valor_desconto\":10,\"valor_acrescimo\":20,\"valor_imposto\":0,\"status\":\"orcamento\",\"observacoes\":null,\"responsavel\":null,\"observacoes_recibo\":null,\"observacoes_entrega\":null,\"observacoes_checklist\":null,\"numero_orcamento\":2,\"renovacao_automatica\":false,\"locacao_por_hora\":false,\"valor_limite_medicao\":0,\"numero_orcamento_origem\":2,\"updated_at\":\"2026-03-11 21:26:26\",\"created_at\":\"2026-03-11 21:26:26\",\"id_locacao\":4}','186.250.209.7','web','file-plus','verde','[\"locacao\",\"contratos\",\"novo_contrato\"]','2026-03-11 21:26:26'),
(70,1,5,'Renato Santana','renatosantanap1706@gmail.com','locacao.orcamento_criado','Criou orcamento #2 para PRIME VIDEO LTDA - R$ 0,00','Locacao',4,'Contrato #O002 - PRIME VIDEO LTDA - R$ 0,00',NULL,'{\"evento\":\"orcamento_criado\"}',NULL,NULL,'186.250.209.7','web','file-text','cinza','[\"locacao\",\"contratos\",\"orcamento\"]','2026-03-11 21:26:26'),
(71,1,5,'Renato Santana','renatosantanap1706@gmail.com','locacao_produto.adicionado','Adicionou 20x Andaime 1x2m na locacao #O002 - R$ 10,00/un - Total: R$ 200,00','LocacaoProduto',5,'Produto Andaime 1x2m (x20) - Contrato #O002',200.00,'{\"evento\":\"created\"}',NULL,'{\"id_empresa\":1,\"id_locacao\":4,\"id_produto\":\"3\",\"id_sala\":null,\"id_tabela_preco\":null,\"preco_unitario\":\"10.00\",\"data_inicio\":\"2026-03-11 00:00:00\",\"hora_inicio\":\"08:00\",\"data_fim\":\"2026-03-13 00:00:00\",\"hora_fim\":\"18:00\",\"data_contrato\":\"2026-03-11 00:00:00\",\"data_contrato_fim\":\"2026-03-13 00:00:00\",\"hora_contrato\":\"08:00\",\"hora_contrato_fim\":\"18:00\",\"tipo_cobranca\":\"diaria\",\"tipo_movimentacao\":\"entrega\",\"observacoes\":null,\"valor_fechado\":0,\"status_retorno\":\"pendente\",\"estoque_status\":0,\"id_patrimonio\":null,\"quantidade\":20,\"preco_total\":200,\"updated_at\":\"2026-03-11 21:26:26\",\"created_at\":\"2026-03-11 21:26:26\",\"id_produto_locacao\":5}','186.250.209.7','web','package-plus','verde','[\"locacao\",\"produtos\",\"estoque\",\"item_adicionado\"]','2026-03-11 21:26:26'),
(72,1,5,'Renato Santana','renatosantanap1706@gmail.com','locacao_despesa.adicionada','Adicionou despesa \'Combustivel\' na locacao #O002 - R$ 60,00 (Outros)','LocacaoDespesa',3,'Despesa: Combustivel - Contrato #O002',60.00,'{\"evento\":\"created\"}',NULL,'{\"id_locacao\":4,\"descricao\":\"Combustivel\",\"valor\":60,\"tipo\":\"outros\",\"data_despesa\":\"2026-03-11 00:00:00\",\"status\":\"pendente\",\"observacoes\":\"[GN_META]{\\\"conta_vencimento\\\":\\\"2026-03-12\\\",\\\"conta_parcelas\\\":1}\",\"updated_at\":\"2026-03-11 21:26:26\",\"created_at\":\"2026-03-11 21:26:26\",\"id_locacao_despesa\":3}','186.250.209.7','web','dollar-sign','laranja','[\"locacao\",\"despesas\",\"financeiro\",\"despesa_adicionada\"]','2026-03-11 21:26:26'),
(73,1,5,'Renato Santana','renatosantanap1706@gmail.com','conta_pagar.criada','Criou a conta a pagar #3 — Locação #O002 - Combustivel','conta_pagar',3,'Conta a pagar #3 — Locação #O002 - Combustivel',60.00,'{\"evento\":\"created\"}',NULL,'{\"id_empresa\":1,\"descricao\":\"Loca\\u00e7\\u00e3o #O002 - Combustivel\",\"valor_total\":60,\"data_emissao\":\"2026-03-11 21:26:26\",\"data_vencimento\":\"2026-03-12 00:00:00\",\"status\":\"pendente\",\"id_locacao\":4,\"id_origem\":4,\"id_parcelamento\":null,\"origem\":\"compra\",\"observacoes\":\"Gerado automaticamente para despesa da loca\\u00e7\\u00e3o\",\"numero_parcela\":1,\"total_parcelas\":1,\"updated_at\":\"2026-03-11 21:26:26\",\"created_at\":\"2026-03-11 21:26:26\",\"id_contas\":3}','186.250.209.7','web','plus','verde','[\"contas_pagar\",\"financeiro\",\"cadastro\"]','2026-03-11 21:26:26'),
(74,1,5,'Renato Santana','renatosantanap1706@gmail.com','locacao.editada','Editou locacao #O002 - PRIME VIDEO LTDA - valores alterados','Locacao',4,'Contrato #O002 - PRIME VIDEO LTDA - R$ 610,00',610.00,'{\"evento\":\"updated\",\"campos_alterados\":[\"valor_total\",\"valor_final\"]}','{\"valor_total\":null,\"valor_final\":null}','{\"valor_total\":\"600.00\",\"valor_final\":\"610.00\"}','186.250.209.7','web','edit','amarelo','[\"locacao\",\"contratos\",\"edicao\"]','2026-03-11 21:26:26'),
(75,1,5,'Renato Santana','renatosantanap1706@gmail.com','produto.editado','Editou o produto Andaime 1x2m','produto',3,'Andaime 1x2m (Cod: 1458)',40.00,'{\"evento\":\"updated\",\"campos_alterados\":[\"quantidade\"]}','{\"quantidade\":190}','{\"quantidade\":170}','186.250.209.7','web','package','amarelo','[\"produtos\",\"estoque\",\"edicao\"]','2026-03-11 21:27:03'),
(76,1,5,'Renato Santana','renatosantanap1706@gmail.com','locacao_produto.editado','Editou item Andaime 1x2m na locacao #O002','LocacaoProduto',5,'Produto Andaime 1x2m (x20) - Contrato #O002',200.00,'{\"evento\":\"updated\",\"campos_alterados\":[\"estoque_status\"]}','{\"estoque_status\":0}','{\"estoque_status\":1}','186.250.209.7','web','package','amarelo','[\"locacao\",\"produtos\",\"estoque\",\"edicao\"]','2026-03-11 21:27:03'),
(77,1,5,'Renato Santana','renatosantanap1706@gmail.com','locacao.editada','Editou locacao #003 - PRIME VIDEO LTDA','Locacao',4,'Contrato #003 - PRIME VIDEO LTDA - R$ 610,00',610.00,'{\"evento\":\"updated\",\"campos_alterados\":[\"numero_contrato\",\"status\"]}','{\"numero_contrato\":\"O002\",\"status\":\"orcamento\"}','{\"numero_contrato\":\"003\",\"status\":\"aprovado\"}','186.250.209.7','web','edit','amarelo','[\"locacao\",\"contratos\",\"edicao\"]','2026-03-11 21:27:03'),
(78,1,5,'Renato Santana','renatosantanap1706@gmail.com','fatura_locacao.gerada','Gerou fatura #1 para locacao #003 - PRIME VIDEO LTDA - R$ 610,00 - Venc.: 12/04/2026','FaturamentoLocacao',1,'Fatura #1 - Contrato #003 - PRIME VIDEO LTDA - R$ 610,00',610.00,'{\"evento\":\"created\"}',NULL,'{\"id_empresa\":1,\"id_locacao\":4,\"id_usuario\":5,\"numero_fatura\":1,\"id_cliente\":1,\"descricao\":\"Faturamento Loca\\u00e7\\u00e3o #003\",\"valor_total\":610,\"data_faturamento\":\"2026-03-11 21:40:37\",\"data_vencimento\":\"2026-04-12 00:00:00\",\"status\":\"faturado\",\"origem\":\"encerramento_locacao\",\"observacoes\":null,\"updated_at\":\"2026-03-11 21:40:37\",\"created_at\":\"2026-03-11 21:40:37\",\"id_faturamento_locacao\":1}','186.250.209.7','web','file-text','verde','[\"faturamento\",\"locacao\",\"financeiro\",\"fatura_gerada\"]','2026-03-11 21:40:37'),
(79,1,5,'Renato Santana','renatosantanap1706@gmail.com','conta_receber.criada','Criou a conta a receber #1 — Faturamento Locação #003','conta_receber',1,'Conta #1 — PRIME VIDEO LTDA',610.00,'{\"evento\":\"created\"}',NULL,'{\"id_empresa\":1,\"id_clientes\":1,\"id_locacao\":4,\"descricao\":\"Faturamento Loca\\u00e7\\u00e3o #003\",\"documento\":\"003\",\"valor_total\":610,\"valor_pago\":0,\"data_emissao\":\"2026-03-11 21:40:37\",\"data_vencimento\":\"2026-04-12 00:00:00\",\"status\":\"pendente\",\"observacoes\":null,\"updated_at\":\"2026-03-11 21:40:37\",\"created_at\":\"2026-03-11 21:40:37\",\"id_contas\":1}','186.250.209.7','web','file-plus','verde','[\"contas_receber\",\"financeiro\",\"cadastro\"]','2026-03-11 21:40:37'),
(80,1,5,'Renato Santana','renatosantanap1706@gmail.com','fatura_locacao.editada','Editou fatura #1 da locacao #003 - PRIME VIDEO LTDA','FaturamentoLocacao',1,'Fatura #1 - Contrato #003 - PRIME VIDEO LTDA - R$ 610,00',610.00,'{\"evento\":\"updated\",\"campos_alterados\":[\"id_conta_receber\"]}','{\"id_conta_receber\":null}','{\"id_conta_receber\":1}','186.250.209.7','web','file-text','amarelo','[\"faturamento\",\"locacao\",\"financeiro\",\"edicao\"]','2026-03-11 21:40:37'),
(81,1,5,'Renato Santana','renatosantanap1706@gmail.com','fatura_locacao.gerada','Gerou fatura #2 para locacao #002 - PRIME VIDEO LTDA - R$ 230,00 - Venc.: 12/03/2026','FaturamentoLocacao',2,'Fatura #2 - Contrato #002 - PRIME VIDEO LTDA - R$ 230,00',230.00,'{\"evento\":\"created\"}',NULL,'{\"id_empresa\":1,\"id_locacao\":3,\"id_usuario\":5,\"numero_fatura\":2,\"id_cliente\":1,\"descricao\":\"Faturamento Loca\\u00e7\\u00e3o #002\",\"valor_total\":230,\"data_faturamento\":\"2026-03-11 21:50:15\",\"data_vencimento\":\"2026-03-12 00:00:00\",\"status\":\"faturado\",\"origem\":\"encerramento_locacao\",\"observacoes\":null,\"updated_at\":\"2026-03-11 21:50:15\",\"created_at\":\"2026-03-11 21:50:15\",\"id_faturamento_locacao\":2}','186.250.209.7','web','file-text','verde','[\"faturamento\",\"locacao\",\"financeiro\",\"fatura_gerada\"]','2026-03-11 21:50:15'),
(82,1,5,'Renato Santana','renatosantanap1706@gmail.com','conta_receber.criada','Criou a conta a receber #2 — Faturamento Locação #002','conta_receber',2,'Conta #2 — PRIME VIDEO LTDA',230.00,'{\"evento\":\"created\"}',NULL,'{\"id_empresa\":1,\"id_clientes\":1,\"id_locacao\":3,\"descricao\":\"Faturamento Loca\\u00e7\\u00e3o #002\",\"documento\":\"002\",\"valor_total\":230,\"valor_pago\":0,\"data_emissao\":\"2026-03-11 21:50:15\",\"data_vencimento\":\"2026-03-12 00:00:00\",\"status\":\"pendente\",\"observacoes\":null,\"updated_at\":\"2026-03-11 21:50:15\",\"created_at\":\"2026-03-11 21:50:15\",\"id_contas\":2}','186.250.209.7','web','file-plus','verde','[\"contas_receber\",\"financeiro\",\"cadastro\"]','2026-03-11 21:50:15'),
(83,1,5,'Renato Santana','renatosantanap1706@gmail.com','fatura_locacao.editada','Editou fatura #2 da locacao #002 - PRIME VIDEO LTDA','FaturamentoLocacao',2,'Fatura #2 - Contrato #002 - PRIME VIDEO LTDA - R$ 230,00',230.00,'{\"evento\":\"updated\",\"campos_alterados\":[\"id_conta_receber\"]}','{\"id_conta_receber\":null}','{\"id_conta_receber\":2}','186.250.209.7','web','file-text','amarelo','[\"faturamento\",\"locacao\",\"financeiro\",\"edicao\"]','2026-03-11 21:50:15'),
(84,1,5,'Renato Santana','renatosantanap1706@gmail.com','conta_receber.baixa','Baixa total na conta #2 — Recebido: R$ 230,00','conta_receber',2,'Conta a receber #2 — Faturamento Locação #002',230.00,'{\"evento\":\"baixa\",\"tipo_baixa\":\"total\",\"id_recebimento\":1,\"data_pagamento\":\"2026-03-11\",\"valor_recebido_parcela\":230,\"valor_pago_antes\":0,\"valor_pago_depois\":230,\"saldo_restante_antes\":230,\"saldo_restante_depois\":0,\"forma_pagamento\":\"-\",\"banco\":\"-\",\"observacoes\":null,\"numero_parcela\":null,\"total_parcelas\":null}','{\"valor_pago\":0,\"saldo_restante\":230,\"status\":\"pendente\"}','{\"valor_pago\":230,\"saldo_restante\":0,\"status\":\"pago\"}','186.250.209.7','web','check-circle','verde-escuro','[\"contas_receber\",\"financeiro\",\"recebimento\"]','2026-03-11 21:52:06'),
(85,1,1,'GestorNow','gestornow0@gmail.com','conta_pagar.baixa_total','Registrou baixa total de R$ 60,00 na conta a pagar #3','conta_pagar',3,'Conta a pagar #3 — Locação #O002 - Combustivel',60.00,'{\"evento\":\"baixa\",\"tipo_baixa\":\"total\",\"id_pagamento\":1,\"data_pagamento\":\"2026-03-12\",\"valor_baixa\":60,\"valor_pago_antes\":0,\"valor_pago_depois\":60,\"valor_restante_antes\":60,\"valor_restante_depois\":0,\"percentual_quitado\":100,\"forma_pagamento\":\"-\",\"banco\":\"-\",\"observacoes\":null}','{\"valor_pago\":0,\"valor_restante\":60,\"status\":\"pendente\"}','{\"valor_pago\":60,\"valor_restante\":0,\"status\":\"pago\"}','2804:1710:151:9e00:a02a:7fe7:cfe9:21c7','web','cash','verde','[\"financeiro\",\"pagamento\",\"baixa_total\"]','2026-03-11 21:54:41'),
(86,1,5,'Renato Santana','renatosantanap1706@gmail.com','conta_receber.baixa','Baixa total na conta #1 — Recebido: R$ 610,00','conta_receber',1,'Conta a receber #1 — Faturamento Locação #003',610.00,'{\"evento\":\"baixa\",\"tipo_baixa\":\"total\",\"id_recebimento\":2,\"data_pagamento\":\"2026-03-12\",\"valor_recebido_parcela\":610,\"valor_pago_antes\":0,\"valor_pago_depois\":610,\"saldo_restante_antes\":610,\"saldo_restante_depois\":0,\"forma_pagamento\":\"Debito\",\"banco\":\"Inter\",\"observacoes\":null,\"numero_parcela\":null,\"total_parcelas\":null}','{\"valor_pago\":0,\"saldo_restante\":610,\"status\":\"pendente\"}','{\"valor_pago\":610,\"saldo_restante\":0,\"status\":\"pago\"}','186.250.209.7','web','check-circle','verde-escuro','[\"contas_receber\",\"financeiro\",\"recebimento\"]','2026-03-11 22:05:44'),
(87,1,1,'GestorNow','gestornow0@gmail.com','conta_pagar.editada','Editou a conta a pagar #3 — Locação #O002 - Combustivel','conta_pagar',3,'Conta a pagar #3 — Locação #O002 - Combustivel',60.00,'{\"evento\":\"updated\",\"campos_alterados\":[\"valor_pago\",\"data_pagamento\",\"status\"]}','{\"valor_pago\":\"60.00\",\"data_pagamento\":\"2026-03-12T03:00:00.000000Z\",\"status\":\"pago\"}','{\"valor_pago\":\"0.00\",\"data_pagamento\":null,\"status\":\"pendente\"}','2804:1710:151:9e00:a02a:7fe7:cfe9:21c7','web','edit','amarelo','[\"contas_pagar\",\"financeiro\",\"edicao\"]','2026-03-11 22:14:03'),
(88,1,1,'GestorNow','gestornow0@gmail.com','conta_pagar.estornada','Estornou pagamento da conta a pagar #3 — Locação #O002 - Combustivel','conta_pagar',3,'Conta a pagar #3 — Locação #O002 - Combustivel',60.00,'{\"evento\":\"estorno\"}',NULL,NULL,'2804:1710:151:9e00:a02a:7fe7:cfe9:21c7','web','rotate-clockwise','laranja','[\"contas_pagar\",\"financeiro\",\"pagamento\",\"estorno\"]','2026-03-11 22:14:03'),
(89,1,5,'Renato Santana','renatosantanap1706@gmail.com','fatura_locacao.gerada','Gerou fatura #3 para locacao #001 - PRIME VIDEO LTDA - R$ 599,00 - Venc.: 11/03/2026','FaturamentoLocacao',3,'Fatura #3 - Contrato #001 - PRIME VIDEO LTDA - R$ 599,00',599.00,'{\"evento\":\"created\"}',NULL,'{\"id_empresa\":1,\"id_locacao\":1,\"id_usuario\":5,\"numero_fatura\":3,\"id_cliente\":1,\"descricao\":\"Faturamento Loca\\u00e7\\u00e3o #001\",\"valor_total\":599,\"data_faturamento\":\"2026-03-11 22:47:06\",\"data_vencimento\":\"2026-03-11 00:00:00\",\"status\":\"faturado\",\"origem\":\"encerramento_locacao\",\"observacoes\":null,\"updated_at\":\"2026-03-11 22:47:06\",\"created_at\":\"2026-03-11 22:47:06\",\"id_faturamento_locacao\":3}','186.250.209.7','web','file-text','verde','[\"faturamento\",\"locacao\",\"financeiro\",\"fatura_gerada\"]','2026-03-11 22:47:06'),
(90,1,5,'Renato Santana','renatosantanap1706@gmail.com','conta_receber.criada','Criou a conta a receber #3 — Faturamento Locação #001','conta_receber',3,'Conta #3 — PRIME VIDEO LTDA',599.00,'{\"evento\":\"created\"}',NULL,'{\"id_empresa\":1,\"id_clientes\":1,\"id_locacao\":1,\"descricao\":\"Faturamento Loca\\u00e7\\u00e3o #001\",\"documento\":\"001\",\"valor_total\":599,\"valor_pago\":0,\"data_emissao\":\"2026-03-11 22:47:06\",\"data_vencimento\":\"2026-03-11 00:00:00\",\"status\":\"pendente\",\"observacoes\":null,\"updated_at\":\"2026-03-11 22:47:06\",\"created_at\":\"2026-03-11 22:47:06\",\"id_contas\":3}','186.250.209.7','web','file-plus','verde','[\"contas_receber\",\"financeiro\",\"cadastro\"]','2026-03-11 22:47:06'),
(91,1,5,'Renato Santana','renatosantanap1706@gmail.com','fatura_locacao.editada','Editou fatura #3 da locacao #001 - PRIME VIDEO LTDA','FaturamentoLocacao',3,'Fatura #3 - Contrato #001 - PRIME VIDEO LTDA - R$ 599,00',599.00,'{\"evento\":\"updated\",\"campos_alterados\":[\"id_conta_receber\"]}','{\"id_conta_receber\":null}','{\"id_conta_receber\":3}','186.250.209.7','web','file-text','amarelo','[\"faturamento\",\"locacao\",\"financeiro\",\"edicao\"]','2026-03-11 22:47:06'),
(92,1,5,'Renato Santana','renatosantanap1706@gmail.com','conta_receber.baixa','Baixa total na conta #3 — Recebido: R$ 599,00','conta_receber',3,'Conta a receber #3 — Faturamento Locação #001',599.00,'{\"evento\":\"baixa\",\"tipo_baixa\":\"total\",\"id_recebimento\":3,\"data_pagamento\":\"2026-03-12\",\"valor_recebido_parcela\":599,\"valor_pago_antes\":0,\"valor_pago_depois\":599,\"saldo_restante_antes\":599,\"saldo_restante_depois\":0,\"forma_pagamento\":\"Debito\",\"banco\":\"Inter\",\"observacoes\":null,\"numero_parcela\":null,\"total_parcelas\":null}','{\"valor_pago\":0,\"saldo_restante\":599,\"status\":\"pendente\"}','{\"valor_pago\":599,\"saldo_restante\":0,\"status\":\"pago\"}','186.250.209.7','web','check-circle','verde-escuro','[\"contas_receber\",\"financeiro\",\"recebimento\"]','2026-03-11 22:49:08'),
(93,1,4,'Gustavo Henrique','gustavohenrique-silva@outlook.com.br','conta_receber.criada','Criou a conta a receber #4 — Alguel','conta_receber',4,'Conta #4 — Alguel',100.00,'{\"evento\":\"created\"}',NULL,'{\"descricao\":\"Alguel\",\"documento\":null,\"id_clientes\":null,\"id_categoria_contas\":null,\"id_bancos\":null,\"id_forma_pagamento\":null,\"valor_total\":100,\"juros\":0,\"multa\":0,\"desconto\":0,\"valor_pago\":0,\"data_emissao\":null,\"data_vencimento\":\"2026-03-16 00:00:00\",\"data_pagamento\":null,\"status\":\"pendente\",\"observacoes\":null,\"total_parcelas\":\"2\",\"tipo_recorrencia\":\"mensal\",\"quantidade_recorrencias\":\"12\",\"id_empresa\":1,\"updated_at\":\"2026-03-12 15:05:25\",\"created_at\":\"2026-03-12 15:05:25\",\"id_contas\":4}','2804:868:d054:7615:710b:bd36:8a06:61b7','web','file-plus','verde','[\"contas_receber\",\"financeiro\",\"cadastro\"]','2026-03-12 15:05:25'),
(94,1,4,'Gustavo Henrique','gustavohenrique-silva@outlook.com.br','conta_receber.editada','Editou a conta a receber #4 — Alguel','conta_receber',4,'Conta #4 — PRIME VIDEO LTDA',100.00,'{\"evento\":\"updated\",\"campos_alterados\":[\"id_clientes\"]}','{\"id_clientes\":null}','{\"id_clientes\":\"1\"}','2804:868:d054:7615:710b:bd36:8a06:61b7','web','edit','amarelo','[\"contas_receber\",\"financeiro\",\"edicao\"]','2026-03-12 15:05:40'),
(100,1,4,'Gustavo Henrique','gustavohenrique-silva@outlook.com.br','locacao.criada','Criou locacao #O002 para PRIME VIDEO LTDA - R$ 0,00','Locacao',6,'Contrato #O002 - PRIME VIDEO LTDA - R$ 0,00',NULL,'{\"evento\":\"created\"}',NULL,'{\"id_empresa\":1,\"id_cliente\":\"1\",\"id_usuario\":1,\"numero_contrato\":\"O002\",\"data_inicio\":\"2026-03-12 00:00:00\",\"hora_inicio\":\"08:00\",\"data_fim\":\"2026-03-15 00:00:00\",\"hora_fim\":\"18:00\",\"quantidade_dias\":4,\"data_transporte_ida\":null,\"hora_transporte_ida\":null,\"data_transporte_volta\":null,\"hora_transporte_volta\":null,\"local_entrega\":\"AVENIDA SUBURBANA, 7471, SALA 201 PARTE, ABOLICAO, CEP 20751000\",\"local_retirada\":null,\"contato_responsavel\":null,\"telefone_responsavel\":null,\"nome_obra\":null,\"contato_local\":null,\"telefone_contato\":null,\"local_evento\":null,\"endereco_entrega\":null,\"cidade\":null,\"estado\":null,\"cep\":null,\"valor_frete\":0,\"valor_despesas_extras\":0,\"valor_desconto\":0,\"valor_acrescimo\":0,\"valor_imposto\":0,\"status\":\"orcamento\",\"observacoes\":null,\"responsavel\":null,\"observacoes_recibo\":null,\"observacoes_entrega\":null,\"observacoes_checklist\":null,\"numero_orcamento\":2,\"renovacao_automatica\":false,\"locacao_por_hora\":false,\"valor_limite_medicao\":0,\"numero_orcamento_origem\":2,\"updated_at\":\"2026-03-12 15:28:57\",\"created_at\":\"2026-03-12 15:28:57\",\"id_locacao\":6}','2804:868:d054:7615:710b:bd36:8a06:61b7','web','file-plus','verde','[\"locacao\",\"contratos\",\"novo_contrato\"]','2026-03-12 15:28:57'),
(101,1,4,'Gustavo Henrique','gustavohenrique-silva@outlook.com.br','locacao.orcamento_criado','Criou orcamento #2 para PRIME VIDEO LTDA - R$ 0,00','Locacao',6,'Contrato #O002 - PRIME VIDEO LTDA - R$ 0,00',NULL,'{\"evento\":\"orcamento_criado\"}',NULL,NULL,'2804:868:d054:7615:710b:bd36:8a06:61b7','web','file-text','cinza','[\"locacao\",\"contratos\",\"orcamento\"]','2026-03-12 15:28:57'),
(102,1,4,'Gustavo Henrique','gustavohenrique-silva@outlook.com.br','locacao_produto.adicionado','Adicionou 5x Andaime 1x2m na locacao #O002 - R$ 10,00/un - Total: R$ 50,00','LocacaoProduto',7,'Produto Andaime 1x2m (x5) - Contrato #O002',50.00,'{\"evento\":\"created\"}',NULL,'{\"id_empresa\":1,\"id_locacao\":6,\"id_produto\":\"3\",\"id_sala\":null,\"id_tabela_preco\":null,\"preco_unitario\":\"10.00\",\"data_inicio\":\"2026-03-12 00:00:00\",\"hora_inicio\":\"08:00\",\"data_fim\":\"2026-03-15 00:00:00\",\"hora_fim\":\"18:00\",\"data_contrato\":\"2026-03-12 00:00:00\",\"data_contrato_fim\":\"2026-03-15 00:00:00\",\"hora_contrato\":\"08:00\",\"hora_contrato_fim\":\"18:00\",\"tipo_cobranca\":\"diaria\",\"tipo_movimentacao\":\"entrega\",\"observacoes\":null,\"valor_fechado\":0,\"status_retorno\":\"pendente\",\"estoque_status\":0,\"id_patrimonio\":null,\"quantidade\":5,\"preco_total\":50,\"updated_at\":\"2026-03-12 15:28:57\",\"created_at\":\"2026-03-12 15:28:57\",\"id_produto_locacao\":7}','2804:868:d054:7615:710b:bd36:8a06:61b7','web','package-plus','verde','[\"locacao\",\"produtos\",\"estoque\",\"item_adicionado\"]','2026-03-12 15:28:57'),
(103,1,4,'Gustavo Henrique','gustavohenrique-silva@outlook.com.br','locacao_servico.adicionado','Adicionou servico \'Operador\' na locacao #O002 - 1x R$ 200,00 - Total: R$ 200,00','LocacaoServico',2,'Servico: Operador - Contrato #O002',200.00,'{\"evento\":\"created\"}',NULL,'{\"id_locacao\":6,\"descricao\":\"Operador\",\"quantidade\":1,\"preco_unitario\":200,\"valor_total\":200,\"observacoes\":\"[GN_META]{\\\"tipo_item\\\":\\\"proprio\\\",\\\"custo_fornecedor\\\":0,\\\"gerar_conta_pagar\\\":false,\\\"conta_valor\\\":0,\\\"conta_parcelas\\\":1}\",\"tipo_item\":\"proprio\",\"id_sala\":null,\"id_fornecedor\":null,\"fornecedor_nome\":null,\"custo_fornecedor\":0,\"gerar_conta_pagar\":false,\"conta_vencimento\":null,\"conta_valor\":0,\"conta_parcelas\":1,\"updated_at\":\"2026-03-12 15:28:57\",\"created_at\":\"2026-03-12 15:28:57\",\"id_locacao_servico\":2}','2804:868:d054:7615:710b:bd36:8a06:61b7','web','tool','verde','[\"locacao\",\"servicos\",\"servico_adicionado\"]','2026-03-12 15:28:57'),
(104,1,4,'Gustavo Henrique','gustavohenrique-silva@outlook.com.br','locacao.editada','Editou locacao #O002 - PRIME VIDEO LTDA - valores alterados','Locacao',6,'Contrato #O002 - PRIME VIDEO LTDA - R$ 400,00',400.00,'{\"evento\":\"updated\",\"campos_alterados\":[\"valor_total\",\"valor_final\"]}','{\"valor_total\":null,\"valor_final\":null}','{\"valor_total\":\"400.00\",\"valor_final\":\"400.00\"}','2804:868:d054:7615:710b:bd36:8a06:61b7','web','edit','amarelo','[\"locacao\",\"contratos\",\"edicao\"]','2026-03-12 15:28:57'),
(105,1,4,'Gustavo Henrique','gustavohenrique-silva@outlook.com.br','produto.editado','Editou o produto Andaime 1x2m','produto',3,'Andaime 1x2m (Cod: 1458)',40.00,'{\"evento\":\"updated\",\"campos_alterados\":[\"quantidade\"]}','{\"quantidade\":170}','{\"quantidade\":165}','2804:868:d054:7615:710b:bd36:8a06:61b7','web','package','amarelo','[\"produtos\",\"estoque\",\"edicao\"]','2026-03-12 15:33:58'),
(106,1,4,'Gustavo Henrique','gustavohenrique-silva@outlook.com.br','locacao_produto.editado','Editou item Andaime 1x2m na locacao #O002','LocacaoProduto',7,'Produto Andaime 1x2m (x5) - Contrato #O002',50.00,'{\"evento\":\"updated\",\"campos_alterados\":[\"estoque_status\"]}','{\"estoque_status\":0}','{\"estoque_status\":1}','2804:868:d054:7615:710b:bd36:8a06:61b7','web','package','amarelo','[\"locacao\",\"produtos\",\"estoque\",\"edicao\"]','2026-03-12 15:33:58'),
(107,1,4,'Gustavo Henrique','gustavohenrique-silva@outlook.com.br','locacao.editada','Editou locacao #004 - PRIME VIDEO LTDA','Locacao',6,'Contrato #004 - PRIME VIDEO LTDA - R$ 400,00',400.00,'{\"evento\":\"updated\",\"campos_alterados\":[\"numero_contrato\",\"status\"]}','{\"numero_contrato\":\"O002\",\"status\":\"orcamento\"}','{\"numero_contrato\":\"004\",\"status\":\"aprovado\"}','2804:868:d054:7615:710b:bd36:8a06:61b7','web','edit','amarelo','[\"locacao\",\"contratos\",\"edicao\"]','2026-03-12 15:33:58'),
(108,1,4,'Gustavo Henrique','gustavohenrique-silva@outlook.com.br','cliente.editado','Editou o cadastro do cliente PRIME VIDEO LTDA','cliente',1,'PRIME VIDEO LTDA (***0104)',NULL,'{\"evento\":\"updated\",\"campos_alterados\":[\"cpf_cnpj\",\"email\"]}','{\"cpf_cnpj\":\"68.634.245\\/0001-04\",\"email\":null}','{\"cpf_cnpj\":\"68634245000104\",\"email\":\"contato@amclocacao.com.br\"}','2804:868:d054:7615:710b:bd36:8a06:61b7','web','user-check','amarelo','[\"clientes\",\"cadastro\",\"edicao\"]','2026-03-12 15:36:30'),
(109,1,4,'Gustavo Henrique','gustavohenrique-silva@outlook.com.br','locacao.editada','Editou locacao #004 - PRIME VIDEO LTDA','Locacao',6,'Contrato #004 - PRIME VIDEO LTDA - R$ 400,00',400.00,'{\"evento\":\"updated\",\"campos_alterados\":[\"status_logistica\"]}','{\"status_logistica\":null}','{\"status_logistica\":\"pronto_patio\"}','2804:868:d054:7615:710b:bd36:8a06:61b7','web','edit','amarelo','[\"locacao\",\"contratos\",\"edicao\"]','2026-03-12 15:44:08'),
(110,1,4,'Gustavo Henrique','gustavohenrique-silva@outlook.com.br','locacao.status_logistica_alterado','Alterou status logistico da locacao #004 de \'Pronto / No Patio\' para \'Pronto / No Patio\'','Locacao',6,'Contrato #004 - PRIME VIDEO LTDA - R$ 400,00',400.00,'{\"evento\":\"status_logistica\"}',NULL,NULL,'2804:868:d054:7615:710b:bd36:8a06:61b7','web','truck','azul-claro','[\"locacao\",\"contratos\",\"logistica\",\"status\"]','2026-03-12 15:44:08'),
(111,1,4,'Gustavo Henrique','gustavohenrique-silva@outlook.com.br','locacao.editada','Editou locacao #004 - PRIME VIDEO LTDA','Locacao',6,'Contrato #004 - PRIME VIDEO LTDA - R$ 400,00',400.00,'{\"evento\":\"updated\",\"campos_alterados\":[\"status_logistica\"]}','{\"status_logistica\":\"pronto_patio\"}','{\"status_logistica\":\"em_rota\"}','2804:868:d054:7615:710b:bd36:8a06:61b7','web','edit','amarelo','[\"locacao\",\"contratos\",\"edicao\"]','2026-03-12 15:44:09'),
(112,1,4,'Gustavo Henrique','gustavohenrique-silva@outlook.com.br','locacao.status_logistica_alterado','Alterou status logistico da locacao #004 de \'Em Rota\' para \'Em Rota\'','Locacao',6,'Contrato #004 - PRIME VIDEO LTDA - R$ 400,00',400.00,'{\"evento\":\"status_logistica\"}',NULL,NULL,'2804:868:d054:7615:710b:bd36:8a06:61b7','web','truck','azul-claro','[\"locacao\",\"contratos\",\"logistica\",\"status\"]','2026-03-12 15:44:09'),
(113,1,4,'Gustavo Henrique','gustavohenrique-silva@outlook.com.br','locacao.editada','Editou locacao #004 - PRIME VIDEO LTDA','Locacao',6,'Contrato #004 - PRIME VIDEO LTDA - R$ 400,00',400.00,'{\"evento\":\"updated\",\"campos_alterados\":[\"status_logistica\"]}','{\"status_logistica\":\"em_rota\"}','{\"status_logistica\":\"entregue\"}','2804:868:d054:7615:710b:bd36:8a06:61b7','web','edit','amarelo','[\"locacao\",\"contratos\",\"edicao\"]','2026-03-12 15:44:10'),
(114,1,4,'Gustavo Henrique','gustavohenrique-silva@outlook.com.br','locacao.status_logistica_alterado','Alterou status logistico da locacao #004 de \'Entregue\' para \'Entregue\'','Locacao',6,'Contrato #004 - PRIME VIDEO LTDA - R$ 400,00',400.00,'{\"evento\":\"status_logistica\"}',NULL,NULL,'2804:868:d054:7615:710b:bd36:8a06:61b7','web','truck','azul-claro','[\"locacao\",\"contratos\",\"logistica\",\"status\"]','2026-03-12 15:44:10'),
(115,1,4,'Gustavo Henrique','gustavohenrique-silva@outlook.com.br','locacao.editada','Editou locacao #004 - PRIME VIDEO LTDA','Locacao',6,'Contrato #004 - PRIME VIDEO LTDA - R$ 400,00',400.00,'{\"evento\":\"updated\",\"campos_alterados\":[\"status_logistica\"]}','{\"status_logistica\":\"entregue\"}','{\"status_logistica\":\"em_rota\"}','2804:868:d054:7615:710b:bd36:8a06:61b7','web','edit','amarelo','[\"locacao\",\"contratos\",\"edicao\"]','2026-03-12 15:44:11'),
(116,1,4,'Gustavo Henrique','gustavohenrique-silva@outlook.com.br','locacao.status_logistica_alterado','Alterou status logistico da locacao #004 de \'Em Rota\' para \'Em Rota\'','Locacao',6,'Contrato #004 - PRIME VIDEO LTDA - R$ 400,00',400.00,'{\"evento\":\"status_logistica\"}',NULL,NULL,'2804:868:d054:7615:710b:bd36:8a06:61b7','web','truck','azul-claro','[\"locacao\",\"contratos\",\"logistica\",\"status\"]','2026-03-12 15:44:11'),
(117,1,4,'Gustavo Henrique','gustavohenrique-silva@outlook.com.br','locacao.editada','Editou locacao #004 - PRIME VIDEO LTDA','Locacao',6,'Contrato #004 - PRIME VIDEO LTDA - R$ 400,00',400.00,'{\"evento\":\"updated\",\"campos_alterados\":[\"status_logistica\"]}','{\"status_logistica\":\"em_rota\"}','{\"status_logistica\":\"pronto_patio\"}','2804:868:d054:7615:710b:bd36:8a06:61b7','web','edit','amarelo','[\"locacao\",\"contratos\",\"edicao\"]','2026-03-12 15:44:12'),
(118,1,4,'Gustavo Henrique','gustavohenrique-silva@outlook.com.br','locacao.status_logistica_alterado','Alterou status logistico da locacao #004 de \'Pronto / No Patio\' para \'Pronto / No Patio\'','Locacao',6,'Contrato #004 - PRIME VIDEO LTDA - R$ 400,00',400.00,'{\"evento\":\"status_logistica\"}',NULL,NULL,'2804:868:d054:7615:710b:bd36:8a06:61b7','web','truck','azul-claro','[\"locacao\",\"contratos\",\"logistica\",\"status\"]','2026-03-12 15:44:12'),
(119,1,4,'Gustavo Henrique','gustavohenrique-silva@outlook.com.br','locacao.editada','Editou locacao #004 - PRIME VIDEO LTDA','Locacao',6,'Contrato #004 - PRIME VIDEO LTDA - R$ 400,00',400.00,'{\"evento\":\"updated\",\"campos_alterados\":[\"status_logistica\"]}','{\"status_logistica\":\"pronto_patio\"}','{\"status_logistica\":\"para_separar\"}','2804:868:d054:7615:710b:bd36:8a06:61b7','web','edit','amarelo','[\"locacao\",\"contratos\",\"edicao\"]','2026-03-12 15:44:13'),
(120,1,4,'Gustavo Henrique','gustavohenrique-silva@outlook.com.br','locacao.status_logistica_alterado','Alterou status logistico da locacao #004 de \'Para Separar\' para \'Para Separar\'','Locacao',6,'Contrato #004 - PRIME VIDEO LTDA - R$ 400,00',400.00,'{\"evento\":\"status_logistica\"}',NULL,NULL,'2804:868:d054:7615:710b:bd36:8a06:61b7','web','truck','azul-claro','[\"locacao\",\"contratos\",\"logistica\",\"status\"]','2026-03-12 15:44:13'),
(122,1,4,'Gustavo Henrique','gustavohenrique-silva@outlook.com.br','locacao.criada','Criou locacao #005 para PRIME VIDEO LTDA - R$ 0,00','Locacao',7,'Contrato #005 - PRIME VIDEO LTDA - R$ 0,00',NULL,'{\"evento\":\"created\"}',NULL,'{\"id_empresa\":1,\"id_cliente\":\"1\",\"id_usuario\":1,\"numero_contrato\":\"005\",\"data_inicio\":\"2026-03-12 00:00:00\",\"hora_inicio\":\"08:00\",\"data_fim\":\"2026-03-12 00:00:00\",\"hora_fim\":\"08:00\",\"quantidade_dias\":1,\"data_transporte_ida\":null,\"hora_transporte_ida\":null,\"data_transporte_volta\":null,\"hora_transporte_volta\":null,\"local_entrega\":\"AVENIDA SUBURBANA, 7471, SALA 201 PARTE, ABOLICAO, CEP 20751000\",\"local_retirada\":null,\"contato_responsavel\":null,\"telefone_responsavel\":null,\"nome_obra\":null,\"contato_local\":null,\"telefone_contato\":null,\"local_evento\":null,\"endereco_entrega\":null,\"cidade\":null,\"estado\":null,\"cep\":null,\"valor_frete\":0,\"valor_despesas_extras\":0,\"valor_desconto\":0,\"valor_acrescimo\":0,\"valor_imposto\":0,\"status\":\"medicao\",\"observacoes\":null,\"responsavel\":null,\"observacoes_recibo\":null,\"observacoes_entrega\":null,\"observacoes_checklist\":null,\"numero_orcamento\":2,\"renovacao_automatica\":false,\"locacao_por_hora\":false,\"valor_limite_medicao\":0,\"numero_orcamento_origem\":2,\"updated_at\":\"2026-03-12 16:06:04\",\"created_at\":\"2026-03-12 16:06:04\",\"id_locacao\":7}','2804:868:d054:7615:710b:bd36:8a06:61b7','web','file-plus','verde','[\"locacao\",\"contratos\",\"novo_contrato\"]','2026-03-12 16:06:04'),
(123,1,4,'Gustavo Henrique','gustavohenrique-silva@outlook.com.br','locacao.editada','Editou locacao #005 - PRIME VIDEO LTDA - valores alterados','Locacao',7,'Contrato #005 - PRIME VIDEO LTDA - R$ 0,00',0.00,'{\"evento\":\"updated\",\"campos_alterados\":[\"valor_total\",\"valor_final\"]}','{\"valor_total\":null,\"valor_final\":null}','{\"valor_total\":\"0.00\",\"valor_final\":\"0.00\"}','2804:868:d054:7615:710b:bd36:8a06:61b7','web','edit','amarelo','[\"locacao\",\"contratos\",\"edicao\"]','2026-03-12 16:06:04'),
(124,1,1,'GestorNow','gestornow0@gmail.com','conta_pagar.criada','Criou a conta a pagar #4 — teste','conta_pagar',4,'Conta a pagar #4 — teste',100.00,'{\"evento\":\"created\"}',NULL,'{\"descricao\":\"teste\",\"documento\":null,\"boleto\":null,\"id_fornecedores\":null,\"id_categoria_contas\":null,\"id_bancos\":\"2\",\"id_forma_pagamento\":null,\"valor_total\":100,\"juros\":0,\"multa\":0,\"desconto\":0,\"valor_pago\":0,\"data_emissao\":null,\"data_vencimento\":\"2026-03-12 00:00:00\",\"data_pagamento\":null,\"status\":\"pendente\",\"observacoes\":null,\"total_parcelas\":\"2\",\"tipo_recorrencia\":\"mensal\",\"quantidade_recorrencias\":\"12\",\"id_empresa\":1,\"updated_at\":\"2026-03-12 19:03:05\",\"created_at\":\"2026-03-12 19:03:05\",\"id_contas\":4}','2804:1710:151:9e00:a02a:7fe7:cfe9:21c7','web','plus','verde','[\"contas_pagar\",\"financeiro\",\"cadastro\"]','2026-03-12 19:03:05'),
(125,1,1,'GestorNow','gestornow0@gmail.com','conta_pagar.criada','Criou a conta a pagar #5 — tste (Parcela 1/2)','conta_pagar',5,'Conta a pagar #5 — tste (Parcela 1/2)',50.00,'{\"evento\":\"created\"}',NULL,'{\"descricao\":\"tste (Parcela 1\\/2)\",\"documento\":null,\"boleto\":null,\"id_fornecedores\":null,\"id_categoria_contas\":null,\"id_bancos\":null,\"id_forma_pagamento\":null,\"valor_total\":50,\"juros\":0,\"multa\":0,\"desconto\":0,\"valor_pago\":0,\"data_emissao\":null,\"data_vencimento\":\"2026-03-12 00:00:00\",\"data_pagamento\":null,\"status\":\"pendente\",\"observacoes\":null,\"total_parcelas\":2,\"tipo_recorrencia\":\"mensal\",\"quantidade_recorrencias\":\"12\",\"id_empresa\":1,\"numero_parcela\":1,\"id_parcelamento\":\"cb1ae312-92ab-4f58-9df2-39c3f06dc32e\",\"updated_at\":\"2026-03-12 19:25:43\",\"created_at\":\"2026-03-12 19:25:43\",\"id_contas\":5}','2804:1710:151:9e00:a02a:7fe7:cfe9:21c7','web','plus','verde','[\"contas_pagar\",\"financeiro\",\"cadastro\"]','2026-03-12 19:25:43'),
(126,1,1,'GestorNow','gestornow0@gmail.com','conta_pagar.criada','Criou a conta a pagar #6 — tste (Parcela 2/2)','conta_pagar',6,'Conta a pagar #6 — tste (Parcela 2/2)',50.00,'{\"evento\":\"created\"}',NULL,'{\"descricao\":\"tste (Parcela 2\\/2)\",\"documento\":null,\"boleto\":null,\"id_fornecedores\":null,\"id_categoria_contas\":null,\"id_bancos\":null,\"id_forma_pagamento\":null,\"valor_total\":50,\"juros\":0,\"multa\":0,\"desconto\":0,\"valor_pago\":0,\"data_emissao\":null,\"data_vencimento\":\"2026-04-11 00:00:00\",\"data_pagamento\":null,\"status\":\"pendente\",\"observacoes\":null,\"total_parcelas\":2,\"tipo_recorrencia\":\"mensal\",\"quantidade_recorrencias\":\"12\",\"id_empresa\":1,\"numero_parcela\":2,\"id_parcelamento\":\"cb1ae312-92ab-4f58-9df2-39c3f06dc32e\",\"updated_at\":\"2026-03-12 19:25:43\",\"created_at\":\"2026-03-12 19:25:43\",\"id_contas\":6}','2804:1710:151:9e00:a02a:7fe7:cfe9:21c7','web','plus','verde','[\"contas_pagar\",\"financeiro\",\"cadastro\"]','2026-03-12 19:25:43'),
(127,1,1,'GestorNow','gestornow0@gmail.com','conta_pagar.baixa_total','Registrou baixa total de R$ 50,00 na conta a pagar #5','conta_pagar',5,'Conta a pagar #5 — tste (Parcela 1/2)',50.00,'{\"evento\":\"baixa\",\"tipo_baixa\":\"total\",\"id_pagamento\":2,\"data_pagamento\":\"2026-03-12\",\"valor_baixa\":50,\"valor_pago_antes\":0,\"valor_pago_depois\":50,\"valor_restante_antes\":50,\"valor_restante_depois\":0,\"percentual_quitado\":100,\"forma_pagamento\":\"-\",\"banco\":\"-\",\"observacoes\":null}','{\"valor_pago\":0,\"valor_restante\":50,\"status\":\"pendente\"}','{\"valor_pago\":50,\"valor_restante\":0,\"status\":\"pago\"}','2804:1710:151:9e00:a02a:7fe7:cfe9:21c7','web','cash','verde','[\"financeiro\",\"pagamento\",\"baixa_total\"]','2026-03-12 19:25:52'),
(128,1,1,'GestorNow','gestornow0@gmail.com','conta_pagar.excluida','Excluiu a conta a pagar #5 — tste (Parcela 1/2)','conta_pagar',5,'Conta a pagar #5 — tste (Parcela 1/2)',50.00,'{\"evento\":\"deleted\"}','{\"id_contas\":5,\"id_empresa\":1,\"id_clientes\":null,\"id_fornecedores\":null,\"id_venda\":null,\"id_locacao\":null,\"id_origem\":null,\"id_bancos\":null,\"id_categoria_contas\":null,\"id_usuario\":null,\"descricao\":\"tste (Parcela 1\\/2)\",\"documento\":null,\"boleto\":null,\"valor_total\":\"50.00\",\"valor_pago\":\"50.00\",\"juros\":\"0.00\",\"multa\":\"0.00\",\"desconto\":\"0.00\",\"data_emissao\":null,\"data_vencimento\":\"2026-03-12\",\"data_pagamento\":\"2026-03-12\",\"status\":\"pago\",\"origem\":null,\"id_forma_pagamento\":null,\"observacoes\":null,\"numero_parcela\":\"1\",\"total_parcelas\":\"2\",\"id_parcelamento\":\"cb1ae312-92ab-4f58-9df2-39c3f06dc32e\",\"tipo_recorrencia\":\"mensal\",\"quantidade_recorrencias\":\"12\",\"id_recorrencia\":null,\"is_recorrente\":null,\"created_at\":\"2026-03-12 19:25:43\",\"updated_at\":\"2026-03-12 19:26:04\",\"deleted_at\":\"2026-03-12 19:26:04\"}',NULL,'2804:1710:151:9e00:a02a:7fe7:cfe9:21c7','web','trash','vermelho','[\"contas_pagar\",\"financeiro\",\"exclusao\"]','2026-03-12 19:26:04'),
(129,1,1,'GestorNow','gestornow0@gmail.com','conta_pagar.criada','Criou a conta a pagar #7 — teste (Parcela 1/2)','conta_pagar',7,'Conta a pagar #7 — teste (Parcela 1/2)',50.00,'{\"evento\":\"created\"}',NULL,'{\"descricao\":\"teste (Parcela 1\\/2)\",\"documento\":null,\"boleto\":null,\"id_fornecedores\":null,\"id_categoria_contas\":null,\"id_bancos\":\"2\",\"id_forma_pagamento\":null,\"valor_total\":50,\"juros\":0,\"multa\":0,\"desconto\":0,\"valor_pago\":0,\"data_emissao\":null,\"data_vencimento\":\"2026-03-12 00:00:00\",\"data_pagamento\":null,\"status\":\"pendente\",\"observacoes\":null,\"total_parcelas\":2,\"tipo_recorrencia\":\"mensal\",\"quantidade_recorrencias\":\"12\",\"id_empresa\":1,\"numero_parcela\":1,\"id_parcelamento\":\"96ee820e-3fa8-4cc9-83ce-00c50d5651fe\",\"updated_at\":\"2026-03-12 19:26:37\",\"created_at\":\"2026-03-12 19:26:37\",\"id_contas\":7}','2804:1710:151:9e00:a02a:7fe7:cfe9:21c7','web','plus','verde','[\"contas_pagar\",\"financeiro\",\"cadastro\"]','2026-03-12 19:26:37'),
(130,1,1,'GestorNow','gestornow0@gmail.com','conta_pagar.criada','Criou a conta a pagar #8 — teste (Parcela 2/2)','conta_pagar',8,'Conta a pagar #8 — teste (Parcela 2/2)',50.00,'{\"evento\":\"created\"}',NULL,'{\"descricao\":\"teste (Parcela 2\\/2)\",\"documento\":null,\"boleto\":null,\"id_fornecedores\":null,\"id_categoria_contas\":null,\"id_bancos\":\"2\",\"id_forma_pagamento\":null,\"valor_total\":50,\"juros\":0,\"multa\":0,\"desconto\":0,\"valor_pago\":0,\"data_emissao\":null,\"data_vencimento\":\"2026-04-11 00:00:00\",\"data_pagamento\":null,\"status\":\"pendente\",\"observacoes\":null,\"total_parcelas\":2,\"tipo_recorrencia\":\"mensal\",\"quantidade_recorrencias\":\"12\",\"id_empresa\":1,\"numero_parcela\":2,\"id_parcelamento\":\"96ee820e-3fa8-4cc9-83ce-00c50d5651fe\",\"updated_at\":\"2026-03-12 19:26:37\",\"created_at\":\"2026-03-12 19:26:37\",\"id_contas\":8}','2804:1710:151:9e00:a02a:7fe7:cfe9:21c7','web','plus','verde','[\"contas_pagar\",\"financeiro\",\"cadastro\"]','2026-03-12 19:26:37'),
(131,1,1,'GestorNow','gestornow0@gmail.com','conta_pagar.criada','Criou a conta a pagar #9 — teste (Parcela 1/2)','conta_pagar',9,'Conta a pagar #9 — teste (Parcela 1/2)',50.00,'{\"evento\":\"created\"}',NULL,'{\"descricao\":\"teste (Parcela 1\\/2)\",\"documento\":null,\"boleto\":null,\"id_fornecedores\":null,\"id_categoria_contas\":null,\"id_bancos\":null,\"id_forma_pagamento\":null,\"valor_total\":50,\"juros\":0,\"multa\":0,\"desconto\":0,\"valor_pago\":0,\"data_emissao\":null,\"data_vencimento\":\"2026-03-12 00:00:00\",\"data_pagamento\":null,\"status\":\"pendente\",\"observacoes\":null,\"total_parcelas\":2,\"tipo_recorrencia\":\"mensal\",\"quantidade_recorrencias\":\"12\",\"id_empresa\":1,\"numero_parcela\":1,\"id_parcelamento\":\"22070ceb-cfcf-420b-980b-5e74d8caf49c\",\"updated_at\":\"2026-03-12 19:27:24\",\"created_at\":\"2026-03-12 19:27:24\",\"id_contas\":9}','2804:1710:151:9e00:a02a:7fe7:cfe9:21c7','web','plus','verde','[\"contas_pagar\",\"financeiro\",\"cadastro\"]','2026-03-12 19:27:24'),
(132,1,1,'GestorNow','gestornow0@gmail.com','conta_pagar.criada','Criou a conta a pagar #10 — teste (Parcela 2/2)','conta_pagar',10,'Conta a pagar #10 — teste (Parcela 2/2)',50.00,'{\"evento\":\"created\"}',NULL,'{\"descricao\":\"teste (Parcela 2\\/2)\",\"documento\":null,\"boleto\":null,\"id_fornecedores\":null,\"id_categoria_contas\":null,\"id_bancos\":null,\"id_forma_pagamento\":null,\"valor_total\":50,\"juros\":0,\"multa\":0,\"desconto\":0,\"valor_pago\":0,\"data_emissao\":null,\"data_vencimento\":\"2026-04-11 00:00:00\",\"data_pagamento\":null,\"status\":\"pendente\",\"observacoes\":null,\"total_parcelas\":2,\"tipo_recorrencia\":\"mensal\",\"quantidade_recorrencias\":\"12\",\"id_empresa\":1,\"numero_parcela\":2,\"id_parcelamento\":\"22070ceb-cfcf-420b-980b-5e74d8caf49c\",\"updated_at\":\"2026-03-12 19:27:24\",\"created_at\":\"2026-03-12 19:27:24\",\"id_contas\":10}','2804:1710:151:9e00:a02a:7fe7:cfe9:21c7','web','plus','verde','[\"contas_pagar\",\"financeiro\",\"cadastro\"]','2026-03-12 19:27:24'),
(133,1,1,'GestorNow','gestornow0@gmail.com','conta_pagar.criada','Criou a conta a pagar #11 — teste (Parcela 1/2)','conta_pagar',11,'Conta a pagar #11 — teste (Parcela 1/2)',50.00,'{\"evento\":\"created\"}',NULL,'{\"descricao\":\"teste (Parcela 1\\/2)\",\"documento\":null,\"boleto\":null,\"id_fornecedores\":null,\"id_categoria_contas\":null,\"id_bancos\":null,\"id_forma_pagamento\":null,\"valor_total\":50,\"juros\":0,\"multa\":0,\"desconto\":0,\"valor_pago\":0,\"data_emissao\":null,\"data_vencimento\":\"2026-03-12 00:00:00\",\"data_pagamento\":null,\"status\":\"pendente\",\"observacoes\":null,\"total_parcelas\":2,\"tipo_recorrencia\":\"mensal\",\"quantidade_recorrencias\":\"12\",\"id_empresa\":1,\"numero_parcela\":1,\"id_parcelamento\":\"9cbcf709-df4a-4bb2-8b1f-959ff3036276\",\"updated_at\":\"2026-03-12 19:28:10\",\"created_at\":\"2026-03-12 19:28:10\",\"id_contas\":11}','2804:1710:151:9e00:a02a:7fe7:cfe9:21c7','web','plus','verde','[\"contas_pagar\",\"financeiro\",\"cadastro\"]','2026-03-12 19:28:10'),
(134,1,1,'GestorNow','gestornow0@gmail.com','conta_pagar.criada','Criou a conta a pagar #12 — teste (Parcela 2/2)','conta_pagar',12,'Conta a pagar #12 — teste (Parcela 2/2)',50.00,'{\"evento\":\"created\"}',NULL,'{\"descricao\":\"teste (Parcela 2\\/2)\",\"documento\":null,\"boleto\":null,\"id_fornecedores\":null,\"id_categoria_contas\":null,\"id_bancos\":null,\"id_forma_pagamento\":null,\"valor_total\":50,\"juros\":0,\"multa\":0,\"desconto\":0,\"valor_pago\":0,\"data_emissao\":null,\"data_vencimento\":\"2026-04-11 00:00:00\",\"data_pagamento\":null,\"status\":\"pendente\",\"observacoes\":null,\"total_parcelas\":2,\"tipo_recorrencia\":\"mensal\",\"quantidade_recorrencias\":\"12\",\"id_empresa\":1,\"numero_parcela\":2,\"id_parcelamento\":\"9cbcf709-df4a-4bb2-8b1f-959ff3036276\",\"updated_at\":\"2026-03-12 19:28:10\",\"created_at\":\"2026-03-12 19:28:10\",\"id_contas\":12}','2804:1710:151:9e00:a02a:7fe7:cfe9:21c7','web','plus','verde','[\"contas_pagar\",\"financeiro\",\"cadastro\"]','2026-03-12 19:28:10'),
(135,1,4,'Gustavo Henrique','gustavohenrique-silva@outlook.com.br','cliente.editado','Editou o cadastro do cliente PRIME VIDEO LTDA','cliente',1,'PRIME VIDEO LTDA (***0104)',NULL,'{\"evento\":\"updated\",\"campos_alterados\":[\"email\"]}','{\"email\":\"contato@amclocacao.com.br\"}','{\"email\":\"gestornow0@gmail.com\"}','2804:868:d054:7615:710b:bd36:8a06:61b7','web','user-check','amarelo','[\"clientes\",\"cadastro\",\"edicao\"]','2026-03-12 19:45:19'),
(136,1,4,'Gustavo Henrique','gustavohenrique-silva@outlook.com.br','cliente.editado','Editou o cadastro do cliente PRIME VIDEO LTDA','cliente',1,'PRIME VIDEO LTDA (***0104)',NULL,'{\"evento\":\"updated\",\"campos_alterados\":[\"email\"]}','{\"email\":\"gestornow0@gmail.com\"}','{\"email\":\"gustavohenrique-silva@outlook.com.br\"}','2804:868:d054:7615:710b:bd36:8a06:61b7','web','user-check','amarelo','[\"clientes\",\"cadastro\",\"edicao\"]','2026-03-12 19:47:10'),
(137,1,4,'Gustavo Henrique','gustavohenrique-silva@outlook.com.br','cliente.editado','Editou o cadastro do cliente PRIME VIDEO LTDA','cliente',1,'PRIME VIDEO LTDA (***0104)',NULL,'{\"evento\":\"updated\",\"campos_alterados\":[\"email\"]}','{\"email\":\"gustavohenrique-silva@outlook.com.br\"}','{\"email\":\"gestornow0@gmail.com\"}','2804:868:d054:7615:710b:bd36:8a06:61b7','web','user-check','amarelo','[\"clientes\",\"cadastro\",\"edicao\"]','2026-03-12 19:47:49'),
(138,1,1,'GestorNow','gestornow0@gmail.com','conta_pagar.criada','Criou a conta a pagar #13 — teste (Parcela 1/2)','conta_pagar',13,'Conta a pagar #13 — teste (Parcela 1/2)',50.00,'{\"evento\":\"created\"}',NULL,'{\"descricao\":\"teste (Parcela 1\\/2)\",\"documento\":null,\"boleto\":null,\"id_fornecedores\":null,\"id_categoria_contas\":null,\"id_bancos\":null,\"id_forma_pagamento\":null,\"valor_total\":50,\"juros\":0,\"multa\":0,\"desconto\":0,\"valor_pago\":0,\"data_emissao\":null,\"data_vencimento\":\"2026-03-12 00:00:00\",\"data_pagamento\":null,\"status\":\"pendente\",\"observacoes\":null,\"total_parcelas\":2,\"tipo_recorrencia\":\"mensal\",\"quantidade_recorrencias\":\"12\",\"id_empresa\":1,\"numero_parcela\":1,\"id_parcelamento\":\"1634674e-d2e5-49e0-8314-d4ad96d8b526\",\"updated_at\":\"2026-03-12 19:56:40\",\"created_at\":\"2026-03-12 19:56:40\",\"id_contas\":13}','2804:1710:151:9e00:a02a:7fe7:cfe9:21c7','web','plus','verde','[\"contas_pagar\",\"financeiro\",\"cadastro\"]','2026-03-12 19:56:40'),
(139,1,1,'GestorNow','gestornow0@gmail.com','conta_pagar.criada','Criou a conta a pagar #14 — teste (Parcela 2/2)','conta_pagar',14,'Conta a pagar #14 — teste (Parcela 2/2)',50.00,'{\"evento\":\"created\"}',NULL,'{\"descricao\":\"teste (Parcela 2\\/2)\",\"documento\":null,\"boleto\":null,\"id_fornecedores\":null,\"id_categoria_contas\":null,\"id_bancos\":null,\"id_forma_pagamento\":null,\"valor_total\":50,\"juros\":0,\"multa\":0,\"desconto\":0,\"valor_pago\":0,\"data_emissao\":null,\"data_vencimento\":\"2026-04-11 00:00:00\",\"data_pagamento\":null,\"status\":\"pendente\",\"observacoes\":null,\"total_parcelas\":2,\"tipo_recorrencia\":\"mensal\",\"quantidade_recorrencias\":\"12\",\"id_empresa\":1,\"numero_parcela\":2,\"id_parcelamento\":\"1634674e-d2e5-49e0-8314-d4ad96d8b526\",\"updated_at\":\"2026-03-12 19:56:40\",\"created_at\":\"2026-03-12 19:56:40\",\"id_contas\":14}','2804:1710:151:9e00:a02a:7fe7:cfe9:21c7','web','plus','verde','[\"contas_pagar\",\"financeiro\",\"cadastro\"]','2026-03-12 19:56:40'),
(140,1,1,'GestorNow','gestornow0@gmail.com','conta_pagar.baixa_total','Registrou baixa total de R$ 50,00 na conta a pagar #13','conta_pagar',13,'Conta a pagar #13 — teste (Parcela 1/2)',50.00,'{\"evento\":\"baixa\",\"tipo_baixa\":\"total\",\"id_pagamento\":3,\"data_pagamento\":\"2026-03-12\",\"valor_baixa\":50,\"valor_pago_antes\":0,\"valor_pago_depois\":50,\"valor_restante_antes\":50,\"valor_restante_depois\":0,\"percentual_quitado\":100,\"forma_pagamento\":\"-\",\"banco\":\"-\",\"observacoes\":null}','{\"valor_pago\":0,\"valor_restante\":50,\"status\":\"pendente\"}','{\"valor_pago\":50,\"valor_restante\":0,\"status\":\"pago\"}','2804:1710:151:9e00:a02a:7fe7:cfe9:21c7','web','cash','verde','[\"financeiro\",\"pagamento\",\"baixa_total\"]','2026-03-12 19:56:47'),
(141,1,1,'GestorNow','gestornow0@gmail.com','conta_pagar.criada','Criou a conta a pagar #15 — teste (Parcela 1/2)','conta_pagar',15,'Conta a pagar #15 — teste (Parcela 1/2)',50.00,'{\"evento\":\"created\"}',NULL,'{\"descricao\":\"teste (Parcela 1\\/2)\",\"documento\":null,\"boleto\":null,\"id_fornecedores\":null,\"id_categoria_contas\":null,\"id_bancos\":null,\"id_forma_pagamento\":null,\"valor_total\":50,\"juros\":0,\"multa\":0,\"desconto\":0,\"valor_pago\":0,\"data_emissao\":null,\"data_vencimento\":\"2026-03-12 00:00:00\",\"data_pagamento\":null,\"status\":\"pendente\",\"observacoes\":null,\"total_parcelas\":2,\"tipo_recorrencia\":\"mensal\",\"quantidade_recorrencias\":\"12\",\"id_empresa\":1,\"numero_parcela\":1,\"id_parcelamento\":\"e2c7b7a5-6956-4ac0-993e-f47a07e0fc78\",\"updated_at\":\"2026-03-12 20:04:49\",\"created_at\":\"2026-03-12 20:04:49\",\"id_contas\":15}','2804:1710:151:9e00:a02a:7fe7:cfe9:21c7','web','plus','verde','[\"contas_pagar\",\"financeiro\",\"cadastro\"]','2026-03-12 20:04:49'),
(142,1,1,'GestorNow','gestornow0@gmail.com','conta_pagar.criada','Criou a conta a pagar #16 — teste (Parcela 2/2)','conta_pagar',16,'Conta a pagar #16 — teste (Parcela 2/2)',50.00,'{\"evento\":\"created\"}',NULL,'{\"descricao\":\"teste (Parcela 2\\/2)\",\"documento\":null,\"boleto\":null,\"id_fornecedores\":null,\"id_categoria_contas\":null,\"id_bancos\":null,\"id_forma_pagamento\":null,\"valor_total\":50,\"juros\":0,\"multa\":0,\"desconto\":0,\"valor_pago\":0,\"data_emissao\":null,\"data_vencimento\":\"2026-04-11 00:00:00\",\"data_pagamento\":null,\"status\":\"pendente\",\"observacoes\":null,\"total_parcelas\":2,\"tipo_recorrencia\":\"mensal\",\"quantidade_recorrencias\":\"12\",\"id_empresa\":1,\"numero_parcela\":2,\"id_parcelamento\":\"e2c7b7a5-6956-4ac0-993e-f47a07e0fc78\",\"updated_at\":\"2026-03-12 20:04:49\",\"created_at\":\"2026-03-12 20:04:49\",\"id_contas\":16}','2804:1710:151:9e00:a02a:7fe7:cfe9:21c7','web','plus','verde','[\"contas_pagar\",\"financeiro\",\"cadastro\"]','2026-03-12 20:04:49'),
(143,1,1,'GestorNow','gestornow0@gmail.com','conta_pagar.baixa_total','Registrou baixa total de R$ 50,00 na conta a pagar #15','conta_pagar',15,'Conta a pagar #15 — teste (Parcela 1/2)',50.00,'{\"evento\":\"baixa\",\"tipo_baixa\":\"total\",\"id_pagamento\":4,\"data_pagamento\":\"2026-03-12\",\"valor_baixa\":50,\"valor_pago_antes\":0,\"valor_pago_depois\":50,\"valor_restante_antes\":50,\"valor_restante_depois\":0,\"percentual_quitado\":100,\"forma_pagamento\":\"-\",\"banco\":\"-\",\"observacoes\":null}','{\"valor_pago\":0,\"valor_restante\":50,\"status\":\"pendente\"}','{\"valor_pago\":50,\"valor_restante\":0,\"status\":\"pago\"}','2804:1710:151:9e00:a02a:7fe7:cfe9:21c7','web','cash','verde','[\"financeiro\",\"pagamento\",\"baixa_total\"]','2026-03-12 20:04:56'),
(144,1,1,'GestorNow','gestornow0@gmail.com','conta_pagar.criada','Criou a conta a pagar #17 — tstes (Parcela 1/2)','conta_pagar',17,'Conta a pagar #17 — tstes (Parcela 1/2)',50.00,'{\"evento\":\"created\"}',NULL,'{\"descricao\":\"tstes (Parcela 1\\/2)\",\"documento\":null,\"boleto\":null,\"id_fornecedores\":null,\"id_categoria_contas\":null,\"id_bancos\":null,\"id_forma_pagamento\":null,\"valor_total\":50,\"juros\":0,\"multa\":0,\"desconto\":0,\"valor_pago\":0,\"data_emissao\":null,\"data_vencimento\":\"2026-03-12 00:00:00\",\"data_pagamento\":null,\"status\":\"pendente\",\"observacoes\":null,\"total_parcelas\":2,\"tipo_recorrencia\":\"mensal\",\"quantidade_recorrencias\":\"12\",\"id_empresa\":1,\"numero_parcela\":1,\"id_parcelamento\":\"a76fd787-634d-49b3-b590-fb8bf2a64256\",\"updated_at\":\"2026-03-12 20:15:12\",\"created_at\":\"2026-03-12 20:15:12\",\"id_contas\":17}','2804:1710:151:9e00:a02a:7fe7:cfe9:21c7','web','plus','verde','[\"contas_pagar\",\"financeiro\",\"cadastro\"]','2026-03-12 20:15:12'),
(145,1,1,'GestorNow','gestornow0@gmail.com','conta_pagar.criada','Criou a conta a pagar #18 — tstes (Parcela 2/2)','conta_pagar',18,'Conta a pagar #18 — tstes (Parcela 2/2)',50.00,'{\"evento\":\"created\"}',NULL,'{\"descricao\":\"tstes (Parcela 2\\/2)\",\"documento\":null,\"boleto\":null,\"id_fornecedores\":null,\"id_categoria_contas\":null,\"id_bancos\":null,\"id_forma_pagamento\":null,\"valor_total\":50,\"juros\":0,\"multa\":0,\"desconto\":0,\"valor_pago\":0,\"data_emissao\":null,\"data_vencimento\":\"2026-04-11 00:00:00\",\"data_pagamento\":null,\"status\":\"pendente\",\"observacoes\":null,\"total_parcelas\":2,\"tipo_recorrencia\":\"mensal\",\"quantidade_recorrencias\":\"12\",\"id_empresa\":1,\"numero_parcela\":2,\"id_parcelamento\":\"a76fd787-634d-49b3-b590-fb8bf2a64256\",\"updated_at\":\"2026-03-12 20:15:12\",\"created_at\":\"2026-03-12 20:15:12\",\"id_contas\":18}','2804:1710:151:9e00:a02a:7fe7:cfe9:21c7','web','plus','verde','[\"contas_pagar\",\"financeiro\",\"cadastro\"]','2026-03-12 20:15:12'),
(146,1,1,'GestorNow','gestornow0@gmail.com','conta_pagar.baixa_total','Registrou baixa total de R$ 50,00 na conta a pagar #17','conta_pagar',17,'Conta a pagar #17 — tstes (Parcela 1/2)',50.00,'{\"evento\":\"baixa\",\"tipo_baixa\":\"total\",\"id_pagamento\":5,\"data_pagamento\":\"2026-03-12\",\"valor_baixa\":50,\"valor_pago_antes\":0,\"valor_pago_depois\":50,\"valor_restante_antes\":50,\"valor_restante_depois\":0,\"percentual_quitado\":100,\"forma_pagamento\":\"-\",\"banco\":\"-\",\"observacoes\":null}','{\"valor_pago\":0,\"valor_restante\":50,\"status\":\"pendente\"}','{\"valor_pago\":50,\"valor_restante\":0,\"status\":\"pago\"}','2804:1710:151:9e00:a02a:7fe7:cfe9:21c7','web','cash','verde','[\"financeiro\",\"pagamento\",\"baixa_total\"]','2026-03-12 20:15:54'),
(147,1,1,'GestorNow','gestornow0@gmail.com','conta_pagar.baixa_total','Registrou baixa total de R$ 50,00 na conta a pagar #18','conta_pagar',18,'Conta a pagar #18 — tstes (Parcela 2/2)',50.00,'{\"evento\":\"baixa\",\"tipo_baixa\":\"total\",\"id_pagamento\":6,\"data_pagamento\":\"2026-03-13\",\"valor_baixa\":50,\"valor_pago_antes\":0,\"valor_pago_depois\":50,\"valor_restante_antes\":50,\"valor_restante_depois\":0,\"percentual_quitado\":100,\"forma_pagamento\":\"-\",\"banco\":\"-\",\"observacoes\":null}','{\"valor_pago\":0,\"valor_restante\":50,\"status\":\"pendente\"}','{\"valor_pago\":50,\"valor_restante\":0,\"status\":\"pago\"}','2804:1710:151:9e00:a02a:7fe7:cfe9:21c7','web','cash','verde','[\"financeiro\",\"pagamento\",\"baixa_total\"]','2026-03-12 21:58:27'),
(148,1,1,'GestorNow','gestornow0@gmail.com','conta_pagar.editada','Editou a conta a pagar #17 — tstes (Parcela 1/2)','conta_pagar',17,'Conta a pagar #17 — tstes (Parcela 1/2)',50.00,'{\"evento\":\"updated\",\"campos_alterados\":[\"valor_pago\",\"data_pagamento\",\"status\"]}','{\"valor_pago\":\"50.00\",\"data_pagamento\":\"2026-03-12T03:00:00.000000Z\",\"status\":\"pago\"}','{\"valor_pago\":\"0.00\",\"data_pagamento\":null,\"status\":\"pendente\"}','2804:1710:151:9e00:a02a:7fe7:cfe9:21c7','web','edit','amarelo','[\"contas_pagar\",\"financeiro\",\"edicao\"]','2026-03-12 21:59:03'),
(149,1,1,'GestorNow','gestornow0@gmail.com','conta_pagar.estornada','Estornou pagamento da conta a pagar #17 — tstes (Parcela 1/2)','conta_pagar',17,'Conta a pagar #17 — tstes (Parcela 1/2)',50.00,'{\"evento\":\"estorno\"}',NULL,NULL,'2804:1710:151:9e00:a02a:7fe7:cfe9:21c7','web','rotate-clockwise','laranja','[\"contas_pagar\",\"financeiro\",\"pagamento\",\"estorno\"]','2026-03-12 21:59:03'),
(150,2,4,'Gustavo Henrique','gustavohenrique-silva@outlook.com.br','empresa.editada','Editou dados da empresa Teste','Empresa',2,'Empresa Teste - Ativo - CNPJ 64904128000162',NULL,'{\"evento\":\"updated\",\"campos_alterados\":[\"status\"]}','{\"status\":\"teste\"}','{\"status\":\"ativo\"}','2804:868:d054:7615:ad0b:104d:ca5e:4f27','web','edit','amarelo','[\"empresa\",\"configuracoes\",\"billing\",\"onboarding\",\"edicao\"]','2026-03-13 18:18:53'),
(151,2,4,'Gustavo Henrique','gustavohenrique-silva@outlook.com.br','empresa.editada','Editou dados da empresa Teste','Empresa',2,'Empresa Teste - Ativo - CNPJ 64904128000162',NULL,'{\"evento\":\"updated\",\"campos_alterados\":[\"cpf\",\"endereco\",\"numero\",\"bairro\",\"cidade\",\"uf\",\"cep\",\"email\",\"telefone\",\"dados_cadastrais\"]}','{\"cpf\":\"[OCULTO]\",\"endereco\":null,\"numero\":null,\"bairro\":null,\"cidade\":null,\"uf\":null,\"cep\":null,\"email\":\"[OCULTO]\",\"telefone\":\"[OCULTO]\",\"dados_cadastrais\":null}','{\"cpf\":\"[OCULTO]\",\"endereco\":\"RUA OUVIDOR PELEJA\",\"numero\":\"611\",\"bairro\":\"VILA MARIANA\",\"cidade\":\"S\\u00e3o Paulo\",\"uf\":\"SP\",\"cep\":\"04128001\",\"email\":\"[OCULTO]\",\"telefone\":\"[OCULTO]\",\"dados_cadastrais\":\"completo\"}','2804:868:d054:7615:ad0b:104d:ca5e:4f27','web','edit','amarelo','[\"empresa\",\"configuracoes\",\"billing\",\"onboarding\",\"edicao\"]','2026-03-13 18:21:01'),
(152,2,4,'Gustavo Henrique','gustavohenrique-silva@outlook.com.br','empresa.onboarding_dados_atualizados','Atualizou dados cadastrais no onboarding da empresa Teste','Empresa',2,'Empresa Teste - Ativo - CNPJ 64904128000162',NULL,'{\"evento\":\"onboarding_dados_atualizados\"}',NULL,NULL,'2804:868:d054:7615:ad0b:104d:ca5e:4f27','web','clipboard-check','azul','[\"empresa\",\"configuracoes\",\"billing\",\"onboarding\",\"cadastro\"]','2026-03-13 18:21:01'),
(153,1,1,'GestorNow','gestornow0@gmail.com','conta_receber.criada','Criou a conta a receber #5 — PRODUTO 113 - BETONEIRA VENDA','conta_receber',5,'Conta #5 — PRIME VIDEO LTDA',100.00,'{\"evento\":\"created\"}',NULL,'{\"descricao\":\"PRODUTO 113 - BETONEIRA VENDA\",\"documento\":null,\"id_clientes\":\"1\",\"id_categoria_contas\":null,\"id_bancos\":null,\"id_forma_pagamento\":null,\"valor_total\":100,\"juros\":0,\"multa\":0,\"desconto\":0,\"valor_pago\":0,\"data_emissao\":null,\"data_vencimento\":\"2026-03-13 00:00:00\",\"data_pagamento\":null,\"status\":\"pendente\",\"observacoes\":null,\"total_parcelas\":\"2\",\"tipo_recorrencia\":\"mensal\",\"quantidade_recorrencias\":\"12\",\"id_empresa\":1,\"updated_at\":\"2026-03-13 18:33:45\",\"created_at\":\"2026-03-13 18:33:45\",\"id_contas\":5}','2804:1710:151:9e00:a02a:7fe7:cfe9:21c7','web','file-plus','verde','[\"contas_receber\",\"financeiro\",\"cadastro\"]','2026-03-13 18:33:45'),
(154,1,5,'Renato Santana','renatosantanap1706@gmail.com','locacao.criada','Criou locacao #006 para Renato teste - R$ 0,00','Locacao',8,'Contrato #006 - Renato teste - R$ 0,00',NULL,'{\"evento\":\"created\"}',NULL,'{\"id_empresa\":1,\"id_cliente\":\"2\",\"id_usuario\":5,\"numero_contrato\":\"006\",\"data_inicio\":\"2026-03-13 00:00:00\",\"hora_inicio\":\"08:00\",\"data_fim\":\"2026-03-16 00:00:00\",\"hora_fim\":\"18:00\",\"quantidade_dias\":4,\"data_transporte_ida\":null,\"hora_transporte_ida\":null,\"data_transporte_volta\":null,\"hora_transporte_volta\":null,\"local_entrega\":null,\"local_retirada\":null,\"contato_responsavel\":null,\"telefone_responsavel\":null,\"nome_obra\":null,\"contato_local\":null,\"telefone_contato\":null,\"local_evento\":null,\"endereco_entrega\":null,\"cidade\":null,\"estado\":null,\"cep\":null,\"valor_frete\":0,\"valor_despesas_extras\":0,\"valor_desconto\":0,\"valor_acrescimo\":100,\"valor_imposto\":0,\"status\":\"aprovado\",\"observacoes\":null,\"responsavel\":null,\"observacoes_recibo\":null,\"observacoes_entrega\":null,\"observacoes_checklist\":null,\"numero_orcamento\":2,\"renovacao_automatica\":false,\"locacao_por_hora\":false,\"valor_limite_medicao\":0,\"numero_orcamento_origem\":2,\"updated_at\":\"2026-03-13 18:36:08\",\"created_at\":\"2026-03-13 18:36:08\",\"id_locacao\":8}','177.8.213.195','web','file-plus','verde','[\"locacao\",\"contratos\",\"novo_contrato\"]','2026-03-13 18:36:08'),
(155,1,5,'Renato Santana','renatosantanap1706@gmail.com','locacao_produto.adicionado','Adicionou 1x Martelete Demolidor 30Kgs HM1812 na locacao #006 - R$ 100,00/un - Total: R$ 100,00','LocacaoProduto',8,'Produto Martelete Demolidor 30Kgs HM1812 (x1) - Contrato #006',100.00,'{\"evento\":\"created\"}',NULL,'{\"id_empresa\":1,\"id_locacao\":8,\"id_produto\":\"2\",\"id_sala\":null,\"id_tabela_preco\":null,\"preco_unitario\":\"100.00\",\"data_inicio\":\"2026-03-13 00:00:00\",\"hora_inicio\":\"08:00\",\"data_fim\":\"2026-03-16 00:00:00\",\"hora_fim\":\"18:00\",\"data_contrato\":\"2026-03-13 00:00:00\",\"data_contrato_fim\":\"2026-03-16 00:00:00\",\"hora_contrato\":\"08:00\",\"hora_contrato_fim\":\"18:00\",\"tipo_cobranca\":\"diaria\",\"tipo_movimentacao\":\"entrega\",\"observacoes\":null,\"valor_fechado\":0,\"status_retorno\":\"pendente\",\"estoque_status\":0,\"id_patrimonio\":\"11\",\"quantidade\":1,\"preco_total\":100,\"updated_at\":\"2026-03-13 18:36:08\",\"created_at\":\"2026-03-13 18:36:08\",\"id_produto_locacao\":8}','177.8.213.195','web','package-plus','verde','[\"locacao\",\"produtos\",\"estoque\",\"item_adicionado\"]','2026-03-13 18:36:08'),
(156,1,5,'Renato Santana','renatosantanap1706@gmail.com','locacao_produto.adicionado','Adicionou 1x Martelete Demolidor 30Kgs HM1812 na locacao #006 - R$ 100,00/un - Total: R$ 100,00','LocacaoProduto',9,'Produto Martelete Demolidor 30Kgs HM1812 (x1) - Contrato #006',100.00,'{\"evento\":\"created\"}',NULL,'{\"id_empresa\":1,\"id_locacao\":8,\"id_produto\":\"2\",\"id_sala\":null,\"id_tabela_preco\":null,\"preco_unitario\":\"100.00\",\"data_inicio\":\"2026-03-13 00:00:00\",\"hora_inicio\":\"08:00\",\"data_fim\":\"2026-03-16 00:00:00\",\"hora_fim\":\"18:00\",\"data_contrato\":\"2026-03-13 00:00:00\",\"data_contrato_fim\":\"2026-03-16 00:00:00\",\"hora_contrato\":\"08:00\",\"hora_contrato_fim\":\"18:00\",\"tipo_cobranca\":\"diaria\",\"tipo_movimentacao\":\"entrega\",\"observacoes\":null,\"valor_fechado\":0,\"status_retorno\":\"pendente\",\"estoque_status\":0,\"id_patrimonio\":\"12\",\"quantidade\":1,\"preco_total\":100,\"updated_at\":\"2026-03-13 18:36:08\",\"created_at\":\"2026-03-13 18:36:08\",\"id_produto_locacao\":9}','177.8.213.195','web','package-plus','verde','[\"locacao\",\"produtos\",\"estoque\",\"item_adicionado\"]','2026-03-13 18:36:08'),
(157,1,5,'Renato Santana','renatosantanap1706@gmail.com','locacao_servico.adicionado','Adicionou servico \'Mão de obra\' na locacao #006 - 1x R$ 150,00 - Total: R$ 150,00','LocacaoServico',3,'Servico: Mão de obra - Contrato #006',150.00,'{\"evento\":\"created\"}',NULL,'{\"id_locacao\":8,\"descricao\":\"M\\u00e3o de obra\",\"quantidade\":1,\"preco_unitario\":150,\"valor_total\":150,\"observacoes\":\"[GN_META]{\\\"tipo_item\\\":\\\"proprio\\\",\\\"custo_fornecedor\\\":0,\\\"gerar_conta_pagar\\\":false,\\\"conta_valor\\\":0,\\\"conta_parcelas\\\":1}\",\"tipo_item\":\"proprio\",\"id_sala\":null,\"id_fornecedor\":null,\"fornecedor_nome\":null,\"custo_fornecedor\":0,\"gerar_conta_pagar\":false,\"conta_vencimento\":null,\"conta_valor\":0,\"conta_parcelas\":1,\"updated_at\":\"2026-03-13 18:36:08\",\"created_at\":\"2026-03-13 18:36:08\",\"id_locacao_servico\":3}','177.8.213.195','web','tool','verde','[\"locacao\",\"servicos\",\"servico_adicionado\"]','2026-03-13 18:36:08'),
(158,1,5,'Renato Santana','renatosantanap1706@gmail.com','locacao_despesa.adicionada','Adicionou despesa \'Combustivel\' na locacao #006 - R$ 50,00 (Outros)','LocacaoDespesa',5,'Despesa: Combustivel - Contrato #006',50.00,'{\"evento\":\"created\"}',NULL,'{\"id_locacao\":8,\"descricao\":\"Combustivel\",\"valor\":50,\"tipo\":\"outros\",\"data_despesa\":\"2026-03-13 00:00:00\",\"status\":\"pendente\",\"observacoes\":\"[GN_META]{\\\"conta_vencimento\\\":\\\"2026-03-13\\\",\\\"conta_parcelas\\\":1}\",\"updated_at\":\"2026-03-13 18:36:08\",\"created_at\":\"2026-03-13 18:36:08\",\"id_locacao_despesa\":5}','177.8.213.195','web','dollar-sign','laranja','[\"locacao\",\"despesas\",\"financeiro\",\"despesa_adicionada\"]','2026-03-13 18:36:08'),
(159,1,5,'Renato Santana','renatosantanap1706@gmail.com','conta_pagar.criada','Criou a conta a pagar #19 — Locação #006 - Combustivel','conta_pagar',19,'Conta a pagar #19 — Locação #006 - Combustivel',50.00,'{\"evento\":\"created\"}',NULL,'{\"id_empresa\":1,\"descricao\":\"Loca\\u00e7\\u00e3o #006 - Combustivel\",\"valor_total\":50,\"data_emissao\":\"2026-03-13 18:36:08\",\"data_vencimento\":\"2026-03-13 00:00:00\",\"status\":\"pendente\",\"id_locacao\":8,\"id_origem\":8,\"id_parcelamento\":null,\"origem\":\"compra\",\"observacoes\":\"Gerado automaticamente para despesa da loca\\u00e7\\u00e3o\",\"numero_parcela\":1,\"total_parcelas\":1,\"updated_at\":\"2026-03-13 18:36:08\",\"created_at\":\"2026-03-13 18:36:08\",\"id_contas\":19}','177.8.213.195','web','plus','verde','[\"contas_pagar\",\"financeiro\",\"cadastro\"]','2026-03-13 18:36:08'),
(160,1,5,'Renato Santana','renatosantanap1706@gmail.com','locacao.editada','Editou locacao #006 - Renato teste - valores alterados','Locacao',8,'Contrato #006 - Renato teste - R$ 1.050,00',1050.00,'{\"evento\":\"updated\",\"campos_alterados\":[\"valor_total\",\"valor_final\"]}','{\"valor_total\":null,\"valor_final\":null}','{\"valor_total\":\"950.00\",\"valor_final\":\"1050.00\"}','177.8.213.195','web','edit','amarelo','[\"locacao\",\"contratos\",\"edicao\"]','2026-03-13 18:36:08'),
(161,1,5,'Renato Santana','renatosantanap1706@gmail.com','patrimonio.editado','Editou patrimonio #11 (S/N: Marte001) do produto Martelete Demolidor 30Kgs HM1812','Patrimonio',11,'Patrimonio #11 (S/N: Marte001) - Martelete Demolidor 30Kgs HM1812',NULL,'{\"evento\":\"updated\",\"campos_alterados\":[\"status_locacao\"]}','{\"status_locacao\":\"Disponivel\"}','{\"status_locacao\":\"Locado\"}','177.8.213.195','web','box','amarelo','[\"patrimonios\",\"estoque\",\"edicao\"]','2026-03-13 18:36:08'),
(162,1,5,'Renato Santana','renatosantanap1706@gmail.com','locacao_produto.editado','Editou item Martelete Demolidor 30Kgs HM1812 na locacao #006','LocacaoProduto',8,'Produto Martelete Demolidor 30Kgs HM1812 (x1) - Contrato #006',100.00,'{\"evento\":\"updated\",\"campos_alterados\":[\"estoque_status\"]}','{\"estoque_status\":0}','{\"estoque_status\":1}','177.8.213.195','web','package','amarelo','[\"locacao\",\"produtos\",\"estoque\",\"edicao\"]','2026-03-13 18:36:08'),
(163,1,5,'Renato Santana','renatosantanap1706@gmail.com','patrimonio.editado','Editou patrimonio #12 (S/N: Marte002) do produto Martelete Demolidor 30Kgs HM1812','Patrimonio',12,'Patrimonio #12 (S/N: Marte002) - Martelete Demolidor 30Kgs HM1812',NULL,'{\"evento\":\"updated\",\"campos_alterados\":[\"status_locacao\"]}','{\"status_locacao\":\"Disponivel\"}','{\"status_locacao\":\"Locado\"}','177.8.213.195','web','box','amarelo','[\"patrimonios\",\"estoque\",\"edicao\"]','2026-03-13 18:36:08'),
(164,1,5,'Renato Santana','renatosantanap1706@gmail.com','locacao_produto.editado','Editou item Martelete Demolidor 30Kgs HM1812 na locacao #006','LocacaoProduto',9,'Produto Martelete Demolidor 30Kgs HM1812 (x1) - Contrato #006',100.00,'{\"evento\":\"updated\",\"campos_alterados\":[\"estoque_status\"]}','{\"estoque_status\":0}','{\"estoque_status\":1}','177.8.213.195','web','package','amarelo','[\"locacao\",\"produtos\",\"estoque\",\"edicao\"]','2026-03-13 18:36:08'),
(165,1,1,'GestorNow','gestornow0@gmail.com','conta_pagar.criada','Criou a conta a pagar #20 — TSTE','conta_pagar',20,'Conta a pagar #20 — TSTE',100.00,'{\"evento\":\"created\"}',NULL,'{\"descricao\":\"TSTE\",\"documento\":null,\"boleto\":null,\"id_fornecedores\":null,\"id_categoria_contas\":null,\"id_bancos\":null,\"id_forma_pagamento\":null,\"valor_total\":100,\"juros\":0,\"multa\":0,\"desconto\":0,\"valor_pago\":0,\"data_emissao\":null,\"data_vencimento\":\"2026-03-13 00:00:00\",\"data_pagamento\":null,\"status\":\"pendente\",\"observacoes\":null,\"total_parcelas\":\"2\",\"tipo_recorrencia\":\"mensal\",\"quantidade_recorrencias\":\"12\",\"id_empresa\":1,\"updated_at\":\"2026-03-13 18:38:15\",\"created_at\":\"2026-03-13 18:38:15\",\"id_contas\":20}','2804:1710:151:9e00:a02a:7fe7:cfe9:21c7','web','plus','verde','[\"contas_pagar\",\"financeiro\",\"cadastro\"]','2026-03-13 18:38:15'),
(166,1,1,'GestorNow','gestornow0@gmail.com','conta_pagar.excluida','Excluiu a conta a pagar #20 — TSTE','conta_pagar',20,'Conta a pagar #20 — TSTE',100.00,'{\"evento\":\"deleted\"}','{\"id_contas\":20,\"id_empresa\":1,\"id_clientes\":null,\"id_fornecedores\":null,\"id_venda\":null,\"id_locacao\":null,\"id_origem\":null,\"id_bancos\":null,\"id_categoria_contas\":null,\"id_usuario\":null,\"descricao\":\"TSTE\",\"documento\":null,\"boleto\":null,\"valor_total\":\"100.00\",\"valor_pago\":\"0.00\",\"juros\":\"0.00\",\"multa\":\"0.00\",\"desconto\":\"0.00\",\"data_emissao\":null,\"data_vencimento\":\"2026-03-13\",\"data_pagamento\":null,\"status\":\"pendente\",\"origem\":null,\"id_forma_pagamento\":null,\"observacoes\":null,\"numero_parcela\":null,\"total_parcelas\":\"2\",\"id_parcelamento\":null,\"tipo_recorrencia\":\"mensal\",\"quantidade_recorrencias\":\"12\",\"id_recorrencia\":null,\"is_recorrente\":null,\"created_at\":\"2026-03-13 18:38:15\",\"updated_at\":\"2026-03-13 18:38:24\",\"deleted_at\":\"2026-03-13 18:38:24\"}',NULL,'2804:1710:151:9e00:a02a:7fe7:cfe9:21c7','web','trash','vermelho','[\"contas_pagar\",\"financeiro\",\"exclusao\"]','2026-03-13 18:38:24'),
(167,1,1,'GestorNow','gestornow0@gmail.com','conta_pagar.criada','Criou a conta a pagar #21 — ENERGIA','conta_pagar',21,'Conta a pagar #21 — ENERGIA',100.00,'{\"evento\":\"created\"}',NULL,'{\"descricao\":\"ENERGIA\",\"documento\":null,\"boleto\":null,\"id_fornecedores\":null,\"id_categoria_contas\":null,\"id_bancos\":\"2\",\"id_forma_pagamento\":null,\"valor_total\":100,\"juros\":0,\"multa\":0,\"desconto\":0,\"valor_pago\":0,\"data_emissao\":null,\"data_vencimento\":\"2026-03-24 00:00:00\",\"data_pagamento\":null,\"status\":\"pendente\",\"observacoes\":null,\"total_parcelas\":\"2\",\"tipo_recorrencia\":\"mensal\",\"quantidade_recorrencias\":\"12\",\"id_empresa\":1,\"updated_at\":\"2026-03-13 18:41:36\",\"created_at\":\"2026-03-13 18:41:36\",\"id_contas\":21}','2804:1710:151:9e00:a02a:7fe7:cfe9:21c7','web','plus','verde','[\"contas_pagar\",\"financeiro\",\"cadastro\"]','2026-03-13 18:41:36'),
(168,1,1,'GestorNow','gestornow0@gmail.com','conta_pagar.baixa_total','Registrou baixa total de R$ 100,00 na conta a pagar #21','conta_pagar',21,'Conta a pagar #21 — ENERGIA',100.00,'{\"evento\":\"baixa\",\"tipo_baixa\":\"total\",\"id_pagamento\":7,\"data_pagamento\":\"2026-03-13\",\"valor_baixa\":100,\"valor_pago_antes\":0,\"valor_pago_depois\":100,\"valor_restante_antes\":100,\"valor_restante_depois\":0,\"percentual_quitado\":100,\"forma_pagamento\":\"-\",\"banco\":\"-\",\"observacoes\":null}','{\"valor_pago\":0,\"valor_restante\":100,\"status\":\"pendente\"}','{\"valor_pago\":100,\"valor_restante\":0,\"status\":\"pago\"}','2804:1710:151:9e00:a02a:7fe7:cfe9:21c7','web','cash','verde','[\"financeiro\",\"pagamento\",\"baixa_total\"]','2026-03-13 18:41:44'),
(169,1,1,'GestorNow','gestornow0@gmail.com','conta_pagar.editada','Editou a conta a pagar #21 — ENERGIA','conta_pagar',21,'Conta a pagar #21 — ENERGIA',100.00,'{\"evento\":\"updated\",\"campos_alterados\":[\"valor_pago\",\"data_pagamento\",\"status\"]}','{\"valor_pago\":\"100.00\",\"data_pagamento\":\"2026-03-13T03:00:00.000000Z\",\"status\":\"pago\"}','{\"valor_pago\":\"0.00\",\"data_pagamento\":null,\"status\":\"pendente\"}','2804:1710:151:9e00:a02a:7fe7:cfe9:21c7','web','edit','amarelo','[\"contas_pagar\",\"financeiro\",\"edicao\"]','2026-03-13 18:42:32'),
(170,1,1,'GestorNow','gestornow0@gmail.com','conta_pagar.estornada','Estornou pagamento da conta a pagar #21 — ENERGIA','conta_pagar',21,'Conta a pagar #21 — ENERGIA',100.00,'{\"evento\":\"estorno\"}',NULL,NULL,'2804:1710:151:9e00:a02a:7fe7:cfe9:21c7','web','rotate-clockwise','laranja','[\"contas_pagar\",\"financeiro\",\"pagamento\",\"estorno\"]','2026-03-13 18:42:32'),
(171,1,5,'Renato Santana','renatosantanap1706@gmail.com','locacao.criada','Criou locacao #007 para Renato teste - R$ 0,00','Locacao',9,'Contrato #007 - Renato teste - R$ 0,00',NULL,'{\"evento\":\"created\"}',NULL,'{\"id_empresa\":1,\"id_cliente\":\"2\",\"id_usuario\":5,\"numero_contrato\":\"007\",\"data_inicio\":\"2026-03-13 00:00:00\",\"hora_inicio\":\"08:00\",\"data_fim\":\"2026-03-16 00:00:00\",\"hora_fim\":\"18:00\",\"quantidade_dias\":4,\"data_transporte_ida\":null,\"hora_transporte_ida\":null,\"data_transporte_volta\":null,\"hora_transporte_volta\":null,\"local_entrega\":null,\"local_retirada\":null,\"contato_responsavel\":null,\"telefone_responsavel\":null,\"nome_obra\":null,\"contato_local\":null,\"telefone_contato\":null,\"local_evento\":null,\"endereco_entrega\":null,\"cidade\":null,\"estado\":null,\"cep\":null,\"valor_frete\":0,\"valor_despesas_extras\":0,\"valor_desconto\":0,\"valor_acrescimo\":100,\"valor_imposto\":0,\"status\":\"aprovado\",\"observacoes\":null,\"responsavel\":null,\"observacoes_recibo\":null,\"observacoes_entrega\":null,\"observacoes_checklist\":null,\"numero_orcamento\":2,\"renovacao_automatica\":false,\"locacao_por_hora\":false,\"valor_limite_medicao\":0,\"numero_orcamento_origem\":2,\"updated_at\":\"2026-03-13 19:04:37\",\"created_at\":\"2026-03-13 19:04:37\",\"id_locacao\":9}','177.8.213.195','web','file-plus','verde','[\"locacao\",\"contratos\",\"novo_contrato\"]','2026-03-13 19:04:37'),
(172,1,5,'Renato Santana','renatosantanap1706@gmail.com','locacao_produto.adicionado','Adicionou 1x Martelete Demolidor 30Kgs HM1812 na locacao #007 - R$ 100,00/un - Total: R$ 100,00','LocacaoProduto',10,'Produto Martelete Demolidor 30Kgs HM1812 (x1) - Contrato #007',100.00,'{\"evento\":\"created\"}',NULL,'{\"id_empresa\":1,\"id_locacao\":9,\"id_produto\":\"2\",\"id_sala\":null,\"id_tabela_preco\":null,\"preco_unitario\":\"100.00\",\"data_inicio\":\"2026-03-13 00:00:00\",\"hora_inicio\":\"08:00\",\"data_fim\":\"2026-03-16 00:00:00\",\"hora_fim\":\"18:00\",\"data_contrato\":\"2026-03-13 00:00:00\",\"data_contrato_fim\":\"2026-03-16 00:00:00\",\"hora_contrato\":\"08:00\",\"hora_contrato_fim\":\"18:00\",\"tipo_cobranca\":\"diaria\",\"tipo_movimentacao\":\"entrega\",\"observacoes\":null,\"valor_fechado\":0,\"status_retorno\":\"pendente\",\"estoque_status\":0,\"id_patrimonio\":\"13\",\"quantidade\":1,\"preco_total\":100,\"updated_at\":\"2026-03-13 19:04:37\",\"created_at\":\"2026-03-13 19:04:37\",\"id_produto_locacao\":10}','177.8.213.195','web','package-plus','verde','[\"locacao\",\"produtos\",\"estoque\",\"item_adicionado\"]','2026-03-13 19:04:37'),
(173,1,5,'Renato Santana','renatosantanap1706@gmail.com','locacao_produto.adicionado','Adicionou 5x Andaime 1x2m na locacao #007 - R$ 10,00/un - Total: R$ 50,00','LocacaoProduto',11,'Produto Andaime 1x2m (x5) - Contrato #007',50.00,'{\"evento\":\"created\"}',NULL,'{\"id_empresa\":1,\"id_locacao\":9,\"id_produto\":\"3\",\"id_sala\":null,\"id_tabela_preco\":null,\"preco_unitario\":\"10.00\",\"data_inicio\":\"2026-03-13 00:00:00\",\"hora_inicio\":\"08:00\",\"data_fim\":\"2026-03-16 00:00:00\",\"hora_fim\":\"18:00\",\"data_contrato\":\"2026-03-13 00:00:00\",\"data_contrato_fim\":\"2026-03-16 00:00:00\",\"hora_contrato\":\"08:00\",\"hora_contrato_fim\":\"18:00\",\"tipo_cobranca\":\"diaria\",\"tipo_movimentacao\":\"entrega\",\"observacoes\":null,\"valor_fechado\":0,\"status_retorno\":\"pendente\",\"estoque_status\":0,\"id_patrimonio\":null,\"quantidade\":5,\"preco_total\":50,\"updated_at\":\"2026-03-13 19:04:37\",\"created_at\":\"2026-03-13 19:04:37\",\"id_produto_locacao\":11}','177.8.213.195','web','package-plus','verde','[\"locacao\",\"produtos\",\"estoque\",\"item_adicionado\"]','2026-03-13 19:04:37'),
(174,1,5,'Renato Santana','renatosantanap1706@gmail.com','locacao_servico.adicionado','Adicionou servico \'Manuseio\' na locacao #007 - 1x R$ 150,00 - Total: R$ 150,00','LocacaoServico',4,'Servico: Manuseio - Contrato #007',150.00,'{\"evento\":\"created\"}',NULL,'{\"id_locacao\":9,\"descricao\":\"Manuseio\",\"quantidade\":1,\"preco_unitario\":150,\"valor_total\":150,\"observacoes\":\"[GN_META]{\\\"tipo_item\\\":\\\"proprio\\\",\\\"custo_fornecedor\\\":0,\\\"gerar_conta_pagar\\\":false,\\\"conta_valor\\\":0,\\\"conta_parcelas\\\":1}\",\"tipo_item\":\"proprio\",\"id_sala\":null,\"id_fornecedor\":null,\"fornecedor_nome\":null,\"custo_fornecedor\":0,\"gerar_conta_pagar\":false,\"conta_vencimento\":null,\"conta_valor\":0,\"conta_parcelas\":1,\"updated_at\":\"2026-03-13 19:04:37\",\"created_at\":\"2026-03-13 19:04:37\",\"id_locacao_servico\":4}','177.8.213.195','web','tool','verde','[\"locacao\",\"servicos\",\"servico_adicionado\"]','2026-03-13 19:04:37'),
(175,1,5,'Renato Santana','renatosantanap1706@gmail.com','locacao_despesa.adicionada','Adicionou despesa \'Combustivel\' na locacao #007 - R$ 50,00 (Outros)','LocacaoDespesa',6,'Despesa: Combustivel - Contrato #007',50.00,'{\"evento\":\"created\"}',NULL,'{\"id_locacao\":9,\"descricao\":\"Combustivel\",\"valor\":50,\"tipo\":\"outros\",\"data_despesa\":\"2026-03-13 00:00:00\",\"status\":\"pendente\",\"observacoes\":\"[GN_META]{\\\"conta_vencimento\\\":\\\"2026-03-13\\\",\\\"conta_parcelas\\\":1}\",\"updated_at\":\"2026-03-13 19:04:37\",\"created_at\":\"2026-03-13 19:04:37\",\"id_locacao_despesa\":6}','177.8.213.195','web','dollar-sign','laranja','[\"locacao\",\"despesas\",\"financeiro\",\"despesa_adicionada\"]','2026-03-13 19:04:37'),
(176,1,5,'Renato Santana','renatosantanap1706@gmail.com','conta_pagar.criada','Criou a conta a pagar #22 — Locação #007 - Combustivel','conta_pagar',22,'Conta a pagar #22 — Locação #007 - Combustivel',50.00,'{\"evento\":\"created\"}',NULL,'{\"id_empresa\":1,\"descricao\":\"Loca\\u00e7\\u00e3o #007 - Combustivel\",\"valor_total\":50,\"data_emissao\":\"2026-03-13 19:04:37\",\"data_vencimento\":\"2026-03-13 00:00:00\",\"status\":\"pendente\",\"id_locacao\":9,\"id_origem\":9,\"id_parcelamento\":null,\"origem\":\"compra\",\"observacoes\":\"Gerado automaticamente para despesa da loca\\u00e7\\u00e3o\",\"numero_parcela\":1,\"total_parcelas\":1,\"updated_at\":\"2026-03-13 19:04:37\",\"created_at\":\"2026-03-13 19:04:37\",\"id_contas\":22}','177.8.213.195','web','plus','verde','[\"contas_pagar\",\"financeiro\",\"cadastro\"]','2026-03-13 19:04:37'),
(177,1,5,'Renato Santana','renatosantanap1706@gmail.com','locacao.editada','Editou locacao #007 - Renato teste - valores alterados','Locacao',9,'Contrato #007 - Renato teste - R$ 850,00',850.00,'{\"evento\":\"updated\",\"campos_alterados\":[\"valor_total\",\"valor_final\"]}','{\"valor_total\":null,\"valor_final\":null}','{\"valor_total\":\"750.00\",\"valor_final\":\"850.00\"}','177.8.213.195','web','edit','amarelo','[\"locacao\",\"contratos\",\"edicao\"]','2026-03-13 19:04:37'),
(178,1,5,'Renato Santana','renatosantanap1706@gmail.com','patrimonio.editado','Editou patrimonio #13 (S/N: Marte003) do produto Martelete Demolidor 30Kgs HM1812','Patrimonio',13,'Patrimonio #13 (S/N: Marte003) - Martelete Demolidor 30Kgs HM1812',NULL,'{\"evento\":\"updated\",\"campos_alterados\":[\"status_locacao\"]}','{\"status_locacao\":\"Disponivel\"}','{\"status_locacao\":\"Locado\"}','177.8.213.195','web','box','amarelo','[\"patrimonios\",\"estoque\",\"edicao\"]','2026-03-13 19:04:37'),
(179,1,5,'Renato Santana','renatosantanap1706@gmail.com','locacao_produto.editado','Editou item Martelete Demolidor 30Kgs HM1812 na locacao #007','LocacaoProduto',10,'Produto Martelete Demolidor 30Kgs HM1812 (x1) - Contrato #007',100.00,'{\"evento\":\"updated\",\"campos_alterados\":[\"estoque_status\"]}','{\"estoque_status\":0}','{\"estoque_status\":1}','177.8.213.195','web','package','amarelo','[\"locacao\",\"produtos\",\"estoque\",\"edicao\"]','2026-03-13 19:04:37'),
(180,1,5,'Renato Santana','renatosantanap1706@gmail.com','produto.editado','Editou o produto Andaime 1x2m','produto',3,'Andaime 1x2m (Cod: 1458)',40.00,'{\"evento\":\"updated\",\"campos_alterados\":[\"quantidade\"]}','{\"quantidade\":165}','{\"quantidade\":160}','177.8.213.195','web','package','amarelo','[\"produtos\",\"estoque\",\"edicao\"]','2026-03-13 19:04:37'),
(181,1,5,'Renato Santana','renatosantanap1706@gmail.com','locacao_produto.editado','Editou item Andaime 1x2m na locacao #007','LocacaoProduto',11,'Produto Andaime 1x2m (x5) - Contrato #007',50.00,'{\"evento\":\"updated\",\"campos_alterados\":[\"estoque_status\"]}','{\"estoque_status\":0}','{\"estoque_status\":1}','177.8.213.195','web','package','amarelo','[\"locacao\",\"produtos\",\"estoque\",\"edicao\"]','2026-03-13 19:04:37'),
(182,1,5,'Renato Santana','renatosantanap1706@gmail.com','fatura_locacao.gerada','Gerou fatura #4 para locacao #007 - Renato teste - R$ 850,00 - Venc.: 16/03/2026','FaturamentoLocacao',5,'Fatura #4 - Contrato #007 - Renato teste - R$ 850,00',850.00,'{\"evento\":\"created\"}',NULL,'{\"id_empresa\":1,\"id_locacao\":9,\"id_usuario\":5,\"numero_fatura\":4,\"id_cliente\":2,\"descricao\":\"Faturamento Loca\\u00e7\\u00e3o #007\",\"valor_total\":850,\"data_faturamento\":\"2026-03-13 19:10:02\",\"data_vencimento\":\"2026-03-16 00:00:00\",\"status\":\"faturado\",\"origem\":\"encerramento_locacao\",\"observacoes\":null,\"updated_at\":\"2026-03-13 19:10:02\",\"created_at\":\"2026-03-13 19:10:02\",\"id_faturamento_locacao\":5}','177.8.213.195','web','file-text','verde','[\"faturamento\",\"locacao\",\"financeiro\",\"fatura_gerada\"]','2026-03-13 19:10:02'),
(183,1,5,'Renato Santana','renatosantanap1706@gmail.com','conta_receber.criada','Criou a conta a receber #6 — Faturamento Locação #007','conta_receber',6,'Conta #6 — Renato teste',850.00,'{\"evento\":\"created\"}',NULL,'{\"id_empresa\":1,\"id_clientes\":2,\"id_locacao\":9,\"descricao\":\"Faturamento Loca\\u00e7\\u00e3o #007\",\"documento\":\"007\",\"valor_total\":850,\"valor_pago\":0,\"data_emissao\":\"2026-03-13 19:10:02\",\"data_vencimento\":\"2026-03-16 00:00:00\",\"status\":\"pendente\",\"observacoes\":null,\"updated_at\":\"2026-03-13 19:10:02\",\"created_at\":\"2026-03-13 19:10:02\",\"id_contas\":6}','177.8.213.195','web','file-plus','verde','[\"contas_receber\",\"financeiro\",\"cadastro\"]','2026-03-13 19:10:02'),
(184,1,5,'Renato Santana','renatosantanap1706@gmail.com','fatura_locacao.editada','Editou fatura #4 da locacao #007 - Renato teste','FaturamentoLocacao',5,'Fatura #4 - Contrato #007 - Renato teste - R$ 850,00',850.00,'{\"evento\":\"updated\",\"campos_alterados\":[\"id_conta_receber\"]}','{\"id_conta_receber\":null}','{\"id_conta_receber\":6}','177.8.213.195','web','file-text','amarelo','[\"faturamento\",\"locacao\",\"financeiro\",\"edicao\"]','2026-03-13 19:10:02'),
(185,1,5,'Renato Santana','renatosantanap1706@gmail.com','conta_receber.baixa','Baixa total na conta #6 — Recebido: R$ 850,00','conta_receber',6,'Conta a receber #6 — Faturamento Locação #007',850.00,'{\"evento\":\"baixa\",\"tipo_baixa\":\"total\",\"id_recebimento\":4,\"data_pagamento\":\"2026-03-16\",\"valor_recebido_parcela\":850,\"valor_pago_antes\":0,\"valor_pago_depois\":850,\"saldo_restante_antes\":850,\"saldo_restante_depois\":0,\"forma_pagamento\":\"Debito\",\"banco\":\"Inter\",\"observacoes\":null,\"numero_parcela\":null,\"total_parcelas\":null}','{\"valor_pago\":0,\"saldo_restante\":850,\"status\":\"pendente\"}','{\"valor_pago\":850,\"saldo_restante\":0,\"status\":\"pago\"}','177.8.213.195','web','check-circle','verde-escuro','[\"contas_receber\",\"financeiro\",\"recebimento\"]','2026-03-13 19:15:03'),
(186,4,NULL,NULL,NULL,'empresa.criada','Criou empresa BNS ENGENHARIA E CONSTRUÇÕES LTDA com status Em Validacao','Empresa',4,'Empresa BNS ENGENHARIA E CONSTRUÇÕES LTDA - Em Validacao - CNPJ 30456657000112',NULL,'{\"evento\":\"created\"}',NULL,'{\"status\":\"validacao\",\"dados_cadastrais\":\"pendente\",\"filial\":\"Unica\",\"codigo\":2,\"c_produtos\":\"S\",\"c_clientes\":\"S\",\"c_fornecedores\":\"S\",\"razao_social\":\"BNS ENGENHARIA E CONSTRU\\u00c7\\u00d5ES LTDA\",\"nome_empresa\":\"BNS ENGENHARIA E CONSTRU\\u00c7\\u00d5ES LTDA\",\"cnpj\":\"[OCULTO]\",\"email\":\"[OCULTO]\",\"updated_at\":\"2026-03-13 19:37:14\",\"created_at\":\"2026-03-13 19:37:14\",\"id_empresa\":4}','2804:14d:7244:82ca:60af:f134:ffb0:1f8f','web','building-2','verde','[\"empresa\",\"configuracoes\",\"billing\",\"onboarding\",\"cadastro\"]','2026-03-13 19:37:14'),
(187,4,NULL,NULL,NULL,'empresa.editada','Editou dados da empresa BNS ENGENHARIA E CONSTRUÇÕES LTDA','Empresa',4,'Empresa BNS ENGENHARIA E CONSTRUÇÕES LTDA - Em Teste - CNPJ 30456657000112',NULL,'{\"evento\":\"updated\",\"campos_alterados\":[\"status\",\"data_fim_teste\",\"id_plano_teste\",\"dados_cadastrais\"]}','{\"status\":\"validacao\",\"data_fim_teste\":null,\"id_plano_teste\":null,\"dados_cadastrais\":\"pendente\"}','{\"status\":\"teste\",\"data_fim_teste\":\"2026-03-18T22:51:34.000000Z\",\"id_plano_teste\":2,\"dados_cadastrais\":\"completo\"}','2804:14d:7244:82ca:60af:f134:ffb0:1f8f','web','edit','amarelo','[\"empresa\",\"configuracoes\",\"billing\",\"onboarding\",\"edicao\"]','2026-03-13 19:51:34'),
(188,1,4,'Gustavo Henrique','gustavohenrique-silva@outlook.com.br','conta_receber.criada','Criou a conta a receber #7 — Teste MP','conta_receber',7,'Conta #7 — PRIME VIDEO LTDA',2.50,'{\"evento\":\"created\"}',NULL,'{\"descricao\":\"Teste MP\",\"documento\":null,\"id_clientes\":\"1\",\"id_categoria_contas\":null,\"id_bancos\":null,\"id_forma_pagamento\":null,\"valor_total\":2.5,\"juros\":0,\"multa\":0,\"desconto\":0,\"valor_pago\":0,\"data_emissao\":null,\"data_vencimento\":\"2026-03-20 00:00:00\",\"data_pagamento\":null,\"status\":\"pendente\",\"observacoes\":null,\"total_parcelas\":\"2\",\"tipo_recorrencia\":\"mensal\",\"quantidade_recorrencias\":\"12\",\"id_empresa\":1,\"updated_at\":\"2026-03-16 15:28:50\",\"created_at\":\"2026-03-16 15:28:50\",\"id_contas\":7}','191.6.82.223','web','file-plus','verde','[\"contas_receber\",\"financeiro\",\"cadastro\"]','2026-03-16 15:28:50'),
(189,1,4,'Gustavo Henrique','gustavohenrique-silva@outlook.com.br','conta_receber.editada','Editou a conta a receber #7 — Teste MP','conta_receber',7,'Conta #7 — PRIME VIDEO LTDA',5.00,'{\"evento\":\"updated\",\"campos_alterados\":[\"valor_total\"]}','{\"valor_total\":\"2.50\"}','{\"valor_total\":\"5.00\"}','191.6.82.223','web','edit','amarelo','[\"contas_receber\",\"financeiro\",\"edicao\"]','2026-03-16 15:29:12'),
(190,1,NULL,NULL,NULL,'conta_receber.editada','Editou a conta a receber #7 — Teste MP','conta_receber',7,'Conta #7 — PRIME VIDEO LTDA',5.00,'{\"evento\":\"updated\",\"campos_alterados\":[\"valor_pago\",\"data_pagamento\",\"status\"]}','{\"valor_pago\":\"0.00\",\"data_pagamento\":null,\"status\":\"pendente\"}','{\"valor_pago\":\"5.00\",\"data_pagamento\":\"2026-03-16T03:00:00.000000Z\",\"status\":\"pago\"}','191.6.82.223','api','edit','amarelo','[\"contas_receber\",\"financeiro\",\"edicao\"]','2026-03-16 18:28:59'),
(191,1,4,'Gustavo Henrique','gustavohenrique-silva@outlook.com.br','locacao.editada','Editou locacao #007 - Renato teste','Locacao',9,'Contrato #007 - Renato teste - R$ 850,00',850.00,'{\"evento\":\"updated\",\"campos_alterados\":[\"status_logistica\"]}','{\"status_logistica\":null}','{\"status_logistica\":\"pronto_patio\"}','191.6.82.223','web','edit','amarelo','[\"locacao\",\"contratos\",\"edicao\"]','2026-03-16 18:34:15'),
(192,1,4,'Gustavo Henrique','gustavohenrique-silva@outlook.com.br','locacao.status_logistica_alterado','Alterou status logistico da locacao #007 de \'Pronto / No Patio\' para \'Pronto / No Patio\'','Locacao',9,'Contrato #007 - Renato teste - R$ 850,00',850.00,'{\"evento\":\"status_logistica\"}',NULL,NULL,'191.6.82.223','web','truck','azul-claro','[\"locacao\",\"contratos\",\"logistica\",\"status\"]','2026-03-16 18:34:15'),
(193,1,4,'Gustavo Henrique','gustavohenrique-silva@outlook.com.br','locacao.editada','Editou locacao #007 - Renato teste','Locacao',9,'Contrato #007 - Renato teste - R$ 850,00',850.00,'{\"evento\":\"updated\",\"campos_alterados\":[\"status_logistica\"]}','{\"status_logistica\":\"pronto_patio\"}','{\"status_logistica\":\"para_separar\"}','191.6.82.223','web','edit','amarelo','[\"locacao\",\"contratos\",\"edicao\"]','2026-03-16 18:34:17'),
(194,1,4,'Gustavo Henrique','gustavohenrique-silva@outlook.com.br','locacao.status_logistica_alterado','Alterou status logistico da locacao #007 de \'Para Separar\' para \'Para Separar\'','Locacao',9,'Contrato #007 - Renato teste - R$ 850,00',850.00,'{\"evento\":\"status_logistica\"}',NULL,NULL,'191.6.82.223','web','truck','azul-claro','[\"locacao\",\"contratos\",\"logistica\",\"status\"]','2026-03-16 18:34:17'),
(195,1,4,'Gustavo Henrique','gustavohenrique-silva@outlook.com.br','locacao.editada','Editou locacao #006 - Renato teste','Locacao',8,'Contrato #006 - Renato teste - R$ 1.050,00',1050.00,'{\"evento\":\"updated\",\"campos_alterados\":[\"status_logistica\"]}','{\"status_logistica\":null}','{\"status_logistica\":\"pronto_patio\"}','191.6.82.223','web','edit','amarelo','[\"locacao\",\"contratos\",\"edicao\"]','2026-03-16 18:34:18'),
(196,1,4,'Gustavo Henrique','gustavohenrique-silva@outlook.com.br','locacao.status_logistica_alterado','Alterou status logistico da locacao #006 de \'Pronto / No Patio\' para \'Pronto / No Patio\'','Locacao',8,'Contrato #006 - Renato teste - R$ 1.050,00',1050.00,'{\"evento\":\"status_logistica\"}',NULL,NULL,'191.6.82.223','web','truck','azul-claro','[\"locacao\",\"contratos\",\"logistica\",\"status\"]','2026-03-16 18:34:18'),
(197,1,4,'Gustavo Henrique','gustavohenrique-silva@outlook.com.br','locacao.editada','Editou locacao #005 - PRIME VIDEO LTDA','Locacao',7,'Contrato #005 - PRIME VIDEO LTDA - R$ 0,00',0.00,'{\"evento\":\"updated\",\"campos_alterados\":[\"status_logistica\"]}','{\"status_logistica\":null}','{\"status_logistica\":\"para_separar\"}','191.6.82.223','web','edit','amarelo','[\"locacao\",\"contratos\",\"edicao\"]','2026-03-16 18:34:19'),
(198,1,4,'Gustavo Henrique','gustavohenrique-silva@outlook.com.br','locacao.status_logistica_alterado','Alterou status logistico da locacao #005 de \'Para Separar\' para \'Para Separar\'','Locacao',7,'Contrato #005 - PRIME VIDEO LTDA - R$ 0,00',0.00,'{\"evento\":\"status_logistica\"}',NULL,NULL,'191.6.82.223','web','truck','azul-claro','[\"locacao\",\"contratos\",\"logistica\",\"status\"]','2026-03-16 18:34:19'),
(199,1,4,'Gustavo Henrique','gustavohenrique-silva@outlook.com.br','locacao.status_logistica_alterado','Alterou status logistico da locacao #005 de \'Para Separar\' para \'Para Separar\'','Locacao',7,'Contrato #005 - PRIME VIDEO LTDA - R$ 0,00',0.00,'{\"evento\":\"status_logistica\"}',NULL,NULL,'191.6.82.223','web','truck','azul-claro','[\"locacao\",\"contratos\",\"logistica\",\"status\"]','2026-03-16 18:34:20'),
(200,1,4,'Gustavo Henrique','gustavohenrique-silva@outlook.com.br','locacao.status_logistica_alterado','Alterou status logistico da locacao #005 de \'Para Separar\' para \'Para Separar\'','Locacao',7,'Contrato #005 - PRIME VIDEO LTDA - R$ 0,00',0.00,'{\"evento\":\"status_logistica\"}',NULL,NULL,'191.6.82.223','web','truck','azul-claro','[\"locacao\",\"contratos\",\"logistica\",\"status\"]','2026-03-16 18:34:21'),
(201,1,4,'Gustavo Henrique','gustavohenrique-silva@outlook.com.br','locacao.status_logistica_alterado','Alterou status logistico da locacao #004 de \'Para Separar\' para \'Para Separar\'','Locacao',6,'Contrato #004 - PRIME VIDEO LTDA - R$ 400,00',400.00,'{\"evento\":\"status_logistica\"}',NULL,NULL,'191.6.82.223','web','truck','azul-claro','[\"locacao\",\"contratos\",\"logistica\",\"status\"]','2026-03-16 18:34:22'),
(202,1,4,'Gustavo Henrique','gustavohenrique-silva@outlook.com.br','locacao.criada','Criou locacao #O002 para PRIME VIDEO LTDA - R$ 0,00','Locacao',10,'Contrato #O002 - PRIME VIDEO LTDA - R$ 0,00',NULL,'{\"evento\":\"created\"}',NULL,'{\"id_empresa\":1,\"id_cliente\":\"1\",\"id_usuario\":1,\"numero_contrato\":\"O002\",\"data_inicio\":\"2026-03-16 00:00:00\",\"hora_inicio\":\"08:00\",\"data_fim\":\"2026-03-20 00:00:00\",\"hora_fim\":\"18:00\",\"quantidade_dias\":5,\"data_transporte_ida\":null,\"hora_transporte_ida\":null,\"data_transporte_volta\":null,\"hora_transporte_volta\":null,\"local_entrega\":\"AVENIDA SUBURBANA, 7471, SALA 201 PARTE, ABOLICAO, CEP 20751000\",\"local_retirada\":null,\"contato_responsavel\":null,\"telefone_responsavel\":null,\"nome_obra\":null,\"contato_local\":null,\"telefone_contato\":null,\"local_evento\":null,\"endereco_entrega\":null,\"cidade\":null,\"estado\":null,\"cep\":null,\"valor_frete\":0,\"valor_despesas_extras\":0,\"valor_desconto\":0,\"valor_acrescimo\":0,\"valor_imposto\":0,\"status\":\"orcamento\",\"observacoes\":null,\"responsavel\":null,\"observacoes_recibo\":null,\"observacoes_entrega\":null,\"observacoes_checklist\":null,\"numero_orcamento\":2,\"renovacao_automatica\":false,\"locacao_por_hora\":false,\"valor_limite_medicao\":0,\"numero_orcamento_origem\":2,\"updated_at\":\"2026-03-16 18:35:41\",\"created_at\":\"2026-03-16 18:35:41\",\"id_locacao\":10}','191.6.82.223','web','file-plus','verde','[\"locacao\",\"contratos\",\"novo_contrato\"]','2026-03-16 18:35:41'),
(203,1,4,'Gustavo Henrique','gustavohenrique-silva@outlook.com.br','locacao.orcamento_criado','Criou orcamento #2 para PRIME VIDEO LTDA - R$ 0,00','Locacao',10,'Contrato #O002 - PRIME VIDEO LTDA - R$ 0,00',NULL,'{\"evento\":\"orcamento_criado\"}',NULL,NULL,'191.6.82.223','web','file-text','cinza','[\"locacao\",\"contratos\",\"orcamento\"]','2026-03-16 18:35:41'),
(204,1,4,'Gustavo Henrique','gustavohenrique-silva@outlook.com.br','locacao_terceiro.adicionado','Adicionou produto de terceiro \'Martelete 10KG\' (Cod: -) do fornecedor Fornecedor nao identificado na locacao #O002 - 1x R$ 100,00 - Total: R$ 100,00','ProdutoTerceirosLocacao',1,'Terceiro: Martelete 10KG (Fornecedor nao identificado) - Contrato #O002',100.00,'{\"evento\":\"created\"}',NULL,'{\"id_empresa\":1,\"id_locacao\":10,\"quantidade\":1,\"preco_unitario\":100,\"custo_fornecedor\":50,\"valor_total\":100,\"id_produto_terceiro\":null,\"nome_produto_manual\":\"Martelete 10KG\",\"descricao_manual\":null,\"id_fornecedor\":null,\"id_sala\":null,\"valor_fechado\":true,\"tipo_movimentacao\":\"entrega\",\"observacoes\":null,\"gerar_conta_pagar\":true,\"conta_vencimento\":\"2026-03-25 00:00:00\",\"conta_valor\":50,\"conta_parcelas\":2,\"updated_at\":\"2026-03-16 18:35:41\",\"created_at\":\"2026-03-16 18:35:41\",\"id_produto_terceiros_locacao\":1}','191.6.82.223','web','truck','roxo','[\"locacao\",\"terceiros\",\"fornecedores\",\"terceiro_adicionado\"]','2026-03-16 18:35:41'),
(205,1,4,'Gustavo Henrique','gustavohenrique-silva@outlook.com.br','conta_pagar.criada','Criou a conta a pagar #23 — Locação #O002 - Martelete 10KG (Parcela 1/2)','conta_pagar',23,'Conta a pagar #23 — Locação #O002 - Martelete 10KG (Parcela 1/2)',25.00,'{\"evento\":\"created\"}',NULL,'{\"id_empresa\":1,\"id_fornecedores\":null,\"descricao\":\"Loca\\u00e7\\u00e3o #O002 - Martelete 10KG (Parcela 1\\/2)\",\"valor_total\":25,\"data_emissao\":\"2026-03-16 18:35:41\",\"data_vencimento\":\"2026-03-25 00:00:00\",\"status\":\"pendente\",\"id_locacao\":10,\"id_parcelamento\":\"c4ab66b2-ed74-42b5-8303-e1c344e05b4e\",\"origem\":\"locacao_terceiro\",\"observacoes\":\"Gerado automaticamente para produto de terceiro na loca\\u00e7\\u00e3o\",\"numero_parcela\":1,\"total_parcelas\":2,\"updated_at\":\"2026-03-16 18:35:41\",\"created_at\":\"2026-03-16 18:35:41\",\"id_contas\":23}','191.6.82.223','web','plus','verde','[\"contas_pagar\",\"financeiro\",\"cadastro\"]','2026-03-16 18:35:41'),
(206,1,4,'Gustavo Henrique','gustavohenrique-silva@outlook.com.br','conta_pagar.criada','Criou a conta a pagar #24 — Locação #O002 - Martelete 10KG (Parcela 2/2)','conta_pagar',24,'Conta a pagar #24 — Locação #O002 - Martelete 10KG (Parcela 2/2)',25.00,'{\"evento\":\"created\"}',NULL,'{\"id_empresa\":1,\"id_fornecedores\":null,\"descricao\":\"Loca\\u00e7\\u00e3o #O002 - Martelete 10KG (Parcela 2\\/2)\",\"valor_total\":25,\"data_emissao\":\"2026-03-16 18:35:41\",\"data_vencimento\":\"2026-04-25 00:00:00\",\"status\":\"pendente\",\"id_locacao\":10,\"id_parcelamento\":\"c4ab66b2-ed74-42b5-8303-e1c344e05b4e\",\"origem\":\"locacao_terceiro\",\"observacoes\":\"Gerado automaticamente para produto de terceiro na loca\\u00e7\\u00e3o\",\"numero_parcela\":2,\"total_parcelas\":2,\"updated_at\":\"2026-03-16 18:35:41\",\"created_at\":\"2026-03-16 18:35:41\",\"id_contas\":24}','191.6.82.223','web','plus','verde','[\"contas_pagar\",\"financeiro\",\"cadastro\"]','2026-03-16 18:35:41'),
(207,1,4,'Gustavo Henrique','gustavohenrique-silva@outlook.com.br','locacao.editada','Editou locacao #O002 - PRIME VIDEO LTDA - valores alterados','Locacao',10,'Contrato #O002 - PRIME VIDEO LTDA - R$ 100,00',100.00,'{\"evento\":\"updated\",\"campos_alterados\":[\"valor_total\",\"valor_final\"]}','{\"valor_total\":null,\"valor_final\":null}','{\"valor_total\":\"100.00\",\"valor_final\":\"100.00\"}','191.6.82.223','web','edit','amarelo','[\"locacao\",\"contratos\",\"edicao\"]','2026-03-16 18:35:41'),
(208,1,4,'Gustavo Henrique','gustavohenrique-silva@outlook.com.br','conta_receber.criada','Criou a conta a receber #8 — Teste PH','conta_receber',8,'Conta #8 — PRIME VIDEO LTDA',5.00,'{\"evento\":\"created\"}',NULL,'{\"descricao\":\"Teste PH\",\"documento\":null,\"id_clientes\":\"1\",\"id_categoria_contas\":null,\"id_bancos\":null,\"id_forma_pagamento\":null,\"valor_total\":5,\"juros\":0,\"multa\":0,\"desconto\":0,\"valor_pago\":0,\"data_emissao\":null,\"data_vencimento\":\"2026-03-30 00:00:00\",\"data_pagamento\":null,\"status\":\"pendente\",\"observacoes\":null,\"total_parcelas\":\"2\",\"tipo_recorrencia\":\"mensal\",\"quantidade_recorrencias\":\"12\",\"id_empresa\":1,\"updated_at\":\"2026-03-16 19:01:32\",\"created_at\":\"2026-03-16 19:01:32\",\"id_contas\":8}','191.6.82.223','web','file-plus','verde','[\"contas_receber\",\"financeiro\",\"cadastro\"]','2026-03-16 19:01:32'),
(209,1,NULL,NULL,NULL,'conta_receber.editada','Editou a conta a receber #8 — Teste PH','conta_receber',8,'Conta #8 — PRIME VIDEO LTDA',5.00,'{\"evento\":\"updated\",\"campos_alterados\":[\"valor_pago\",\"data_pagamento\",\"status\"]}','{\"valor_pago\":\"0.00\",\"data_pagamento\":null,\"status\":\"pendente\"}','{\"valor_pago\":\"5.00\",\"data_pagamento\":\"2026-03-16T03:00:00.000000Z\",\"status\":\"pago\"}','191.6.82.223','api','edit','amarelo','[\"contas_receber\",\"financeiro\",\"edicao\"]','2026-03-16 19:13:49'),
(210,1,4,'Gustavo Henrique','gustavohenrique-silva@outlook.com.br','locacao.editada','Editou locacao #006 - Renato teste','Locacao',8,'Contrato #006 - Renato teste - R$ 1.050,00',1050.00,'{\"evento\":\"updated\",\"campos_alterados\":[\"status_logistica\"]}','{\"status_logistica\":\"pronto_patio\"}','{\"status_logistica\":\"em_rota\"}','191.6.82.223','web','edit','amarelo','[\"locacao\",\"contratos\",\"edicao\"]','2026-03-17 16:08:53'),
(211,1,4,'Gustavo Henrique','gustavohenrique-silva@outlook.com.br','locacao.status_logistica_alterado','Alterou status logistico da locacao #006 de \'Em Rota\' para \'Em Rota\'','Locacao',8,'Contrato #006 - Renato teste - R$ 1.050,00',1050.00,'{\"evento\":\"status_logistica\"}',NULL,NULL,'191.6.82.223','web','truck','azul-claro','[\"locacao\",\"contratos\",\"logistica\",\"status\"]','2026-03-17 16:08:53'),
(212,1,4,'Gustavo Henrique','gustavohenrique-silva@outlook.com.br','locacao.editada','Editou locacao #006 - Renato teste','Locacao',8,'Contrato #006 - Renato teste - R$ 1.050,00',1050.00,'{\"evento\":\"updated\",\"campos_alterados\":[\"status_logistica\"]}','{\"status_logistica\":\"em_rota\"}','{\"status_logistica\":\"pronto_patio\"}','191.6.82.223','web','edit','amarelo','[\"locacao\",\"contratos\",\"edicao\"]','2026-03-17 16:08:54'),
(213,1,4,'Gustavo Henrique','gustavohenrique-silva@outlook.com.br','locacao.status_logistica_alterado','Alterou status logistico da locacao #006 de \'Pronto / No Patio\' para \'Pronto / No Patio\'','Locacao',8,'Contrato #006 - Renato teste - R$ 1.050,00',1050.00,'{\"evento\":\"status_logistica\"}',NULL,NULL,'191.6.82.223','web','truck','azul-claro','[\"locacao\",\"contratos\",\"logistica\",\"status\"]','2026-03-17 16:08:54'),
(214,1,4,'Gustavo Henrique','gustavohenrique-silva@outlook.com.br','locacao.criada','Criou locacao #O003 para PRIME VIDEO LTDA - R$ 0,00','Locacao',11,'Contrato #O003 - PRIME VIDEO LTDA - R$ 0,00',NULL,'{\"evento\":\"created\"}',NULL,'{\"id_empresa\":1,\"id_cliente\":\"1\",\"id_usuario\":1,\"numero_contrato\":\"O003\",\"data_inicio\":\"2026-03-17 00:00:00\",\"hora_inicio\":\"08:00\",\"data_fim\":\"2026-03-20 00:00:00\",\"hora_fim\":\"18:00\",\"quantidade_dias\":4,\"data_transporte_ida\":null,\"hora_transporte_ida\":null,\"data_transporte_volta\":null,\"hora_transporte_volta\":null,\"local_entrega\":\"AVENIDA SUBURBANA, 7471, SALA 201 PARTE, ABOLICAO, CEP 20751000\",\"local_retirada\":null,\"contato_responsavel\":null,\"telefone_responsavel\":null,\"nome_obra\":null,\"contato_local\":null,\"telefone_contato\":null,\"local_evento\":null,\"endereco_entrega\":null,\"cidade\":null,\"estado\":null,\"cep\":null,\"valor_frete\":0,\"valor_despesas_extras\":0,\"valor_desconto\":0,\"valor_acrescimo\":0,\"valor_imposto\":0,\"status\":\"orcamento\",\"observacoes\":null,\"responsavel\":null,\"observacoes_recibo\":null,\"observacoes_entrega\":null,\"observacoes_checklist\":null,\"numero_orcamento\":3,\"renovacao_automatica\":false,\"locacao_por_hora\":false,\"valor_limite_medicao\":0,\"numero_orcamento_origem\":3,\"updated_at\":\"2026-03-17 17:02:42\",\"created_at\":\"2026-03-17 17:02:42\",\"id_locacao\":11}','191.6.82.223','web','file-plus','verde','[\"locacao\",\"contratos\",\"novo_contrato\"]','2026-03-17 17:02:42'),
(215,1,4,'Gustavo Henrique','gustavohenrique-silva@outlook.com.br','locacao.orcamento_criado','Criou orcamento #3 para PRIME VIDEO LTDA - R$ 0,00','Locacao',11,'Contrato #O003 - PRIME VIDEO LTDA - R$ 0,00',NULL,'{\"evento\":\"orcamento_criado\"}',NULL,NULL,'191.6.82.223','web','file-text','cinza','[\"locacao\",\"contratos\",\"orcamento\"]','2026-03-17 17:02:42'),
(216,1,4,'Gustavo Henrique','gustavohenrique-silva@outlook.com.br','locacao_terceiro.adicionado','Adicionou produto de terceiro \'Martelete 10KG\' (Cod: -) do fornecedor Fornecedor nao identificado na locacao #O003 - 1x R$ 359,90 - Total: R$ 359,90','ProdutoTerceirosLocacao',2,'Terceiro: Martelete 10KG (Fornecedor nao identificado) - Contrato #O003',359.90,'{\"evento\":\"created\"}',NULL,'{\"id_empresa\":1,\"id_locacao\":11,\"quantidade\":1,\"preco_unitario\":359.9,\"custo_fornecedor\":189.9,\"valor_total\":359.9,\"id_produto_terceiro\":null,\"nome_produto_manual\":\"Martelete 10KG\",\"descricao_manual\":null,\"id_fornecedor\":null,\"id_sala\":null,\"valor_fechado\":true,\"tipo_movimentacao\":\"entrega\",\"observacoes\":null,\"gerar_conta_pagar\":true,\"conta_vencimento\":\"2026-03-30 00:00:00\",\"conta_valor\":189.9,\"conta_parcelas\":1,\"updated_at\":\"2026-03-17 17:02:42\",\"created_at\":\"2026-03-17 17:02:42\",\"id_produto_terceiros_locacao\":2}','191.6.82.223','web','truck','roxo','[\"locacao\",\"terceiros\",\"fornecedores\",\"terceiro_adicionado\"]','2026-03-17 17:02:42'),
(217,1,4,'Gustavo Henrique','gustavohenrique-silva@outlook.com.br','locacao.editada','Editou locacao #O003 - PRIME VIDEO LTDA - valores alterados','Locacao',11,'Contrato #O003 - PRIME VIDEO LTDA - R$ 359,90',359.90,'{\"evento\":\"updated\",\"campos_alterados\":[\"valor_total\",\"valor_final\"]}','{\"valor_total\":null,\"valor_final\":null}','{\"valor_total\":\"359.90\",\"valor_final\":\"359.90\"}','191.6.82.223','web','edit','amarelo','[\"locacao\",\"contratos\",\"edicao\"]','2026-03-17 17:02:42'),
(218,1,4,'Gustavo Henrique','gustavohenrique-silva@outlook.com.br','locacao.editada','Editou locacao #008 - PRIME VIDEO LTDA','Locacao',11,'Contrato #008 - PRIME VIDEO LTDA - R$ 359,90',359.90,'{\"evento\":\"updated\",\"campos_alterados\":[\"numero_contrato\",\"status\"]}','{\"numero_contrato\":\"O003\",\"status\":\"orcamento\"}','{\"numero_contrato\":\"008\",\"status\":\"aprovado\"}','191.6.82.223','web','edit','amarelo','[\"locacao\",\"contratos\",\"edicao\"]','2026-03-17 17:07:15'),
(219,1,4,'Gustavo Henrique','gustavohenrique-silva@outlook.com.br','conta_pagar.criada','Criou a conta a pagar #25 — Locação #008 - Martelete 10KG','conta_pagar',25,'Conta a pagar #25 — Locação #008 - Martelete 10KG',189.90,'{\"evento\":\"created\"}',NULL,'{\"id_empresa\":1,\"id_fornecedores\":null,\"descricao\":\"Loca\\u00e7\\u00e3o #008 - Martelete 10KG\",\"valor_total\":189.9,\"data_emissao\":\"2026-03-17 17:07:15\",\"data_vencimento\":\"2026-03-30 00:00:00\",\"status\":\"pendente\",\"id_locacao\":11,\"id_parcelamento\":null,\"origem\":\"locacao_terceiro\",\"observacoes\":\"Gerado automaticamente para produto de terceiro na loca\\u00e7\\u00e3o\",\"numero_parcela\":1,\"total_parcelas\":1,\"updated_at\":\"2026-03-17 17:07:15\",\"created_at\":\"2026-03-17 17:07:15\",\"id_contas\":25}','191.6.82.223','web','plus','verde','[\"contas_pagar\",\"financeiro\",\"cadastro\"]','2026-03-17 17:07:15'),
(220,1,4,'Gustavo Henrique','gustavohenrique-silva@outlook.com.br','locacao.editada','Editou locacao #O002 - PRIME VIDEO LTDA','Locacao',10,'Contrato #O002 - PRIME VIDEO LTDA - R$ 100,00',100.00,'{\"evento\":\"updated\",\"campos_alterados\":[\"observacoes_orcamento\"]}','{\"observacoes_orcamento\":null}','{\"observacoes_orcamento\":\"Teste do or\\u00e7amento\"}','191.6.82.223','web','edit','amarelo','[\"locacao\",\"contratos\",\"edicao\"]','2026-03-17 17:07:47'),
(221,1,4,'Gustavo Henrique','gustavohenrique-silva@outlook.com.br','locacao_terceiro.adicionado','Adicionou produto de terceiro \'Martelete 10KG\' (Cod: -) do fornecedor Fornecedor nao identificado na locacao #O002 - 1x R$ 100,00 - Total: R$ 100,00','ProdutoTerceirosLocacao',3,'Terceiro: Martelete 10KG (Fornecedor nao identificado) - Contrato #O002',100.00,'{\"evento\":\"created\"}',NULL,'{\"id_empresa\":1,\"id_locacao\":10,\"quantidade\":1,\"preco_unitario\":100,\"custo_fornecedor\":50,\"valor_total\":100,\"id_produto_terceiro\":null,\"nome_produto_manual\":\"Martelete 10KG\",\"descricao_manual\":null,\"id_fornecedor\":null,\"id_sala\":null,\"valor_fechado\":true,\"tipo_movimentacao\":\"entrega\",\"observacoes\":null,\"gerar_conta_pagar\":true,\"conta_vencimento\":\"2026-03-25 00:00:00\",\"conta_valor\":50,\"conta_parcelas\":2,\"updated_at\":\"2026-03-17 17:07:47\",\"created_at\":\"2026-03-17 17:07:47\",\"id_produto_terceiros_locacao\":3}','191.6.82.223','web','truck','roxo','[\"locacao\",\"terceiros\",\"fornecedores\",\"terceiro_adicionado\"]','2026-03-17 17:07:47'),
(222,1,4,'Gustavo Henrique','gustavohenrique-silva@outlook.com.br','locacao.editada','Editou locacao #O002 - PRIME VIDEO LTDA - valores alterados','Locacao',10,'Contrato #O002 - PRIME VIDEO LTDA - R$ 100,00',100.00,'{\"evento\":\"updated\",\"campos_alterados\":[\"valor_desconto\",\"valor_acrescimo\",\"valor_frete_entrega\",\"valor_frete_retirada\"]}','{\"valor_desconto\":\"0.00\",\"valor_acrescimo\":\"0.00\",\"valor_frete_entrega\":\"0.00\",\"valor_frete_retirada\":\"0.00\"}','{\"valor_desconto\":\"15.00\",\"valor_acrescimo\":\"135.00\",\"valor_frete_entrega\":\"50.00\",\"valor_frete_retirada\":\"85.00\"}','191.6.82.223','web','edit','amarelo','[\"locacao\",\"contratos\",\"edicao\"]','2026-03-17 17:08:32'),
(223,1,4,'Gustavo Henrique','gustavohenrique-silva@outlook.com.br','locacao_terceiro.adicionado','Adicionou produto de terceiro \'Martelete 10KG\' (Cod: -) do fornecedor Fornecedor nao identificado na locacao #O002 - 1x R$ 100,00 - Total: R$ 100,00','ProdutoTerceirosLocacao',4,'Terceiro: Martelete 10KG (Fornecedor nao identificado) - Contrato #O002',100.00,'{\"evento\":\"created\"}',NULL,'{\"id_empresa\":1,\"id_locacao\":10,\"quantidade\":1,\"preco_unitario\":100,\"custo_fornecedor\":50,\"valor_total\":100,\"id_produto_terceiro\":null,\"nome_produto_manual\":\"Martelete 10KG\",\"descricao_manual\":null,\"id_fornecedor\":null,\"id_sala\":null,\"valor_fechado\":true,\"tipo_movimentacao\":\"entrega\",\"observacoes\":null,\"gerar_conta_pagar\":true,\"conta_vencimento\":\"2026-03-25 00:00:00\",\"conta_valor\":50,\"conta_parcelas\":2,\"updated_at\":\"2026-03-17 17:08:32\",\"created_at\":\"2026-03-17 17:08:32\",\"id_produto_terceiros_locacao\":4}','191.6.82.223','web','truck','roxo','[\"locacao\",\"terceiros\",\"fornecedores\",\"terceiro_adicionado\"]','2026-03-17 17:08:32'),
(224,1,4,'Gustavo Henrique','gustavohenrique-silva@outlook.com.br','locacao.editada','Editou locacao #O002 - PRIME VIDEO LTDA - valores alterados','Locacao',10,'Contrato #O002 - PRIME VIDEO LTDA - R$ 220,00',220.00,'{\"evento\":\"updated\",\"campos_alterados\":[\"valor_final\"]}','{\"valor_final\":\"100.00\"}','{\"valor_final\":\"220.00\"}','191.6.82.223','web','edit','amarelo','[\"locacao\",\"contratos\",\"edicao\"]','2026-03-17 17:08:32'),
(225,6,4,'Gustavo Henrique','gustavohenrique-silva@outlook.com.br','cliente.criado','Cadastrou o cliente 36.724.690 GUSTAVO HENRIQUE DA SILVA','cliente',3,'36.724.690 GUSTAVO HENRIQUE DA SILVA (***0179)',NULL,'{\"evento\":\"created\"}',NULL,'{\"id_empresa\":6,\"nome\":\"36.724.690 GUSTAVO HENRIQUE DA SILVA\",\"cpf_cnpj\":\"36.724.690\\/0001-79\",\"email\":\"gustavohenrique-silva@outlook.com.br\",\"telefone\":\"(19) 8291-9967\",\"cep\":\"13481432\",\"endereco\":\"RUA SERGIO ROBERTO BUCCI\",\"numero\":\"746\",\"complemento\":null,\"bairro\":\"JARDIM RESIDENCIAL DONA SANTINA PAROLI PECCININI\",\"rg_ie\":null,\"razao_social\":null,\"data_nascimento\":null,\"status\":\"ativo\",\"id_tipo_pessoa\":\"2\",\"endereco_entrega\":null,\"numero_entrega\":null,\"complemento_entrega\":null,\"cep_entrega\":null,\"updated_at\":\"2026-03-17 18:57:31\",\"created_at\":\"2026-03-17 18:57:31\",\"id_clientes\":3}','187.19.90.164','web','user-plus','verde','[\"clientes\",\"cadastro\",\"novo_cadastro\"]','2026-03-17 18:57:31');

--
-- Table structure for table `tabela_precos`
--

CREATE TABLE `tabela_precos` (
  `id_tabela` bigint(20) unsigned NOT NULL AUTO_INCREMENT,
  `id_empresa` bigint(20) unsigned DEFAULT NULL,
  `id_produto` bigint(20) unsigned DEFAULT NULL,
  `nome` varchar(255) DEFAULT NULL,
  `d1` decimal(15,2) DEFAULT NULL,
  `d2` decimal(15,2) DEFAULT NULL,
  `d3` decimal(15,2) DEFAULT NULL,
  `d4` decimal(15,2) DEFAULT NULL,
  `d5` decimal(15,2) DEFAULT NULL,
  `d6` decimal(15,2) DEFAULT NULL,
  `d7` decimal(15,2) DEFAULT NULL,
  `d8` decimal(15,2) DEFAULT NULL,
  `d9` decimal(15,2) DEFAULT NULL,
  `d10` decimal(15,2) DEFAULT NULL,
  `d11` decimal(15,2) DEFAULT NULL,
  `d12` decimal(15,2) DEFAULT NULL,
  `d13` decimal(15,2) DEFAULT NULL,
  `d14` decimal(15,2) DEFAULT NULL,
  `d15` decimal(15,2) DEFAULT NULL,
  `d16` decimal(15,2) DEFAULT NULL,
  `d17` decimal(15,2) DEFAULT NULL,
  `d18` decimal(15,2) DEFAULT NULL,
  `d19` decimal(15,2) DEFAULT NULL,
  `d20` decimal(15,2) DEFAULT NULL,
  `d21` decimal(15,2) DEFAULT NULL,
  `d22` decimal(15,2) DEFAULT NULL,
  `d23` decimal(15,2) DEFAULT NULL,
  `d24` decimal(15,2) DEFAULT NULL,
  `d25` decimal(15,2) DEFAULT NULL,
  `d26` decimal(15,2) DEFAULT NULL,
  `d27` decimal(15,2) DEFAULT NULL,
  `d28` decimal(15,2) DEFAULT NULL,
  `d29` decimal(15,2) DEFAULT NULL,
  `d30` decimal(15,2) DEFAULT NULL,
  `d60` decimal(15,2) DEFAULT NULL,
  `d120` decimal(15,2) DEFAULT NULL,
  `d360` decimal(15,2) DEFAULT NULL,
  `created_at` timestamp NULL DEFAULT NULL,
  `updated_at` timestamp NULL DEFAULT NULL,
  `deleted_at` timestamp NULL DEFAULT NULL,
  PRIMARY KEY (`id_tabela`),
  KEY `tabela_precos_id_empresa_index` (`id_empresa`),
  KEY `tabela_precos_id_produto_index` (`id_produto`),
  CONSTRAINT `tabela_precos_id_empresa_foreign` FOREIGN KEY (`id_empresa`) REFERENCES `empresa` (`id_empresa`) ON DELETE SET NULL,
  CONSTRAINT `tabela_precos_id_produto_foreign` FOREIGN KEY (`id_produto`) REFERENCES `produtos` (`id_produto`) ON DELETE SET NULL
) ENGINE=InnoDB AUTO_INCREMENT=3 DEFAULT CHARSET=utf8mb4 COLLATE=utf8mb4_unicode_ci;

--
-- Dumping data for table `tabela_precos`
--

INSERT INTO `tabela_precos` VALUES
(1,1,1,'Tabela Betoneira',59.90,NULL,NULL,NULL,289.90,NULL,NULL,NULL,NULL,NULL,NULL,NULL,NULL,NULL,NULL,NULL,NULL,NULL,NULL,NULL,NULL,NULL,NULL,NULL,NULL,NULL,NULL,NULL,NULL,NULL,NULL,NULL,NULL,'2026-03-11 15:29:19','2026-03-11 15:29:19',NULL),
(2,1,2,'Desconto com base na data',100.00,NULL,NULL,NULL,NULL,NULL,NULL,NULL,NULL,98.00,NULL,NULL,NULL,NULL,95.00,NULL,NULL,NULL,NULL,93.00,NULL,NULL,NULL,NULL,NULL,NULL,NULL,NULL,NULL,89.00,NULL,NULL,NULL,'2026-03-11 20:28:54','2026-03-11 20:28:54',NULL);

--
-- Table structure for table `users`
--

CREATE TABLE `users` (
  `id` bigint(20) unsigned NOT NULL AUTO_INCREMENT,
  `name` varchar(255) NOT NULL,
  `email` varchar(255) NOT NULL,
  `email_verified_at` timestamp NULL DEFAULT NULL,
  `password` varchar(255) NOT NULL,
  `remember_token` varchar(100) DEFAULT NULL,
  `created_at` timestamp NULL DEFAULT NULL,
  `updated_at` timestamp NULL DEFAULT NULL,
  PRIMARY KEY (`id`),
  UNIQUE KEY `users_email_unique` (`email`)
) ENGINE=InnoDB DEFAULT CHARSET=utf8mb4 COLLATE=utf8mb4_unicode_ci;

--
-- Dumping data for table `users`
--


--
-- Table structure for table `usuario_grupo`
--

CREATE TABLE `usuario_grupo` (
  `id` bigint(20) unsigned NOT NULL AUTO_INCREMENT,
  `id_usuario` bigint(20) unsigned NOT NULL,
  `id_empresa` bigint(20) unsigned NOT NULL,
  `id_grupo` bigint(20) unsigned NOT NULL,
  `created_at` timestamp NULL DEFAULT NULL,
  `updated_at` timestamp NULL DEFAULT NULL,
  PRIMARY KEY (`id`),
  UNIQUE KEY `usuario_grupo_id_usuario_id_empresa_unique` (`id_usuario`,`id_empresa`),
  KEY `usuario_grupo_id_grupo_index` (`id_grupo`)
) ENGINE=InnoDB AUTO_INCREMENT=4 DEFAULT CHARSET=utf8mb4 COLLATE=utf8mb4_unicode_ci;

--
-- Dumping data for table `usuario_grupo`
--

INSERT INTO `usuario_grupo` VALUES
(2,7,1,1,'2026-03-16 22:21:35','2026-03-16 22:21:35'),
(3,8,5,2,'2026-03-17 12:46:20','2026-03-17 12:46:20');

--
-- Table structure for table `usuario_permissoes`
--

CREATE TABLE `usuario_permissoes` (
  `id_usuario_permissao` bigint(20) unsigned NOT NULL AUTO_INCREMENT,
  `id_usuario` bigint(20) unsigned DEFAULT NULL,
  `id_modulo` bigint(20) unsigned DEFAULT NULL,
  `pode_ler` tinyint(1) NOT NULL DEFAULT 0,
  `pode_criar` tinyint(1) NOT NULL DEFAULT 0,
  `pode_editar` tinyint(1) NOT NULL DEFAULT 0,
  `pode_deletar` tinyint(1) NOT NULL DEFAULT 0,
  `created_at` timestamp NULL DEFAULT NULL,
  `updated_at` timestamp NULL DEFAULT NULL,
  PRIMARY KEY (`id_usuario_permissao`),
  KEY `usuario_permissoes_id_usuario_index` (`id_usuario`),
  KEY `usuario_permissoes_id_modulo_index` (`id_modulo`)
) ENGINE=InnoDB DEFAULT CHARSET=utf8mb4 COLLATE=utf8mb4_unicode_ci;

--
-- Dumping data for table `usuario_permissoes`
--


--
-- Table structure for table `usuarios`
--

CREATE TABLE `usuarios` (
  `id_usuario` bigint(20) unsigned NOT NULL AUTO_INCREMENT,
  `id_empresa` bigint(20) unsigned DEFAULT NULL,
  `login` varchar(255) DEFAULT NULL,
  `nome` varchar(255) DEFAULT NULL,
  `senha` varchar(255) DEFAULT NULL,
  `id_permissoes` bigint(20) unsigned DEFAULT NULL,
  `is_suporte` tinyint(1) NOT NULL DEFAULT 0,
  `telefone` varchar(255) DEFAULT NULL,
  `status` varchar(255) DEFAULT NULL,
  `cpf` varchar(255) DEFAULT NULL,
  `rg` varchar(255) DEFAULT NULL,
  `comissao` decimal(15,2) DEFAULT NULL,
  `endereco` varchar(255) DEFAULT NULL,
  `cep` varchar(255) DEFAULT NULL,
  `bairro` varchar(255) DEFAULT NULL,
  `finalidade` varchar(255) DEFAULT NULL,
  `observacoes` text DEFAULT NULL,
  `codigo_reset` varchar(255) DEFAULT NULL,
  `google_calendar_token` varchar(255) DEFAULT NULL,
  `tema` varchar(255) DEFAULT NULL,
  `remember_token` varchar(255) DEFAULT NULL,
  `session_token` varchar(255) DEFAULT NULL,
  `data_ultimo_acesso` datetime DEFAULT NULL,
  `created_at` timestamp NULL DEFAULT NULL,
  `updated_at` timestamp NULL DEFAULT NULL,
  `deleted_at` timestamp NULL DEFAULT NULL,
  PRIMARY KEY (`id_usuario`),
  KEY `usuarios_id_empresa_index` (`id_empresa`),
  KEY `usuarios_id_permissoes_index` (`id_permissoes`)
) ENGINE=InnoDB AUTO_INCREMENT=11 DEFAULT CHARSET=utf8mb4 COLLATE=utf8mb4_unicode_ci;

--
-- Dumping data for table `usuarios`
--

INSERT INTO `usuarios` VALUES
(1,1,'gestornow0@gmail.com','GestorNow','$2y$10$a5Isx0IHqZe.n1vhO7HRNetfrvhaoePhccXNf2yCzw5aC0xwoXJUe',NULL,1,NULL,'ativo',NULL,NULL,0.00,NULL,NULL,NULL,'administrador',NULL,NULL,NULL,'light','NZWyMzVXaoI1oqz0qDWLGSihWFQlXf3fWiw8VmjH51tqYnn1KgNU77d4RbvU','8a650deaabc6db5e2bfa368bebb960aae6fad88cc71c637cf22d6e2d85cf674d','2026-03-16 21:40:38','2026-03-11 10:53:12','2026-03-16 21:40:38',NULL),
(4,1,'gustavohenrique-silva@outlook.com.br','Gustavo Henrique','$2y$10$MUxQQntqHIanxTDl6vHIC..FDiqqhi2MCmh35.ggZr7OTiuWScfza',NULL,1,NULL,'ativo',NULL,NULL,NULL,NULL,NULL,NULL,'administrador',NULL,NULL,NULL,'dark','wquJNgmzm5oUQCqmHe0MoOE5VP1XydhFq7jSNob4puHU7wbGaJH0aU6k3iS5','97e1dcae2f81355aac231a61418d0f2e59a931997488efb48d8e07e3f71f407c','2026-03-17 18:38:11','2026-03-11 15:23:59','2026-03-17 18:38:11',NULL),
(5,1,'renatosantanap1706@gmail.com','Renato Santana','$2y$10$ApRhhMVLbRAm0qo4lhSMGuuRmyj9MeumHb36RoOcYG.ISzhxo0NB2',NULL,1,'19981473277','ativo','70902731483',NULL,NULL,NULL,NULL,NULL,'administrador',NULL,NULL,NULL,NULL,'vP0kcDcx5MSyRGalsDcC8pNpb582WlDYVyFNvhEE0dGq4GuDo7lH5KWDJcfx','ae32422203a8d9b94bae906f599a1de41258341c5bfe5216d39cd17553092d1f','2026-03-13 19:51:35','2026-03-11 19:31:04','2026-03-13 19:51:35',NULL),
(6,4,'loc@bnsengenharia.com','BONIFÁCIO NEVES DE SOUZA','$2y$10$WFhTEwSYwsL5kKhAS99cge3Mr5f6o9K8rJ6j0O/YiwIFR/QRvj8N6',NULL,0,NULL,'ativo',NULL,NULL,0.00,NULL,NULL,NULL,'administrador',NULL,NULL,NULL,'light','gKTq2iX9azM6UooC5UiGC1SbXD0rl7PXW7SGxwcLd3PigX5kI9F6A82DIeHI','4a17cbeb61cee7c00185de93f125225b9d472c67c09a2af39ba8e232071bbb27','2026-03-13 19:52:05','2026-03-13 19:37:14','2026-03-13 19:52:05',NULL),
(7,1,'denis.souzadeoliveira05@gmail.com','Eduardo teste permissões','$2y$10$10R3N1db.HCj4l.O1ANr3u2IUW1AXaRxe0zrLiRJ9L6dJeMY5V8Ly',NULL,0,NULL,'ativo',NULL,NULL,NULL,NULL,NULL,NULL,'administrador',NULL,NULL,NULL,NULL,'zhZPRpkPMpFd8Ialxp6Tc0tFQzG4LFURLphQ6qfUOYxDsmAOIjX9plhWx1ZT','2799f7c8d39da59a0fafa1d3df50f7aa3ebb075d89e9f7c8928e3fc704764ec7','2026-03-16 21:40:10','2026-03-16 21:17:45','2026-03-16 21:40:10',NULL),
(8,5,'contato@amclocacao.com.br','AMC LOCAÇÕES DE MAQUINAS LTDA',NULL,NULL,0,'7193722299','ativo',NULL,NULL,NULL,'AVENIDA ULYSSES GUIMARAES','41213-000','SUSSUARANA','administrador',NULL,'5SdHw9is1hJVsoBhmnWxNqz5FdHw2R7IWjz5gImDGZL3QnONOdYE2yCPgl7c',NULL,NULL,NULL,NULL,NULL,'2026-03-17 12:46:20','2026-03-17 12:46:20',NULL);

--
-- Table structure for table `venda_itens`
--

CREATE TABLE `venda_itens` (
  `id_venda_item` bigint(20) unsigned NOT NULL AUTO_INCREMENT,
  `id_venda` bigint(20) unsigned DEFAULT NULL,
  `id_produto_venda` bigint(20) unsigned DEFAULT NULL,
  `nome_produto` varchar(255) DEFAULT NULL,
  `codigo_produto` varchar(255) DEFAULT NULL,
  `quantidade` int(11) DEFAULT NULL,
  `preco_unitario` decimal(15,2) DEFAULT NULL,
  `desconto` decimal(15,2) DEFAULT NULL,
  `subtotal` decimal(15,2) DEFAULT NULL,
  `created_at` timestamp NULL DEFAULT NULL,
  `updated_at` timestamp NULL DEFAULT NULL,
  `deleted_at` timestamp NULL DEFAULT NULL,
  PRIMARY KEY (`id_venda_item`),
  KEY `venda_itens_id_venda_index` (`id_venda`),
  KEY `venda_itens_id_produto_venda_index` (`id_produto_venda`),
  CONSTRAINT `venda_itens_id_produto_venda_foreign` FOREIGN KEY (`id_produto_venda`) REFERENCES `produtos_venda` (`id_produto_venda`) ON DELETE SET NULL,
  CONSTRAINT `venda_itens_id_venda_foreign` FOREIGN KEY (`id_venda`) REFERENCES `vendas` (`id_venda`) ON DELETE SET NULL
) ENGINE=InnoDB AUTO_INCREMENT=2 DEFAULT CHARSET=utf8mb4 COLLATE=utf8mb4_unicode_ci;

--
-- Dumping data for table `venda_itens`
--

INSERT INTO `venda_itens` VALUES
(1,1,1,'Disco de corte','354',2,25.00,0.00,50.00,'2026-03-13 19:23:25','2026-03-13 19:23:25',NULL);

--
-- Table structure for table `vendas`
--

CREATE TABLE `vendas` (
  `id_venda` bigint(20) unsigned NOT NULL AUTO_INCREMENT,
  `id_empresa` bigint(20) unsigned DEFAULT NULL,
  `id_cliente` bigint(20) unsigned DEFAULT NULL,
  `id_usuario` bigint(20) unsigned DEFAULT NULL,
  `id_forma_pagamento` bigint(20) unsigned DEFAULT NULL,
  `numero_venda` int(11) DEFAULT NULL,
  `data_venda` datetime DEFAULT NULL,
  `subtotal` decimal(15,2) DEFAULT NULL,
  `desconto` decimal(15,2) DEFAULT NULL,
  `acrescimo` decimal(15,2) DEFAULT NULL,
  `total` decimal(15,2) DEFAULT NULL,
  `valor_recebido` decimal(15,2) DEFAULT NULL,
  `troco` decimal(15,2) DEFAULT NULL,
  `observacoes` text DEFAULT NULL,
  `status` varchar(255) DEFAULT NULL,
  `created_at` timestamp NULL DEFAULT NULL,
  `updated_at` timestamp NULL DEFAULT NULL,
  `deleted_at` timestamp NULL DEFAULT NULL,
  PRIMARY KEY (`id_venda`),
  KEY `vendas_id_empresa_index` (`id_empresa`),
  KEY `vendas_id_cliente_index` (`id_cliente`),
  KEY `vendas_id_usuario_index` (`id_usuario`),
  KEY `vendas_id_forma_pagamento_index` (`id_forma_pagamento`),
  CONSTRAINT `vendas_id_cliente_foreign` FOREIGN KEY (`id_cliente`) REFERENCES `clientes` (`id_clientes`) ON DELETE SET NULL,
  CONSTRAINT `vendas_id_empresa_foreign` FOREIGN KEY (`id_empresa`) REFERENCES `empresa` (`id_empresa`) ON DELETE SET NULL
) ENGINE=InnoDB AUTO_INCREMENT=2 DEFAULT CHARSET=utf8mb4 COLLATE=utf8mb4_unicode_ci;

--
-- Dumping data for table `vendas`
--

INSERT INTO `vendas` VALUES
(1,1,NULL,5,2,1,'2026-03-13 19:23:25',50.00,2.50,0.00,47.50,47.50,0.00,NULL,'finalizada','2026-03-13 19:23:25','2026-03-13 19:23:25',NULL);

--
-- Dumping events for database 'gestornow'
--

--
-- Dumping routines for database 'gestornow'
--


